000
CDUS43 KMPX 121008
CLIMSP


CLIMATE REPORT
NATIONAL WEATHER SERVICE CHANHASSEN MN
408 AM CST FRI DEC 12 2014


...................................

...THE TWIN CITIES MN CLIMATE SUMMARY FOR DECEMBER 11 2014...

CLIMATE NORMAL PERIOD 1981 TO 2010
CLIMATE RECORD PERIOD 1871 TO 2014


WEATHER ITEM   OBSERVED TIME   RECORD YEAR NORMAL DEPARTURE LAST
                VALUE   (LST)  VALUE       VALUE  FROM      YEAR
                                                  NORMAL
..................................................................
TEMPERATURE (F)
 YESTERDAY
  MAXIMUM         32   1159 PM  56    1913  28      4        5
  MINIMUM         27   1005 AM -14    1972  14     13       -8
  AVERAGE         30                        21      9       -1

PRECIPITATION (IN)
  YESTERDAY        0.00          1.16 2010   0.04  -0.04     0.00
  MONTH TO DATE    0.01                      0.46  -0.45     0.85
  SINCE DEC 1      0.01                      0.46  -0.45     0.85
  SINCE JAN 1     34.55                     29.91   4.64    32.16

SNOWFALL (IN)
  YESTERDAY        0.0          16.3  2010   0.4   -0.4      0.0
  MONTH TO DATE    0.1                       4.5   -4.4      8.1
  SINCE DEC 1      0.1                       4.5   -4.4      8.1
  SINCE JUL 1      9.5                      14.4   -4.9      9.2
  SNOW DEPTH       1

DEGREE DAYS
 HEATING
  YESTERDAY       35                        44     -9       66
  MONTH TO DATE  476                       463     13      578
  SINCE DEC 1    476                       463     13      578
  SINCE JUL 1   2269                      2082    187     2079

 COOLING
  YESTERDAY        0                         0      0        0
  MONTH TO DATE    0                         0      0        0
  SINCE DEC 1      0                         0      0        0
  SINCE JAN 1    759                       753      6      983
..................................................................


WIND (MPH)
  HIGHEST WIND SPEED    10   HIGHEST WIND DIRECTION    SW (230)
  HIGHEST GUST SPEED    13   HIGHEST GUST DIRECTION    SW (220)
  AVERAGE WIND SPEED     6.0


SKY COVER
  POSSIBLE SUNSHINE  MM
  AVERAGE SKY COVER 1.0


WEATHER CONDITIONS
 THE FOLLOWING WEATHER WAS RECORDED YESTERDAY.
  FOG
  HAZE


RELATIVE HUMIDITY (PERCENT)
 HIGHEST    92           300 AM
 LOWEST     84          1200 AM
 AVERAGE    88

..........................................................


THE TWIN CITIES MN CLIMATE NORMALS FOR TODAY
                         NORMAL    RECORD    YEAR
 MAXIMUM TEMPERATURE (F)   28        53      1968
                                             1883
 MINIMUM TEMPERATURE (F)   13       -15      1879


SUNRISE AND SUNSET
DECEMBER 12 2014......SUNRISE   741 AM CST   SUNSET   432 PM CST
DECEMBER 13 2014......SUNRISE   742 AM CST   SUNSET   432 PM CST


-  INDICATES NEGATIVE NUMBERS.
R  INDICATES RECORD WAS SET OR TIED.
MM INDICATES DATA IS MISSING.
T  INDICATES TRACE AMOUNT.




$$
