000
CDUS43 KMPX 110022
CLIMSP


CLIMATE REPORT
NATIONAL WEATHER SERVICE CHANHASSEN MN
621 PM CST FRI FEB 10 2017


...................................

...THE TWIN CITIES MN CLIMATE SUMMARY FOR FEBRUARY 10 2017...
VALID TODAY AS OF 0600 PM LOCAL TIME.

CLIMATE NORMAL PERIOD 1981 TO 2010
CLIMATE RECORD PERIOD 1871 TO 2017


WEATHER ITEM   OBSERVED TIME   RECORD YEAR NORMAL DEPARTURE LAST
                VALUE   (LST)  VALUE       VALUE  FROM      YEAR
                                                  NORMAL
..................................................................
TEMPERATURE (F)
 TODAY
  MAXIMUM         46    536 PM  49    1877  27     19       13
  MINIMUM         20    436 AM -24    1885  11      9        3
  AVERAGE         33                        19     14        8

PRECIPITATION (IN)
  TODAY            0.00          0.62 2013   0.03  -0.03     0.00
  MONTH TO DATE    0.01                      0.23  -0.22     0.60
  SINCE DEC 1      3.13                      2.29   0.84     3.23
  SINCE JAN 1      0.99                      1.13  -0.14     0.91

SNOWFALL (IN)
  TODAY            0.0           4.3  1953   0.3   -0.3      0.0
  MONTH TO DATE    0.3                       2.7   -2.4     10.1
  SINCE DEC 1     24.5                      26.8   -2.3     23.7
  SINCE JUL 1     26.8                      36.7   -9.9     28.8
  SNOW DEPTH       T

DEGREE DAYS
 HEATING
  TODAY           32                        46    -14       57
  MONTH TO DATE  450                       471    -21      448
  SINCE DEC 1   3168                      3406   -238     2982
  SINCE JUL 1   4212                      5025   -813     4157

 COOLING
  TODAY            0                         0      0        0
  MONTH TO DATE    0                         0      0        0
  SINCE DEC 1      0                         0      0        0
  SINCE JAN 1      0                         0      0        0
..................................................................


WIND (MPH)
  HIGHEST WIND SPEED    18   HIGHEST WIND DIRECTION     S (170)
  HIGHEST GUST SPEED    24   HIGHEST GUST DIRECTION     S (160)
  AVERAGE WIND SPEED    11.2


SKY COVER
  POSSIBLE SUNSHINE  MM
  AVERAGE SKY COVER 0.7


WEATHER CONDITIONS
 THE FOLLOWING WEATHER WAS RECORDED TODAY.
  NO SIGNIFICANT WEATHER WAS OBSERVED.


RELATIVE HUMIDITY (PERCENT)
 HIGHEST    68           700 AM
 LOWEST     45           200 PM
 AVERAGE    57

..........................................................


THE TWIN CITIES MN CLIMATE NORMALS FOR TOMORROW
                         NORMAL    RECORD    YEAR
 MAXIMUM TEMPERATURE (F)   28        57      1882
 MINIMUM TEMPERATURE (F)   11       -31      1899


SUNRISE AND SUNSET
FEBRUARY 10 2017......SUNRISE   720 AM CST   SUNSET   534 PM CST
FEBRUARY 11 2017......SUNRISE   719 AM CST   SUNSET   536 PM CST


-  INDICATES NEGATIVE NUMBERS.
R  INDICATES RECORD WAS SET OR TIED.
MM INDICATES DATA IS MISSING.
T  INDICATES TRACE AMOUNT.




$$
