000
CDUS43 KMPX 090027
CLIMSP


CLIMATE REPORT
NATIONAL WEATHER SERVICE CHANHASSEN MN
727 PM CDT TUE APR 8 2014


...................................

...THE TWIN CITIES MN CLIMATE SUMMARY FOR APRIL 8 2014...
VALID TODAY AS OF 0700 PM LOCAL TIME.

CLIMATE NORMAL PERIOD 1981 TO 2010
CLIMATE RECORD PERIOD 1871 TO 2014


WEATHER ITEM   OBSERVED TIME   RECORD YEAR NORMAL DEPARTURE LAST
                VALUE   (LST)  VALUE       VALUE  FROM      YEAR
                                                  NORMAL
..................................................................
TEMPERATURE (F)
 TODAY
  MAXIMUM         54    159 PM  83    1931  54      0       48
  MINIMUM         34    617 AM   9    1997  34      0       40
  AVERAGE         44                        44      0       44

PRECIPITATION (IN)
  TODAY            0.00          0.73 1906   0.08  -0.08     0.52
  MONTH TO DATE    0.81                      0.60   0.21     0.87
  SINCE MAR 1      1.63                      2.49  -0.86     2.91
  SINCE JAN 1      4.46                      4.16   0.30     5.10

SNOWFALL (IN)
  TODAY            0.0           5.0  1980   0.1   -0.1      0.0
  MONTH TO DATE    6.7                       0.9    5.8       T
  SINCE MAR 1     11.4                      11.2    0.2     13.8
  SINCE JUL 1     69.5                      52.9   16.6     49.3
  SNOW DEPTH       0

DEGREE DAYS
 HEATING
  TODAY           21                        21      0       21
  MONTH TO DATE  211                       184     27      216
  SINCE MAR 1   1428                      1182    246     1382
  SINCE JUL 1   7881                      6972    909     6916

 COOLING
  TODAY            0                         0      0        0
  MONTH TO DATE    0                         0      0        0
  SINCE MAR 1      0                         0      0        0
  SINCE JAN 1      0                         0      0        0
..................................................................


WIND (MPH)
  HIGHEST WIND SPEED    22   HIGHEST WIND DIRECTION    NW (320)
  HIGHEST GUST SPEED    27   HIGHEST GUST DIRECTION     N (350)
  AVERAGE WIND SPEED    12.9


SKY COVER
  POSSIBLE SUNSHINE  MM
  AVERAGE SKY COVER 0.1


WEATHER CONDITIONS
 THE FOLLOWING WEATHER WAS RECORDED TODAY.
  NO SIGNIFICANT WEATHER WAS OBSERVED.


RELATIVE HUMIDITY (PERCENT)
 HIGHEST    70           700 AM
 LOWEST     32           500 PM
 AVERAGE    51

..........................................................


THE TWIN CITIES MN CLIMATE NORMALS FOR TOMORROW
                         NORMAL    RECORD    YEAR
 MAXIMUM TEMPERATURE (F)   55        81      1930
 MINIMUM TEMPERATURE (F)   34        15      1997


SUNRISE AND SUNSET
APRIL  8 2014.........SUNRISE   641 AM CDT   SUNSET   749 PM CDT
APRIL  9 2014.........SUNRISE   639 AM CDT   SUNSET   751 PM CDT


-  INDICATES NEGATIVE NUMBERS.
R  INDICATES RECORD WAS SET OR TIED.
MM INDICATES DATA IS MISSING.
T  INDICATES TRACE AMOUNT.




$$
