000
CDUS43 KMPX 080052
CLIMSP


CLIMATE REPORT
NATIONAL WEATHER SERVICE CHANHASSEN MN
752 PM CDT FRI JUL 7 2017


...................................

...THE TWIN CITIES MN CLIMATE SUMMARY FOR JULY 7 2017...
VALID TODAY AS OF 0700 PM LOCAL TIME.

CLIMATE NORMAL PERIOD 1981 TO 2010
CLIMATE RECORD PERIOD 1871 TO 2017


WEATHER ITEM   OBSERVED TIME   RECORD YEAR NORMAL DEPARTURE LAST
                VALUE   (LST)  VALUE       VALUE  FROM      YEAR
                                                  NORMAL
..................................................................
TEMPERATURE (F)
 TODAY
  MAXIMUM         84    146 PM 101    1936  84      0       85
  MINIMUM         68    535 AM  44    1891  64      4       69
  AVERAGE         76                        74      2       77

PRECIPITATION (IN)
  TODAY            0.00          3.00 1955   0.13  -0.13     0.07
  MONTH TO DATE    0.01                      0.89  -0.88     1.28
  SINCE JUN 1      4.24                      5.14  -0.90     5.77
  SINCE JAN 1     15.79                     14.72   1.07    14.69

SNOWFALL (IN)
  TODAY            0.0           0.0    MM   0.0    0.0      0.0
  MONTH TO DATE    0.0                       0.0    0.0      0.0
  SINCE JUN 1      T                         0.0    0.0      0.0
  SINCE JUL 1      0.0                       0.0    0.0      0.0
  SNOW DEPTH       0

DEGREE DAYS
 HEATING
  TODAY            0                         0      0        0
  MONTH TO DATE    0                         0      0        1
  SINCE JUN 1     12                        44    -32        8
  SINCE JUL 1      0                         0      0        1

 COOLING
  TODAY           11                         9      2       12
  MONTH TO DATE   80                        61     19       54
  SINCE JUN 1    290                       219     71      257
  SINCE JAN 1    311                       261     50      333
..................................................................


WIND (MPH)
  HIGHEST WIND SPEED    24   HIGHEST WIND DIRECTION    NW (330)
  HIGHEST GUST SPEED    30   HIGHEST GUST DIRECTION    NW (300)
  AVERAGE WIND SPEED    13.1


SKY COVER
  POSSIBLE SUNSHINE  MM
  AVERAGE SKY COVER 0.3


WEATHER CONDITIONS
 THE FOLLOWING WEATHER WAS RECORDED TODAY.
  NO SIGNIFICANT WEATHER WAS OBSERVED.


RELATIVE HUMIDITY (PERCENT)
 HIGHEST    63           500 AM
 LOWEST     37           100 PM
 AVERAGE    50

..........................................................


THE TWIN CITIES MN CLIMATE NORMALS FOR TOMORROW
                         NORMAL    RECORD    YEAR
 MAXIMUM TEMPERATURE (F)   84       101      1974
                                             1936
 MINIMUM TEMPERATURE (F)   64        51      1958


SUNRISE AND SUNSET
JULY  7 2017..........SUNRISE   535 AM CDT   SUNSET   901 PM CDT
JULY  8 2017..........SUNRISE   535 AM CDT   SUNSET   900 PM CDT


-  INDICATES NEGATIVE NUMBERS.
R  INDICATES RECORD WAS SET OR TIED.
MM INDICATES DATA IS MISSING.
T  INDICATES TRACE AMOUNT.




$$
