000
CDUS43 KMPX 240640
CLIMSP


CLIMATE REPORT
NATIONAL WEATHER SERVICE CHANHASSEN MN
138 AM CDT WED JUN 24 2015


...................................

...THE TWIN CITIES MN CLIMATE SUMMARY FOR JUNE 23 2015...

CLIMATE NORMAL PERIOD 1981 TO 2010
CLIMATE RECORD PERIOD 1871 TO 2015


WEATHER ITEM   OBSERVED TIME   RECORD YEAR NORMAL DEPARTURE LAST
                VALUE   (LST)  VALUE       VALUE  FROM      YEAR
                                                  NORMAL
..................................................................
TEMPERATURE (F)
 YESTERDAY
  MAXIMUM         79    609 PM  99    1937  81     -2       83
                                      1922
  MINIMUM         60    454 AM  44    1972  61     -1       66
  AVERAGE         70                        71     -1       75

PRECIPITATION (IN)
  YESTERDAY        0.00          2.52 1873   0.15  -0.15     0.00
  MONTH TO DATE    4.12                      3.23   0.89    10.85
  SINCE JUN 1      4.12                      3.23   0.89    10.85
  SINCE JAN 1     11.45                     12.81  -1.36    25.32

SNOWFALL (IN)
  YESTERDAY        0.0           0.0    MM   0.0    0.0      0.0
  MONTH TO DATE    0.0                       0.0    0.0      0.0
  SINCE JUN 1      0.0                       0.0    0.0      0.0
  SINCE JUL 1     32.4                      54.4  -22.0     69.8
  SNOW DEPTH       0

DEGREE DAYS
 HEATING
  YESTERDAY        0                         1     -1        0
  MONTH TO DATE    7                        42    -35       20
  SINCE JUN 1      7                        42    -35       20
  SINCE JUL 1   7528                      7578    -50     8596

 COOLING
  YESTERDAY        5                         7     -2       10
  MONTH TO DATE  107                       105      2      108
  SINCE JUN 1    107                       105      2      108
  SINCE JAN 1    134                       147    -13      160
..................................................................


WIND (MPH)
  HIGHEST WIND SPEED    15   HIGHEST WIND DIRECTION    SW (230)
  HIGHEST GUST SPEED    19   HIGHEST GUST DIRECTION    NW (310)
  AVERAGE WIND SPEED     7.3


SKY COVER
  POSSIBLE SUNSHINE  MM
  AVERAGE SKY COVER 0.2


WEATHER CONDITIONS
 THE FOLLOWING WEATHER WAS RECORDED YESTERDAY.
  NO SIGNIFICANT WEATHER WAS OBSERVED.


RELATIVE HUMIDITY (PERCENT)
 HIGHEST    78           400 AM
 LOWEST     39           100 PM
 AVERAGE    59

..........................................................


THE TWIN CITIES MN CLIMATE NORMALS FOR TODAY
                         NORMAL    RECORD    YEAR
 MAXIMUM TEMPERATURE (F)   82       101      1988
 MINIMUM TEMPERATURE (F)   62        44      1972


SUNRISE AND SUNSET
JUNE 24 2015..........SUNRISE   527 AM CDT   SUNSET   903 PM CDT
JUNE 25 2015..........SUNRISE   528 AM CDT   SUNSET   903 PM CDT


-  INDICATES NEGATIVE NUMBERS.
R  INDICATES RECORD WAS SET OR TIED.
MM INDICATES DATA IS MISSING.
T  INDICATES TRACE AMOUNT.




$$
