000
CDUS43 KMPX 220020
CLIMSP


CLIMATE REPORT
NATIONAL WEATHER SERVICE CHANHASSEN MN
620 PM CST SUN JAN 21 2018


...................................

...THE TWIN CITIES MN CLIMATE SUMMARY FOR JANUARY 21 2018...
VALID TODAY AS OF 0600 PM LOCAL TIME.

CLIMATE NORMAL PERIOD 1981 TO 2010
CLIMATE RECORD PERIOD 1871 TO 2018


WEATHER ITEM   OBSERVED TIME   RECORD YEAR NORMAL DEPARTURE LAST
                VALUE   (LST)  VALUE       VALUE  FROM      YEAR
                                                  NORMAL
..................................................................
TEMPERATURE (F)
 TODAY
  MAXIMUM         39    133 PM  48    1900  24     15       38
  MINIMUM         32    511 AM -41    1888   7     25       35
  AVERAGE         36                        15     21       37

PRECIPITATION (IN)
  TODAY            0.00          0.81 1917   0.03  -0.03     0.01
  MONTH TO DATE    0.38                      0.63  -0.25     0.77
  SINCE DEC 1      1.17                      1.79  -0.62     2.91
  SINCE JAN 1      0.38                      0.63  -0.25     0.77

SNOWFALL (IN)
  TODAY            0.0          15.8  1917   0.4   -0.4      0.0
  MONTH TO DATE    5.8                       8.4   -2.6      5.6
  SINCE DEC 1     12.2                      20.3   -8.1     21.4
  SINCE JUL 1     12.9                      30.2  -17.3     23.7
  SNOW DEPTH       1

DEGREE DAYS
 HEATING
  TODAY           29                        50    -21       28
  MONTH TO DATE 1067                      1043     24     1009
  SINCE DEC 1   2490                      2447     43     2367
  SINCE JUL 1   3900                      4066   -166     3411

 COOLING
  TODAY            0                         0      0        0
  MONTH TO DATE    0                         0      0        0
  SINCE DEC 1      0                         0      0        0
  SINCE JAN 1      0                         0      0        0
..................................................................


WIND (MPH)
  HIGHEST WIND SPEED    12   HIGHEST WIND DIRECTION     N (10)
  HIGHEST GUST SPEED    23   HIGHEST GUST DIRECTION    NE (30)
  AVERAGE WIND SPEED     4.5


SKY COVER
  POSSIBLE SUNSHINE  MM
  AVERAGE SKY COVER 1.0


WEATHER CONDITIONS
 THE FOLLOWING WEATHER WAS RECORDED TODAY.
  NO SIGNIFICANT WEATHER WAS OBSERVED.


RELATIVE HUMIDITY (PERCENT)
 HIGHEST    96          1200 AM
 LOWEST     70           100 PM
 AVERAGE    83

..........................................................


THE TWIN CITIES MN CLIMATE NORMALS FOR TOMORROW
                         NORMAL    RECORD    YEAR
 MAXIMUM TEMPERATURE (F)   24        51      1942
                                             1900
 MINIMUM TEMPERATURE (F)    7       -34      1936


SUNRISE AND SUNSET
JANUARY 21 2018.......SUNRISE   743 AM CST   SUNSET   506 PM CST
JANUARY 22 2018.......SUNRISE   742 AM CST   SUNSET   507 PM CST


-  INDICATES NEGATIVE NUMBERS.
R  INDICATES RECORD WAS SET OR TIED.
MM INDICATES DATA IS MISSING.
T  INDICATES TRACE AMOUNT.




$$
