002
CDUS43 KMPX 280625
CLIMSP


CLIMATE REPORT
NATIONAL WEATHER SERVICE CHANHASSEN MN
125 AM CDT TUE MAR 28 2017


...................................

...THE TWIN CITIES MN CLIMATE SUMMARY FOR MARCH 27 2017...

CLIMATE NORMAL PERIOD 1981 TO 2010
CLIMATE RECORD PERIOD 1871 TO 2017


WEATHER ITEM   OBSERVED TIME   RECORD YEAR NORMAL DEPARTURE LAST
                VALUE   (LST)  VALUE       VALUE  FROM      YEAR
                                                  NORMAL
..................................................................
TEMPERATURE (F)
 YESTERDAY
  MAXIMUM         61    338 PM  75    1946  47     14       43
  MINIMUM         37    339 AM   5    1921  29      8       31
  AVERAGE         49                        38     11       37

PRECIPITATION (IN)
  YESTERDAY        T             1.52 1998   0.07  -0.07     0.07
  MONTH TO DATE    0.66                      1.61  -0.95     1.54
  SINCE MAR 1      0.66                      1.61  -0.95     1.54
  SINCE JAN 1      2.28                      3.28  -1.00     2.94

SNOWFALL (IN)
  YESTERDAY        0.0           5.6  1965   0.2   -0.2      0.0
  MONTH TO DATE    4.7                       9.5   -4.8      5.4
  SINCE MAR 1      4.7                       9.5   -4.8      5.4
  SINCE JUL 1     31.5                      51.2  -19.7     36.2
  SNOW DEPTH       0

DEGREE DAYS
 HEATING
  YESTERDAY       16                        27    -11       28
  MONTH TO DATE  881                       895    -14      657
  SINCE MAR 1    881                       895    -14      657
  SINCE JUL 1   5582                      6685  -1103     5522

 COOLING
  YESTERDAY        0                         0      0        0
  MONTH TO DATE    0                         0      0        0
  SINCE MAR 1      0                         0      0        0
  SINCE JAN 1      0                         0      0        0
..................................................................


WIND (MPH)
  HIGHEST WIND SPEED    12   HIGHEST WIND DIRECTION    NE (30)
  HIGHEST GUST SPEED    17   HIGHEST GUST DIRECTION    NE (40)
  AVERAGE WIND SPEED     4.9


SKY COVER
  POSSIBLE SUNSHINE  MM
  AVERAGE SKY COVER 0.6


WEATHER CONDITIONS
 THE FOLLOWING WEATHER WAS RECORDED YESTERDAY.
  LIGHT RAIN
  FOG


RELATIVE HUMIDITY (PERCENT)
 HIGHEST    85          1200 AM
 LOWEST     33           300 PM
 AVERAGE    59

..........................................................


THE TWIN CITIES MN CLIMATE NORMALS FOR TODAY
                         NORMAL    RECORD    YEAR
 MAXIMUM TEMPERATURE (F)   48        78      1946
 MINIMUM TEMPERATURE (F)   29        -1      1923


SUNRISE AND SUNSET
MARCH 28 2017.........SUNRISE   700 AM CDT   SUNSET   736 PM CDT
MARCH 29 2017.........SUNRISE   659 AM CDT   SUNSET   737 PM CDT


-  INDICATES NEGATIVE NUMBERS.
R  INDICATES RECORD WAS SET OR TIED.
MM INDICATES DATA IS MISSING.
T  INDICATES TRACE AMOUNT.




$$
