000
CDUS43 KMPX 280749
CLIMSP


CLIMATE REPORT
NATIONAL WEATHER SERVICE CHANHASSEN MN
247 AM CDT MON JUL 28 2014


...................................

...THE TWIN CITIES MN CLIMATE SUMMARY FOR JULY 27 2014...

CLIMATE NORMAL PERIOD 1981 TO 2010
CLIMATE RECORD PERIOD 1871 TO 2014


WEATHER ITEM   OBSERVED TIME   RECORD YEAR NORMAL DEPARTURE LAST
                VALUE   (LST)  VALUE       VALUE  FROM      YEAR
                                                  NORMAL
..................................................................
TEMPERATURE (F)
 YESTERDAY
  MAXIMUM         78    306 PM 104    1931  83     -5       64
  MINIMUM         65   1159 PM  49    1971  64      1       53
                                      1962
  AVERAGE         72                        74     -2       59

PRECIPITATION (IN)
  YESTERDAY        0.03          6.35 1892   0.13  -0.10     0.02
  MONTH TO DATE    2.27                      3.49  -1.22     3.51
  SINCE JUN 1     13.63                      7.74   5.89     8.68
  SINCE JAN 1     28.10                     17.32  10.78    24.37

SNOWFALL (IN)
  YESTERDAY        0.0           0.0    MM   0.0    0.0      0.0
  MONTH TO DATE    0.0                       0.0    0.0      0.0
  SINCE JUN 1      0.0                       0.0    0.0       T
  SINCE JUL 1      0.0                       0.0    0.0      0.0
  SNOW DEPTH       0

DEGREE DAYS
 HEATING
  YESTERDAY        0                         0      0        6
  MONTH TO DATE    7                         0      7        7
  SINCE JUN 1     28                        44    -16       49
  SINCE JUL 1      7                         0      7        7

 COOLING
  YESTERDAY        7                         9     -2        0
  MONTH TO DATE  191                       241    -50      307
  SINCE JUN 1    353                       399    -46      471
  SINCE JAN 1    405                       441    -36      524
..................................................................


WIND (MPH)
  HIGHEST WIND SPEED    25   HIGHEST WIND DIRECTION     W (290)
  HIGHEST GUST SPEED    35   HIGHEST GUST DIRECTION     W (290)
  AVERAGE WIND SPEED    14.3


SKY COVER
  POSSIBLE SUNSHINE  MM
  AVERAGE SKY COVER 0.6


WEATHER CONDITIONS
 THE FOLLOWING WEATHER WAS RECORDED YESTERDAY.
  NO SIGNIFICANT WEATHER WAS OBSERVED.


RELATIVE HUMIDITY (PERCENT)
 HIGHEST    78          1100 PM
 LOWEST     50           100 PM
 AVERAGE    64

..........................................................


THE TWIN CITIES MN CLIMATE NORMALS FOR TODAY
                         NORMAL    RECORD    YEAR
 MAXIMUM TEMPERATURE (F)   83       100      1955
 MINIMUM TEMPERATURE (F)   64        50      1981


SUNRISE AND SUNSET
JULY 28 2014..........SUNRISE   554 AM CDT   SUNSET   844 PM CDT
JULY 29 2014..........SUNRISE   555 AM CDT   SUNSET   843 PM CDT


-  INDICATES NEGATIVE NUMBERS.
R  INDICATES RECORD WAS SET OR TIED.
MM INDICATES DATA IS MISSING.
T  INDICATES TRACE AMOUNT.




$$
