000
CDUS43 KMPX 012202
CLIMSP


CLIMATE REPORT
NATIONAL WEATHER SERVICE CHANHASSEN MN
502 PM CDT MON JUN 1 2015


...................................

...THE TWIN CITIES MN CLIMATE SUMMARY FOR JUNE 1 2015...
VALID AS OF 0500 PM LOCAL TIME.

CLIMATE NORMAL PERIOD 1981 TO 2010
CLIMATE RECORD PERIOD 1871 TO 2015


WEATHER ITEM   OBSERVED TIME   RECORD YEAR NORMAL DEPARTURE LAST
                VALUE   (LST)  VALUE       VALUE  FROM      YEAR
                                                  NORMAL
..................................................................
TEMPERATURE (F)
 TODAY
  MAXIMUM         68    300 PM  92    1939  74     -6       72
  MINIMUM         52        MM  37    1946  54     -2       65
  AVERAGE         60                        64     -4       69

PRECIPITATION (IN)
  TODAY            0.00          2.37 2014   0.12  -0.12     2.37
  MONTH TO DATE    0.00                      0.12  -0.12     2.37
  SINCE JUN 1      0.00                      0.12  -0.12     2.37
  SINCE JAN 1      7.33                      9.70  -2.37    16.84

SNOWFALL (IN)
  TODAY            0.0           0.0    MM   0.0    0.0      0.0
  MONTH TO DATE    0.0                       0.0    0.0      0.0
  SINCE JUN 1      0.0                       0.0    0.0      0.0
  SINCE JUL 1     32.4                      54.4  -22.0     69.8
  SNOW DEPTH       0

DEGREE DAYS
 HEATING
  TODAY            5                         4      1        0
  MONTH TO DATE    5                         4      1        0
  SINCE JUN 1      5                         4      1        0
  SINCE JUL 1   7526                      7540    -14     8576

 COOLING
  TODAY            0                         3     -3        4
  MONTH TO DATE    0                         3     -3        4
  SINCE JUN 1      0                         3     -3        4
  SINCE JAN 1     27                        45    -18       56
..................................................................


WIND (MPH)
  HIGHEST WIND SPEED    18   HIGHEST WIND DIRECTION    SE (140)
  HIGHEST GUST SPEED    22   HIGHEST GUST DIRECTION    SE (130)
  AVERAGE WIND SPEED     9.3


SKY COVER
  POSSIBLE SUNSHINE  MM
  AVERAGE SKY COVER 0.6


WEATHER CONDITIONS
 THE FOLLOWING WEATHER WAS RECORDED TODAY.
  NO SIGNIFICANT WEATHER WAS OBSERVED.


RELATIVE HUMIDITY (PERCENT)
 HIGHEST    71           500 AM
 LOWEST     30           300 PM
 AVERAGE    51

..........................................................


THE TWIN CITIES MN CLIMATE NORMALS FOR TOMORROW
                         NORMAL    RECORD    YEAR
 MAXIMUM TEMPERATURE (F)   74        93      1940
 MINIMUM TEMPERATURE (F)   54        35      1946


SUNRISE AND SUNSET
JUNE  1 2015..........SUNRISE   530 AM CDT   SUNSET   852 PM CDT
JUNE  2 2015..........SUNRISE   529 AM CDT   SUNSET   853 PM CDT


-  INDICATES NEGATIVE NUMBERS.
R  INDICATES RECORD WAS SET OR TIED.
MM INDICATES DATA IS MISSING.
T  INDICATES TRACE AMOUNT.




$$
