000
CDUS43 KMPX 092131
CLIMSP


CLIMATE REPORT
NATIONAL WEATHER SERVICE CHANHASSEN MN
431 PM CDT WED APR 9 2014


...................................

...THE TWIN CITIES MN CLIMATE SUMMARY FOR APRIL 9 2014...
VALID AS OF 0400 PM LOCAL TIME.

CLIMATE NORMAL PERIOD 1981 TO 2010
CLIMATE RECORD PERIOD 1871 TO 2014


WEATHER ITEM   OBSERVED TIME   RECORD YEAR NORMAL DEPARTURE LAST
                VALUE   (LST)  VALUE       VALUE  FROM      YEAR
                                                  NORMAL
..................................................................
TEMPERATURE (F)
 TODAY
  MAXIMUM         69    250 PM  81    1930  55     14       44
  MINIMUM         35    436 AM  15    1997  34      1       31
  AVERAGE         52                        44      8       38

PRECIPITATION (IN)
  TODAY            0.00          0.75 1919   0.08  -0.08     0.48
  MONTH TO DATE    0.81                      0.68   0.13     1.35
  SINCE MAR 1      1.63                      2.57  -0.94     3.39
  SINCE JAN 1      4.46                      4.24   0.22     5.58

SNOWFALL (IN)
  TODAY            0.0           5.5  1894   0.1   -0.1      0.7
  MONTH TO DATE    6.7                       1.0    5.7      0.7
  SINCE MAR 1     11.4                      11.3    0.1     14.5
  SINCE JUL 1     69.5                      53.0   16.5     50.0
  SNOW DEPTH       0

DEGREE DAYS
 HEATING
  TODAY           13                        21     -8       27
  MONTH TO DATE  224                       205     19      243
  SINCE MAR 1   1441                      1203    238     1409
  SINCE JUL 1   7894                      6993    901     6943

 COOLING
  TODAY            0                         0      0        0
  MONTH TO DATE    0                         0      0        0
  SINCE MAR 1      0                         0      0        0
  SINCE JAN 1      0                         0      0        0
..................................................................


WIND (MPH)
  HIGHEST WIND SPEED    23   HIGHEST WIND DIRECTION    SW (220)
  HIGHEST GUST SPEED    33   HIGHEST GUST DIRECTION     S (200)
  AVERAGE WIND SPEED    10.6


SKY COVER
  POSSIBLE SUNSHINE  MM
  AVERAGE SKY COVER 0.6


WEATHER CONDITIONS
 THE FOLLOWING WEATHER WAS RECORDED TODAY.
  HAZE


RELATIVE HUMIDITY (PERCENT)
 HIGHEST    76           600 AM
 LOWEST     30          1100 AM
 AVERAGE    53

..........................................................


THE TWIN CITIES MN CLIMATE NORMALS FOR TOMORROW
                         NORMAL    RECORD    YEAR
 MAXIMUM TEMPERATURE (F)   55        88      1977
 MINIMUM TEMPERATURE (F)   35        18      1962


SUNRISE AND SUNSET
APRIL  9 2014.........SUNRISE   639 AM CDT   SUNSET   751 PM CDT
APRIL 10 2014.........SUNRISE   637 AM CDT   SUNSET   752 PM CDT


-  INDICATES NEGATIVE NUMBERS.
R  INDICATES RECORD WAS SET OR TIED.
MM INDICATES DATA IS MISSING.
T  INDICATES TRACE AMOUNT.




$$
