000
CDUS43 KMPX 152132
CLIMSP


CLIMATE REPORT
NATIONAL WEATHER SERVICE CHANHASSEN MN
432 PM CDT FRI APR 15 2016


...................................

...THE TWIN CITIES MN CLIMATE SUMMARY FOR APRIL 15 2016...
VALID TODAY AS OF 0400 PM LOCAL TIME.

CLIMATE NORMAL PERIOD 1981 TO 2010
CLIMATE RECORD PERIOD 1871 TO 2016


WEATHER ITEM   OBSERVED TIME   RECORD YEAR NORMAL DEPARTURE LAST
                VALUE   (LST)  VALUE       VALUE  FROM      YEAR
                                                  NORMAL
..................................................................
TEMPERATURE (F)
 TODAY
  MAXIMUM         77    259 PM  91    2002  58     19       70
  MINIMUM         48    603 AM  18    2014  37     11       45
                                      1935
                                      1875
  AVERAGE         63                        47     16       58

PRECIPITATION (IN)
  TODAY            0.00          1.19 2012   0.09  -0.09     0.00
  MONTH TO DATE    0.15                      1.20  -1.05     1.82
  SINCE MAR 1      2.41                      3.09  -0.68     2.49
  SINCE JAN 1      3.81                      4.76  -0.95     3.18

SNOWFALL (IN)
  TODAY            0.0           2.0  1961   0.1   -0.1      0.0
  MONTH TO DATE    0.5                       1.6   -1.1      0.3
  SINCE MAR 1      5.9                      11.9   -6.0      7.1
  SINCE JUL 1     36.7                      53.6  -16.9     32.4
  SNOW DEPTH       0

DEGREE DAYS
 HEATING
  TODAY            2                        18    -16        7
  MONTH TO DATE  346                       319     27      250
  SINCE MAR 1   1074                      1317   -243     1156
  SINCE JUL 1   5939                      7107  -1168     7121

 COOLING
  TODAY            0                         0      0        0
  MONTH TO DATE    0                         0      0        0
  SINCE MAR 1      0                         0      0        0
  SINCE JAN 1      0                         0      0        0
..................................................................


WIND (MPH)
  HIGHEST WIND SPEED    29   HIGHEST WIND DIRECTION    SE (150)
  HIGHEST GUST SPEED    37   HIGHEST GUST DIRECTION    SE (140)
  AVERAGE WIND SPEED    13.8


SKY COVER
  POSSIBLE SUNSHINE  MM
  AVERAGE SKY COVER 0.3


WEATHER CONDITIONS
 THE FOLLOWING WEATHER WAS RECORDED TODAY.
  NO SIGNIFICANT WEATHER WAS OBSERVED.


RELATIVE HUMIDITY (PERCENT)
 HIGHEST    50           500 AM
 LOWEST     27           100 PM
 AVERAGE    39

..........................................................


THE TWIN CITIES MN CLIMATE NORMALS FOR TOMORROW
                         NORMAL    RECORD    YEAR
 MAXIMUM TEMPERATURE (F)   58        88      1964
 MINIMUM TEMPERATURE (F)   38        10      1875


SUNRISE AND SUNSET
APRIL 15 2016.........SUNRISE   627 AM CDT   SUNSET   759 PM CDT
APRIL 16 2016.........SUNRISE   626 AM CDT   SUNSET   800 PM CDT


-  INDICATES NEGATIVE NUMBERS.
R  INDICATES RECORD WAS SET OR TIED.
MM INDICATES DATA IS MISSING.
T  INDICATES TRACE AMOUNT.




$$
