000
CDUS43 KMPX 010628
CLIMSP


CLIMATE REPORT
NATIONAL WEATHER SERVICE CHANHASSEN MN
128 AM CDT WED NOV 1 2017


...................................

...THE TWIN CITIES MN CLIMATE SUMMARY FOR OCTOBER 31 2017...

CLIMATE NORMAL PERIOD 1981 TO 2010
CLIMATE RECORD PERIOD 1871 TO 2017


WEATHER ITEM   OBSERVED TIME   RECORD YEAR NORMAL DEPARTURE LAST
                VALUE   (LST)  VALUE       VALUE  FROM      YEAR
                                                  NORMAL
..................................................................
TEMPERATURE (F)
 YESTERDAY
  MAXIMUM         35    229 PM  83    1950  51    -16       58
  MINIMUM         27   1159 PM  15    1878  34     -7       42
  AVERAGE         31                        42    -11       50

PRECIPITATION (IN)
  YESTERDAY        0.00          0.85 1991   0.06  -0.06      T
  MONTH TO DATE    4.49                      2.43   2.06     3.41
  SINCE SEP 1      5.53                      5.51   0.02     8.88
  SINCE JAN 1     31.18                     27.68   3.50    35.20

SNOWFALL (IN)
  YESTERDAY        0.0           8.2  1991   0.1   -0.1      0.0
  MONTH TO DATE    0.1                       0.6   -0.5      0.0
  SINCE SEP 1      0.1                       0.6   -0.5       T
  SINCE JUL 1      0.1                       0.6   -0.5       T
  SNOW DEPTH       0

DEGREE DAYS
 HEATING
  YESTERDAY       34                        23     11       15
  MONTH TO DATE  417                       506    -89      369
  SINCE SEP 1    482                       661   -179      419
  SINCE JUL 1    489                       680   -191      422

 COOLING
  YESTERDAY        0                         0      0        0
  MONTH TO DATE    1                         6     -5        2
  SINCE SEP 1    142                        72     70       93
  SINCE JAN 1    830                       753     77      964
..................................................................


WIND (MPH)
  HIGHEST WIND SPEED    21   HIGHEST WIND DIRECTION    NW (310)
  HIGHEST GUST SPEED    27   HIGHEST GUST DIRECTION    NW (300)
  AVERAGE WIND SPEED     9.1


SKY COVER
  POSSIBLE SUNSHINE  MM
  AVERAGE SKY COVER 0.9


WEATHER CONDITIONS
 THE FOLLOWING WEATHER WAS RECORDED YESTERDAY.
  NO SIGNIFICANT WEATHER WAS OBSERVED.


RELATIVE HUMIDITY (PERCENT)
 HIGHEST    69          1200 AM
 LOWEST     47           300 PM
 AVERAGE    58

..........................................................


THE TWIN CITIES MN CLIMATE NORMALS FOR TODAY
                         NORMAL    RECORD    YEAR
 MAXIMUM TEMPERATURE (F)   50        77      1933
 MINIMUM TEMPERATURE (F)   34        10      1951


SUNRISE AND SUNSET
NOVEMBER  1 2017......SUNRISE   751 AM CDT   SUNSET   601 PM CDT
NOVEMBER  2 2017......SUNRISE   753 AM CDT   SUNSET   559 PM CDT


-  INDICATES NEGATIVE NUMBERS.
R  INDICATES RECORD WAS SET OR TIED.
MM INDICATES DATA IS MISSING.
T  INDICATES TRACE AMOUNT.




$$
