000
CDUS43 KMPX 040636
CLIMSP


CLIMATE REPORT
NATIONAL WEATHER SERVICE CHANHASSEN MN
1234 AM CST THU JAN 4 2018


...................................

...THE TWIN CITIES MN CLIMATE SUMMARY FOR JANUARY 3 2018...

CLIMATE NORMAL PERIOD 1981 TO 2010
CLIMATE RECORD PERIOD 1871 TO 2018


WEATHER ITEM   OBSERVED TIME   RECORD YEAR NORMAL DEPARTURE LAST
                VALUE   (LST)  VALUE       VALUE  FROM      YEAR
                                                  NORMAL
..................................................................
TEMPERATURE (F)
 YESTERDAY
  MAXIMUM         11   1207 AM  46    1880  24    -13       32
  MINIMUM         -3   1159 PM -26    1887   8    -11        2
  AVERAGE          4                        16    -12       17

PRECIPITATION (IN)
  YESTERDAY        0.00          0.76 1906   0.04  -0.04      T
  MONTH TO DATE    T                         0.10  -0.10     0.02
  SINCE DEC 1      0.79                      1.26  -0.47     2.16
  SINCE JAN 1      T                         0.10  -0.10     0.02

SNOWFALL (IN)
  YESTERDAY        0.0           9.0  1906   0.3   -0.3       T
  MONTH TO DATE    0.1                       1.1   -1.0       T
  SINCE DEC 1      6.5                      13.0   -6.5     15.8
  SINCE JUL 1      7.2                      22.9  -15.7     18.1
  SNOW DEPTH       3

DEGREE DAYS
 HEATING
  YESTERDAY       61                        49     12       48
  MONTH TO DATE  194                       147     47      120
  SINCE DEC 1   1617                      1551     66     1478
  SINCE JUL 1   3027                      3170   -143     2522

 COOLING
  YESTERDAY        0                         0      0        0
  MONTH TO DATE    0                         0      0        0
  SINCE DEC 1      0                         0      0        0
  SINCE JAN 1      0                         0      0        0
..................................................................


WIND (MPH)
  HIGHEST WIND SPEED    23   HIGHEST WIND DIRECTION    NW (320)
  HIGHEST GUST SPEED    29   HIGHEST GUST DIRECTION    NW (320)
  AVERAGE WIND SPEED    11.0


SKY COVER
  POSSIBLE SUNSHINE  MM
  AVERAGE SKY COVER 0.2


WEATHER CONDITIONS
 THE FOLLOWING WEATHER WAS RECORDED YESTERDAY.
  HAZE


RELATIVE HUMIDITY (PERCENT)
 HIGHEST    79           400 AM
 LOWEST     66           100 PM
 AVERAGE    73

..........................................................


THE TWIN CITIES MN CLIMATE NORMALS FOR TODAY
                         NORMAL    RECORD    YEAR
 MAXIMUM TEMPERATURE (F)   24        41      2007
                                             1898
 MINIMUM TEMPERATURE (F)    8       -32      1884


SUNRISE AND SUNSET
JANUARY  4 2018.......SUNRISE   751 AM CST   SUNSET   445 PM CST
JANUARY  5 2018.......SUNRISE   751 AM CST   SUNSET   446 PM CST


-  INDICATES NEGATIVE NUMBERS.
R  INDICATES RECORD WAS SET OR TIED.
MM INDICATES DATA IS MISSING.
T  INDICATES TRACE AMOUNT.




$$
