000
CDUS43 KMPX 130025
CLIMSP


CLIMATE REPORT
NATIONAL WEATHER SERVICE CHANHASSEN MN
725 PM CDT TUE SEP 12 2017


...................................

...THE TWIN CITIES MN CLIMATE SUMMARY FOR SEPTEMBER 12 2017...
VALID TODAY AS OF 0700 PM LOCAL TIME.

CLIMATE NORMAL PERIOD 1981 TO 2010
CLIMATE RECORD PERIOD 1871 TO 2017


WEATHER ITEM   OBSERVED TIME   RECORD YEAR NORMAL DEPARTURE LAST
                VALUE   (LST)  VALUE       VALUE  FROM      YEAR
                                                  NORMAL
..................................................................
TEMPERATURE (F)
 TODAY
  MAXIMUM         85    420 PM  94    1948  73     12       81
                                      1908
  MINIMUM         63    627 AM  36    1940  54      9       62
                                      1878
  AVERAGE         74                        64     10       72

PRECIPITATION (IN)
  TODAY            0.00          4.96 1903   0.11  -0.11     0.00
  MONTH TO DATE    0.07                      1.30  -1.23     1.66
  SINCE SEP 1      0.07                      1.30  -1.23     1.66
  SINCE JAN 1     25.72                     23.47   2.25    27.98

SNOWFALL (IN)
  TODAY            0.0           0.0    MM   0.0    0.0      0.0
  MONTH TO DATE    0.0                       0.0    0.0      0.0
  SINCE SEP 1      0.0                       0.0    0.0      0.0
  SINCE JUL 1      0.0                       0.0    0.0      0.0
  SNOW DEPTH       0

DEGREE DAYS
 HEATING
  TODAY            0                         4     -4        0
  MONTH TO DATE   22                        31     -9        0
  SINCE SEP 1     22                        31     -9        0
  SINCE JUL 1     29                        50    -21        3

 COOLING
  TODAY            9                         3      6        7
  MONTH TO DATE   38                        42     -4       61
  SINCE SEP 1     38                        42     -4       61
  SINCE JAN 1    726                       723      3      932
..................................................................


WIND (MPH)
  HIGHEST WIND SPEED    12   HIGHEST WIND DIRECTION     S (180)
  HIGHEST GUST SPEED    14   HIGHEST GUST DIRECTION     S (180)
  AVERAGE WIND SPEED     4.4


SKY COVER
  POSSIBLE SUNSHINE  MM
  AVERAGE SKY COVER 0.0


WEATHER CONDITIONS
 THE FOLLOWING WEATHER WAS RECORDED TODAY.
  FOG


RELATIVE HUMIDITY (PERCENT)
 HIGHEST   100          1200 AM
 LOWEST     55           300 PM
 AVERAGE    78

..........................................................


THE TWIN CITIES MN CLIMATE NORMALS FOR TOMORROW
                         NORMAL    RECORD    YEAR
 MAXIMUM TEMPERATURE (F)   73        95      1939
 MINIMUM TEMPERATURE (F)   54        33      1890


SUNRISE AND SUNSET
SEPTEMBER 12 2017.....SUNRISE   648 AM CDT   SUNSET   729 PM CDT
SEPTEMBER 13 2017.....SUNRISE   650 AM CDT   SUNSET   727 PM CDT


-  INDICATES NEGATIVE NUMBERS.
R  INDICATES RECORD WAS SET OR TIED.
MM INDICATES DATA IS MISSING.
T  INDICATES TRACE AMOUNT.




$$
