000
CDUS43 KMPX 240634
CLIMSP


CLIMATE REPORT
NATIONAL WEATHER SERVICE CHANHASSEN MN
1233 AM CST SAT JAN 24 2015


...................................

...THE TWIN CITIES MN CLIMATE SUMMARY FOR JANUARY 23 2015...

CLIMATE NORMAL PERIOD 1981 TO 2010
CLIMATE RECORD PERIOD 1871 TO 2015


WEATHER ITEM   OBSERVED TIME   RECORD YEAR NORMAL DEPARTURE LAST
                VALUE   (LST)  VALUE       VALUE  FROM      YEAR
                                                  NORMAL
..................................................................
TEMPERATURE (F)
 YESTERDAY
  MAXIMUM         39    340 PM  53    1942  24     15        2
  MINIMUM         29    323 AM -34    1886   7     22      -17
  AVERAGE         34                        16     18       -7

PRECIPITATION (IN)
  YESTERDAY        0.00          0.85 1871   0.03  -0.03     0.00
  MONTH TO DATE    0.31                      0.69  -0.38     0.70
  SINCE DEC 1      1.17                      1.85  -0.68     2.16
  SINCE JAN 1      0.31                      0.69  -0.38     0.70

SNOWFALL (IN)
  YESTERDAY        0.0           5.7  1949   0.4   -0.4      0.0
  MONTH TO DATE    5.3                       9.2   -3.9     11.6
  SINCE DEC 1     10.9                      21.1  -10.2     27.5
  SINCE JUL 1     20.3                      31.0  -10.7     28.6
  SNOW DEPTH       2

DEGREE DAYS
 HEATING
  YESTERDAY       31                        49    -18       72
  MONTH TO DATE 1127                      1143    -16     1285
  SINCE DEC 1   2380                      2547   -167     2907
  SINCE JUL 1   4173                      4166      7     4408

 COOLING
  YESTERDAY        0                         0      0        0
  MONTH TO DATE    0                         0      0        0
  SINCE DEC 1      0                         0      0        0
  SINCE JAN 1      0                         0      0        0
..................................................................


WIND (MPH)
  HIGHEST WIND SPEED    16   HIGHEST WIND DIRECTION    SW (220)
  HIGHEST GUST SPEED    23   HIGHEST GUST DIRECTION    SW (210)
  AVERAGE WIND SPEED     8.8


SKY COVER
  POSSIBLE SUNSHINE  MM
  AVERAGE SKY COVER 0.6


WEATHER CONDITIONS
 THE FOLLOWING WEATHER WAS RECORDED YESTERDAY.
  FOG


RELATIVE HUMIDITY (PERCENT)
 HIGHEST    85          1000 PM
 LOWEST     59           300 PM
 AVERAGE    72

..........................................................


THE TWIN CITIES MN CLIMATE NORMALS FOR TODAY
                         NORMAL    RECORD    YEAR
 MAXIMUM TEMPERATURE (F)   24        57      1981
 MINIMUM TEMPERATURE (F)    7       -33      1904


SUNRISE AND SUNSET
JANUARY 24 2015.......SUNRISE   741 AM CST   SUNSET   510 PM CST
JANUARY 25 2015.......SUNRISE   740 AM CST   SUNSET   511 PM CST


-  INDICATES NEGATIVE NUMBERS.
R  INDICATES RECORD WAS SET OR TIED.
MM INDICATES DATA IS MISSING.
T  INDICATES TRACE AMOUNT.




$$
