000
CDUS43 KMPX 010047
CLIMSP


CLIMATE REPORT
NATIONAL WEATHER SERVICE CHANHASSEN MN
746 PM CDT SUN AUG 31 2014


...................................

...THE TWIN CITIES MN CLIMATE SUMMARY FOR AUGUST 31 2014...
VALID TODAY AS OF 0700 PM LOCAL TIME.

CLIMATE NORMAL PERIOD 1981 TO 2010
CLIMATE RECORD PERIOD 1871 TO 2014


WEATHER ITEM   OBSERVED TIME   RECORD YEAR NORMAL DEPARTURE LAST
                VALUE   (LST)  VALUE       VALUE  FROM      YEAR
                                                  NORMAL
..................................................................
TEMPERATURE (F)
 TODAY
  MAXIMUM         85    249 PM  94    1907  78      7       89
                                      1898
  MINIMUM         62    557 AM  40    1974  59      3       66
  AVERAGE         74                        68      6       78

PRECIPITATION (IN)
  TODAY            T             1.50 1914   0.12  -0.12     0.06
  MONTH TO DATE    2.43                      4.30  -1.87     2.07
  SINCE JUN 1     16.06                     12.59   3.47    10.75
  SINCE JAN 1     30.53                     22.17   8.36    26.44

SNOWFALL (IN)
  TODAY            0.0           0.0    MM   0.0    0.0      0.0
  MONTH TO DATE    0.0                       0.0    0.0       T
  SINCE JUN 1      0.0                       0.0    0.0       T
  SINCE JUL 1      0.0                       0.0    0.0       T
  SNOW DEPTH       0

DEGREE DAYS
 HEATING
  TODAY            0                         1     -1        0
  MONTH TO DATE    0                        10    -10        0
  SINCE JUN 1     28                        63    -35       50
  SINCE JUL 1      7                        19    -12        8

 COOLING
  TODAY            9                         4      5       13
  MONTH TO DATE  265                       205     60      310
  SINCE JUN 1    644                       639      5      796
  SINCE JAN 1    696                       681     15      849
..................................................................


WIND (MPH)
  HIGHEST WIND SPEED    25   HIGHEST WIND DIRECTION     S (160)
  HIGHEST GUST SPEED    33   HIGHEST GUST DIRECTION    SE (140)
  AVERAGE WIND SPEED    13.1


SKY COVER
  POSSIBLE SUNSHINE  MM
  AVERAGE SKY COVER 0.6


WEATHER CONDITIONS
 THE FOLLOWING WEATHER WAS RECORDED TODAY.
  FOG


RELATIVE HUMIDITY (PERCENT)
 HIGHEST   100           200 AM
 LOWEST     55           100 PM
 AVERAGE    78

..........................................................


THE TWIN CITIES MN CLIMATE NORMALS FOR TOMORROW
                         NORMAL    RECORD    YEAR
 MAXIMUM TEMPERATURE (F)   77        97      1913
 MINIMUM TEMPERATURE (F)   59        36      1974


SUNRISE AND SUNSET
AUGUST 31 2014........SUNRISE   634 AM CDT   SUNSET   752 PM CDT
SEPTEMBER  1 2014.....SUNRISE   635 AM CDT   SUNSET   750 PM CDT


-  INDICATES NEGATIVE NUMBERS.
R  INDICATES RECORD WAS SET OR TIED.
MM INDICATES DATA IS MISSING.
T  INDICATES TRACE AMOUNT.




$$
