000
CDUS43 KMPX 200750
CLIMSP


CLIMATE REPORT
NATIONAL WEATHER SERVICE CHANHASSEN MN
149 AM CST SAT DEC 20 2014


...................................

...THE TWIN CITIES MN CLIMATE SUMMARY FOR DECEMBER 19 2014...

CLIMATE NORMAL PERIOD 1981 TO 2010
CLIMATE RECORD PERIOD 1871 TO 2014


WEATHER ITEM   OBSERVED TIME   RECORD YEAR NORMAL DEPARTURE LAST
                VALUE   (LST)  VALUE       VALUE  FROM      YEAR
                                                  NORMAL
..................................................................
TEMPERATURE (F)
 YESTERDAY
  MAXIMUM         30   1006 PM  52    1923  26      4       28
  MINIMUM         20    201 AM -29    1983  11      9       16
  AVERAGE         25                        18      7       22

PRECIPITATION (IN)
  YESTERDAY        T             0.51 1968   0.03  -0.03     0.03
  MONTH TO DATE    0.28                      0.74  -0.46     1.06
  SINCE DEC 1      0.28                      0.74  -0.46     1.06
  SINCE JAN 1     34.82                     30.19   4.63    32.37

SNOWFALL (IN)
  YESTERDAY        T             6.4  1951   0.4   -0.4      0.4
  MONTH TO DATE    1.3                       7.6   -6.3     10.4
  SINCE DEC 1      1.3                       7.6   -6.3     10.4
  SINCE JUL 1     10.7                      17.5   -6.8     11.5
  SNOW DEPTH       1

DEGREE DAYS
 HEATING
  YESTERDAY       40                        47     -7       43
  MONTH TO DATE  750                       829    -79      986
  SINCE DEC 1    750                       829    -79      986
  SINCE JUL 1   2543                      2448     95     2487

 COOLING
  YESTERDAY        0                         0      0        0
  MONTH TO DATE    0                         0      0        0
  SINCE DEC 1      0                         0      0        0
  SINCE JAN 1    759                       753      6      983
..................................................................


WIND (MPH)
  HIGHEST WIND SPEED    13   HIGHEST WIND DIRECTION    SE (150)
  HIGHEST GUST SPEED    16   HIGHEST GUST DIRECTION    SE (140)
  AVERAGE WIND SPEED     7.4


SKY COVER
  POSSIBLE SUNSHINE  MM
  AVERAGE SKY COVER 1.0


WEATHER CONDITIONS
 THE FOLLOWING WEATHER WAS RECORDED YESTERDAY.
  LIGHT SNOW
  FOG
  HAZE


RELATIVE HUMIDITY (PERCENT)
 HIGHEST    85           500 PM
 LOWEST     77          1200 AM
 AVERAGE    81

..........................................................


THE TWIN CITIES MN CLIMATE NORMALS FOR TODAY
                         NORMAL    RECORD    YEAR
 MAXIMUM TEMPERATURE (F)   26        51      1967
 MINIMUM TEMPERATURE (F)   11       -24      1916


SUNRISE AND SUNSET
DECEMBER 20 2014......SUNRISE   747 AM CST   SUNSET   434 PM CST
DECEMBER 21 2014......SUNRISE   748 AM CST   SUNSET   434 PM CST


-  INDICATES NEGATIVE NUMBERS.
R  INDICATES RECORD WAS SET OR TIED.
MM INDICATES DATA IS MISSING.
T  INDICATES TRACE AMOUNT.




$$
