123
CDUS43 KMPX 010629
CLIMSP


CLIMATE REPORT
NATIONAL WEATHER SERVICE CHANHASSEN MN
126 AM CDT SUN MAY 1 2016


...................................

...THE TWIN CITIES MN CLIMATE SUMMARY FOR APRIL 30 2016...

CLIMATE NORMAL PERIOD 1981 TO 2010
CLIMATE RECORD PERIOD 1871 TO 2016


WEATHER ITEM   OBSERVED TIME   RECORD YEAR NORMAL DEPARTURE LAST
                VALUE   (LST)  VALUE       VALUE  FROM      YEAR
                                                  NORMAL
..................................................................
TEMPERATURE (F)
 YESTERDAY
  MAXIMUM         58    234 PM  91    1952  65     -7       68
                                      1934
  MINIMUM         42    551 AM  24    1903  44     -2       47
  AVERAGE         50                        54     -4       58

PRECIPITATION (IN)
  YESTERDAY        0.00          1.53 1954   0.11  -0.11     0.00
  MONTH TO DATE    2.84                      2.66   0.18     2.42
  SINCE MAR 1      5.10                      4.55   0.55     3.09
  SINCE JAN 1      6.50                      6.22   0.28     3.78

SNOWFALL (IN)
  YESTERDAY        0.0           3.1  1984   0.0    0.0      0.0
  MONTH TO DATE    0.5                       2.4   -1.9      0.3
  SINCE MAR 1      5.9                      12.7   -6.8      7.1
  SINCE JUL 1     36.7                      54.4  -17.7     32.4
  SNOW DEPTH       0

DEGREE DAYS
 HEATING
  YESTERDAY       15                        11      4        7
  MONTH TO DATE  509                       531    -22      451
  SINCE MAR 1   1237                      1528   -291     1357
  SINCE JUL 1   6102                      7318  -1216     7322

 COOLING
  YESTERDAY        0                         0      0        0
  MONTH TO DATE    8                         5      3        0
  SINCE MAR 1      8                         5      3        0
  SINCE JAN 1      8                         5      3        0
..................................................................


WIND (MPH)
  HIGHEST WIND SPEED    25   HIGHEST WIND DIRECTION     E (90)
  HIGHEST GUST SPEED    33   HIGHEST GUST DIRECTION     E (80)
  AVERAGE WIND SPEED    13.8


SKY COVER
  POSSIBLE SUNSHINE  MM
  AVERAGE SKY COVER 0.9


WEATHER CONDITIONS
 THE FOLLOWING WEATHER WAS RECORDED YESTERDAY.
  NO SIGNIFICANT WEATHER WAS OBSERVED.


RELATIVE HUMIDITY (PERCENT)
 HIGHEST    71          1200 AM
 LOWEST     39           300 PM
 AVERAGE    55

..........................................................


THE TWIN CITIES MN CLIMATE NORMALS FOR TODAY
                         NORMAL    RECORD    YEAR
 MAXIMUM TEMPERATURE (F)   65        91      1959
 MINIMUM TEMPERATURE (F)   44        24      1909


SUNRISE AND SUNSET
MAY  1 2016...........SUNRISE   602 AM CDT   SUNSET   819 PM CDT
MAY  2 2016...........SUNRISE   600 AM CDT   SUNSET   820 PM CDT


-  INDICATES NEGATIVE NUMBERS.
R  INDICATES RECORD WAS SET OR TIED.
MM INDICATES DATA IS MISSING.
T  INDICATES TRACE AMOUNT.




$$
