000
CDUS43 KMPX 151245 CCA
CLIMSP

CLIMATE REPORT...CORRECTED RECORD LOW APR 15
NATIONAL WEATHER SERVICE CHANHASSEN MN
444 AM CDT TUE APR 15 2014


...................................

...THE TWIN CITIES MN CLIMATE SUMMARY FOR APRIL 14 2014...

CLIMATE NORMAL PERIOD 1981 TO 2010
CLIMATE RECORD PERIOD 1871 TO 2014


WEATHER ITEM   OBSERVED TIME   RECORD YEAR NORMAL DEPARTURE LAST
                VALUE   (LST)  VALUE       VALUE  FROM      YEAR
                                                  NORMAL
..................................................................
TEMPERATURE (F)
 YESTERDAY
  MAXIMUM         38    110 PM  89    2003  57    -19       38
  MINIMUM         24   1159 PM  18    1928  37    -13       30
                                      1926
  AVERAGE         31                        47    -16       34

PRECIPITATION (IN)
  YESTERDAY        0.00          1.56 1983   0.09  -0.09     0.46
  MONTH TO DATE    0.95                      1.11  -0.16     2.73
  SINCE MAR 1      1.77                      3.00  -1.23     4.77
  SINCE JAN 1      4.60                      4.67  -0.07     6.96

SNOWFALL (IN)
  YESTERDAY        0.0          13.6  1983   0.1   -0.1      0.2
  MONTH TO DATE    6.7                       1.5    5.2      6.8
  SINCE MAR 1     11.4                      11.8   -0.4     20.6
  SINCE JUL 1     69.5                      53.5   16.0     56.1
  SNOW DEPTH       0

DEGREE DAYS
 HEATING
  YESTERDAY       34                        18     16       31
  MONTH TO DATE  322                       301     21      400
  SINCE MAR 1   1539                      1299    240     1566
  SINCE JUL 1   7992                      7089    903     7100

 COOLING
  YESTERDAY        0                         0      0        0
  MONTH TO DATE    0                         0      0        0
  SINCE MAR 1      0                         0      0        0
  SINCE JAN 1      0                         0      0        0
..................................................................


WIND (MPH)
  HIGHEST WIND SPEED    28   HIGHEST WIND DIRECTION     N (340)
  HIGHEST GUST SPEED    38   HIGHEST GUST DIRECTION    NW (330)
  AVERAGE WIND SPEED    17.2


SKY COVER
  POSSIBLE SUNSHINE  MM
  AVERAGE SKY COVER 0.7


WEATHER CONDITIONS
 THE FOLLOWING WEATHER WAS RECORDED YESTERDAY.
  HAZE


RELATIVE HUMIDITY (PERCENT)
 HIGHEST    69           300 AM
 LOWEST     26           300 PM
 AVERAGE    48

..........................................................


THE TWIN CITIES MN CLIMATE NORMALS FOR TODAY
                         NORMAL    RECORD    YEAR
 MAXIMUM TEMPERATURE (F)   58        91      2002
 MINIMUM TEMPERATURE (F)   37        18      1935


SUNRISE AND SUNSET
APRIL 15 2014.........SUNRISE   628 AM CDT   SUNSET   758 PM CDT
APRIL 16 2014.........SUNRISE   627 AM CDT   SUNSET   759 PM CDT


-  INDICATES NEGATIVE NUMBERS.
R  INDICATES RECORD WAS SET OR TIED.
MM INDICATES DATA IS MISSING.
T  INDICATES TRACE AMOUNT.




$$
