000
CDUS43 KMPX 290653
CLIMSP


CLIMATE REPORT
NATIONAL WEATHER SERVICE CHANHASSEN MN
1252 AM CST THU JAN 29 2015


...................................

...THE TWIN CITIES MN CLIMATE SUMMARY FOR JANUARY 28 2015...

CLIMATE NORMAL PERIOD 1981 TO 2010
CLIMATE RECORD PERIOD 1871 TO 2015


WEATHER ITEM   OBSERVED TIME   RECORD YEAR NORMAL DEPARTURE LAST
                VALUE   (LST)  VALUE       VALUE  FROM      YEAR
                                                  NORMAL
..................................................................
TEMPERATURE (F)
 YESTERDAY
  MAXIMUM         31   1045 PM  47    1892  25      6        0
  MINIMUM         28   1156 AM -29    1873   8     20      -16
  AVERAGE         30                        16     14       -8

PRECIPITATION (IN)
  YESTERDAY        T             0.56 1909   0.02  -0.02     0.00
  MONTH TO DATE    0.34                      0.82  -0.48     0.98
  SINCE DEC 1      1.20                      1.98  -0.78     2.44
  SINCE JAN 1      0.34                      0.82  -0.48     0.98

SNOWFALL (IN)
  YESTERDAY        0.0           4.0  1912   0.4   -0.4      0.0
  MONTH TO DATE    5.4                      11.2   -5.8     16.3
  SINCE DEC 1     11.0                      23.1  -12.1     32.2
  SINCE JUL 1     20.4                      33.0  -12.6     33.3
  SNOW DEPTH       T

DEGREE DAYS
 HEATING
  YESTERDAY       35                        49    -14       73
  MONTH TO DATE 1291                      1388    -97     1593
  SINCE DEC 1   2544                      2792   -248     3215
  SINCE JUL 1   4337                      4411    -74     4716

 COOLING
  YESTERDAY        0                         0      0        0
  MONTH TO DATE    0                         0      0        0
  SINCE DEC 1      0                         0      0        0
  SINCE JAN 1      0                         0      0        0
..................................................................


WIND (MPH)
  HIGHEST WIND SPEED    18   HIGHEST WIND DIRECTION    SE (140)
  HIGHEST GUST SPEED    24   HIGHEST GUST DIRECTION    SE (150)
  AVERAGE WIND SPEED    10.9


SKY COVER
  POSSIBLE SUNSHINE  MM
  AVERAGE SKY COVER 1.0


WEATHER CONDITIONS
 THE FOLLOWING WEATHER WAS RECORDED YESTERDAY.
  LT FREEZING RAIN
  FOG
  HAZE


RELATIVE HUMIDITY (PERCENT)
 HIGHEST    92           800 PM
 LOWEST     78          1200 AM
 AVERAGE    85

..........................................................


THE TWIN CITIES MN CLIMATE NORMALS FOR TODAY
                         NORMAL    RECORD    YEAR
 MAXIMUM TEMPERATURE (F)   25        49      1931
 MINIMUM TEMPERATURE (F)    8       -29      1951


SUNRISE AND SUNSET
JANUARY 29 2015.......SUNRISE   736 AM CST   SUNSET   517 PM CST
JANUARY 30 2015.......SUNRISE   735 AM CST   SUNSET   518 PM CST


-  INDICATES NEGATIVE NUMBERS.
R  INDICATES RECORD WAS SET OR TIED.
MM INDICATES DATA IS MISSING.
T  INDICATES TRACE AMOUNT.




$$
