682
CDUS43 KMPX 212221
CLIMSP


CLIMATE REPORT
NATIONAL WEATHER SERVICE CHANHASSEN MN
420 PM CST WED FEB 21 2018


...................................

...THE TWIN CITIES MN CLIMATE SUMMARY FOR FEBRUARY 21 2018...
VALID TODAY AS OF 0400 PM LOCAL TIME.

CLIMATE NORMAL PERIOD 1981 TO 2010
CLIMATE RECORD PERIOD 1871 TO 2018


WEATHER ITEM   OBSERVED TIME   RECORD YEAR NORMAL DEPARTURE LAST
                VALUE   (LST)  VALUE       VALUE  FROM      YEAR
                                                  NORMAL
..................................................................
TEMPERATURE (F)
 TODAY
  MAXIMUM         19    359 PM  62    2017  31    -12       62
  MINIMUM          2    745 AM -21    1873  15    -13       32
  AVERAGE         11                        23    -12       47

PRECIPITATION (IN)
  TODAY            0.00          0.82 1882   0.03  -0.03     0.00
  MONTH TO DATE    0.37                      0.51  -0.14     0.64
  SINCE DEC 1      2.71                      2.57   0.14     3.76
  SINCE JAN 1      1.92                      1.41   0.51     1.62

SNOWFALL (IN)
  TODAY            0.0           5.5  1962   0.2   -0.2      0.0
  MONTH TO DATE    4.3                       5.5   -1.2      0.3
  SINCE DEC 1     31.1                      29.6    1.5     24.5
  SINCE JUL 1     31.8                      39.5   -7.7     26.8
  SNOW DEPTH       2

DEGREE DAYS
 HEATING
  TODAY           54                        42     12       18
  MONTH TO DATE 1094                       954    140      720
  SINCE DEC 1   4008                      3889    119     3438
  SINCE JUL 1   5418                      5508    -90     4482

 COOLING
  TODAY            0                         0      0        0
  MONTH TO DATE    0                         0      0        0
  SINCE DEC 1      0                         0      0        0
  SINCE JAN 1      0                         0      0        0
..................................................................


WIND (MPH)
  HIGHEST WIND SPEED    12   HIGHEST WIND DIRECTION    NW (300)
  HIGHEST GUST SPEED    14   HIGHEST GUST DIRECTION     W (260)
  AVERAGE WIND SPEED     6.3


SKY COVER
  POSSIBLE SUNSHINE  MM
  AVERAGE SKY COVER 0.2


WEATHER CONDITIONS
 THE FOLLOWING WEATHER WAS RECORDED TODAY.
  NO SIGNIFICANT WEATHER WAS OBSERVED.


RELATIVE HUMIDITY (PERCENT)
 HIGHEST    87           400 AM
 LOWEST     49           400 PM
 AVERAGE    68

..........................................................


THE TWIN CITIES MN CLIMATE NORMALS FOR TOMORROW
                         NORMAL    RECORD    YEAR
 MAXIMUM TEMPERATURE (F)   31        59      2017
 MINIMUM TEMPERATURE (F)   16       -22      1873


SUNRISE AND SUNSET
FEBRUARY 21 2018......SUNRISE   704 AM CST   SUNSET   550 PM CST
FEBRUARY 22 2018......SUNRISE   702 AM CST   SUNSET   551 PM CST


-  INDICATES NEGATIVE NUMBERS.
R  INDICATES RECORD WAS SET OR TIED.
MM INDICATES DATA IS MISSING.
T  INDICATES TRACE AMOUNT.




$$
