000
CDUS43 KMPX 232142
CLIMSP


CLIMATE REPORT
NATIONAL WEATHER SERVICE CHANHASSEN MN
441 PM CDT SAT MAY 23 2015


...................................

...THE TWIN CITIES MN CLIMATE SUMMARY FOR MAY 23 2015...
VALID AS OF 0400 PM LOCAL TIME.

CLIMATE NORMAL PERIOD 1981 TO 2010
CLIMATE RECORD PERIOD 1871 TO 2015


WEATHER ITEM   OBSERVED TIME   RECORD YEAR NORMAL DEPARTURE LAST
                VALUE   (LST)  VALUE       VALUE  FROM      YEAR
                                                  NORMAL
..................................................................
TEMPERATURE (F)
 TODAY
  MAXIMUM         73    255 PM  89    2012  71      2       75
  MINIMUM         51    347 AM  28    1963  51      0       50
  AVERAGE         62                        61      1       63

PRECIPITATION (IN)
  TODAY            0.00          1.56 1975   0.10  -0.10     0.00
  MONTH TO DATE    1.74                      2.49  -0.75     3.88
  SINCE MAR 1      4.83                      7.04  -2.21    10.97
  SINCE JAN 1      5.52                      8.71  -3.19    13.80

SNOWFALL (IN)
  TODAY            0.0           0.0    MM   0.0    0.0      0.0
  MONTH TO DATE    0.0                       0.0    0.0      0.0
  SINCE MAR 1      7.1                      12.7   -5.6     11.7
  SINCE JUL 1     32.4                      54.4  -22.0     69.8
  SNOW DEPTH       0

DEGREE DAYS
 HEATING
  TODAY            3                         5     -2        2
  MONTH TO DATE  168                       183    -15      244
  SINCE MAR 1   1525                      1711   -186     2123
  SINCE JUL 1   7490                      7501    -11     8576

 COOLING
  TODAY            0                         2     -2        0
  MONTH TO DATE   14                        22     -8        0
  SINCE MAR 1     14                        27    -13        0
  SINCE JAN 1     14                        27    -13        0
..................................................................


WIND (MPH)
  HIGHEST WIND SPEED    13   HIGHEST WIND DIRECTION     N (350)
  HIGHEST GUST SPEED    19   HIGHEST GUST DIRECTION     N (350)
  AVERAGE WIND SPEED     4.0


SKY COVER
  POSSIBLE SUNSHINE  MM
  AVERAGE SKY COVER 0.7


WEATHER CONDITIONS
 THE FOLLOWING WEATHER WAS RECORDED TODAY.
  NO SIGNIFICANT WEATHER WAS OBSERVED.


RELATIVE HUMIDITY (PERCENT)
 HIGHEST    68           400 AM
 LOWEST     31           200 PM
 AVERAGE    50

..........................................................


THE TWIN CITIES MN CLIMATE NORMALS FOR TOMORROW
                         NORMAL    RECORD    YEAR
 MAXIMUM TEMPERATURE (F)   72        95      2010
 MINIMUM TEMPERATURE (F)   51        32      1925


SUNRISE AND SUNSET
MAY 23 2015...........SUNRISE   536 AM CDT   SUNSET   843 PM CDT
MAY 24 2015...........SUNRISE   536 AM CDT   SUNSET   844 PM CDT


-  INDICATES NEGATIVE NUMBERS.
R  INDICATES RECORD WAS SET OR TIED.
MM INDICATES DATA IS MISSING.
T  INDICATES TRACE AMOUNT.




$$
