000
CXUS53 KMPX 011415
CLMMSP


CLIMATE REPORT
NATIONAL WEATHER SERVICE CHANHASSEN MN
914 AM CDT FRI JUL 1 2016

...................................

...THE TWIN CITIES MN CLIMATE SUMMARY FOR THE MONTH OF JUNE 2016...

CLIMATE NORMAL PERIOD 1981 TO 2010
CLIMATE RECORD PERIOD 1871 TO 2016

WEATHER         OBSERVED          NORMAL  DEPART  LAST YEAR`S
                 VALUE   DATE(S)  VALUE   FROM    VALUE  DATE(S)
                                          NORMAL
................................................................
TEMPERATURE (F)
RECORD
 HIGH             104   06/27/1934
 LOW               34   06/03/1945
HIGHEST            96   06/25        89       7       92  06/09
LOWEST             50   06/07        52      -2       52  06/01
AVG. MAXIMUM     80.5              78.9     1.6     78.7
AVG. MINIMUM     62.1              58.8     3.3     60.7
MEAN             71.3              68.9     2.4     69.7
DAYS MAX >= 90      4               2.2     1.8        1
DAYS MAX <= 32      0               0.0     0.0        0
DAYS MIN <= 32      0               0.0     0.0        0
DAYS MIN <= 0       0               0.0     0.0        0

PRECIPITATION (INCHES)
RECORD
 MAXIMUM        11.36   2014
 MINIMUM         0.22   1988
TOTALS           4.49              4.25    0.24     4.40
DAILY AVG.       0.15              0.14    0.01     0.15
DAYS >= .01        11              11.3    -0.3       12
DAYS >= .10         8               7.4     0.6        7
DAYS >= .50         3               3.0     0.0        4
DAYS >= 1.00        1               1.1    -0.1        0
GREATEST
 24 HR. TOTAL    1.49   06/14 TO 06/14

SNOWFALL (INCHES)
RECORDS
 TOTAL              T   2010
TOTALS            0.0               0.0     0.0      0.0
SINCE 7/1        36.7              54.4   -17.7     32.4
SNOWDEPTH AVG.      0                MM      MM        0
DAYS >= 1.0         0               0.0     0.0        0
GREATEST
 SNOW DEPTH         0   MM                             0  MM
 24 HR TOTAL      0.0   06/30 TO 06/30

DEGREE_DAYS
HEATING TOTAL       7                44     -37        7
 SINCE 7/1       6283              7580   -1297     7528
COOLING TOTAL     203               158      45      156
 SINCE 1/1        279               200      79      183
.................................................................

WIND (MPH)
AVERAGE WIND SPEED              9.8
HIGHEST WIND SPEED/DIRECTION    41/320    DATE  06/06
HIGHEST GUST SPEED/DIRECTION    52/320    DATE  06/06

SKY COVER
POSSIBLE SUNSHINE (PERCENT)   MM
AVERAGE SKY COVER           0.50
NUMBER OF DAYS FAIR            6
NUMBER OF DAYS PC             19
NUMBER OF DAYS CLOUDY          5

AVERAGE RH (PERCENT)     63

WEATHER CONDITIONS. NUMBER OF DAYS WITH
THUNDERSTORM              0     MIXED PRECIP               0
HEAVY RAIN                8     RAIN                       5
LIGHT RAIN               13     FREEZING RAIN              0
LT FREEZING RAIN          0     HAIL                       0
HEAVY SNOW                0     SNOW                       0
LIGHT SNOW                0     SLEET                      0
FOG                       6     FOG W/VIS <= 1/4 MILE      0
HAZE                      7

-  INDICATES NEGATIVE NUMBERS.
R  INDICATES RECORD WAS SET OR TIED.
MM INDICATES DATA IS MISSING.
T  INDICATES TRACE AMOUNT.

$$
