697
CXUS53 KMPX 012110
CLMMSP


CLIMATE REPORT
NATIONAL WEATHER SERVICE CHANHASSEN MN
410 PM CDT SAT OCT 1 2016

...................................

...THE TWIN CITIES MN CLIMATE SUMMARY FOR THE MONTH OF SEPTEMBER 2016...

CLIMATE NORMAL PERIOD 1981 TO 2010
CLIMATE RECORD PERIOD 1871 TO 2016

WEATHER         OBSERVED          NORMAL  DEPART  LAST YEAR`S
                 VALUE   DATE(S)  VALUE   FROM    VALUE  DATE(S)
                                          NORMAL
................................................................
TEMPERATURE (F)
RECORD
 HIGH             104   09/10/1931
 LOW               26   09/22/1974
                        09/28/1942
                        09/30/1939
HIGHEST            84   09/18        80       4       89  09/05
                                                          09/04
LOWEST             46   09/29        43       3       43  09/30
AVG. MAXIMUM     74.0              71.7     2.3     76.4
AVG. MINIMUM     58.2              52.4     5.8     59.3
MEAN             66.1              62.0     4.1     67.9
DAYS MAX >= 90      0               0.4    -0.4        0
DAYS MAX <= 32      0               0.0     0.0        0
DAYS MIN <= 32      0               0.2    -0.2        0
DAYS MIN <= 0       0               0.0     0.0        0

PRECIPITATION (INCHES)
RECORD
 MAXIMUM         7.77   1903
 MINIMUM         0.30   2012
TOTALS           5.47              3.08    2.39     4.65
DAILY AVG.       0.18              0.10    0.08     0.16
DAYS >= .01        14               9.8     4.2       13
DAYS >= .10         7               5.9     1.1        8
DAYS >= .50         5               2.1     2.9        2
DAYS >= 1.00        1               0.8     0.2        1
GREATEST
 24 HR. TOTAL    1.96   09/21 TO 09/22

SNOWFALL (INCHES)
RECORDS
 TOTAL            1.7   5
                        0
TOTALS            0.0                 T     0.0      0.0
SINCE 7/1         0.0                 T     0.0      0.0
SNOWDEPTH AVG.      0                MM      MM        0
DAYS >= 1.0         0               0.0     0.0        0
GREATEST
 SNOW DEPTH         0   MM                             0  MM
 24 HR TOTAL      0.0   09/30 TO 09/30

DEGREE_DAYS
HEATING TOTAL      50               154    -104       59
 SINCE 7/1         53               173    -120       74
COOLING TOTAL      91                66      25      153
 SINCE 1/1        962               747     215      802
.................................................................

WIND (MPH)
AVERAGE WIND SPEED              9.4
HIGHEST WIND SPEED/DIRECTION    36/020    DATE  09/21
HIGHEST GUST SPEED/DIRECTION    46/030    DATE  09/21

SKY COVER
POSSIBLE SUNSHINE (PERCENT)   MM
AVERAGE SKY COVER           0.60
NUMBER OF DAYS FAIR            7
NUMBER OF DAYS PC             11
NUMBER OF DAYS CLOUDY         12

AVERAGE RH (PERCENT)     70

WEATHER CONDITIONS. NUMBER OF DAYS WITH
THUNDERSTORM              0     MIXED PRECIP               0
HEAVY RAIN                8     RAIN                       7
LIGHT RAIN               16     FREEZING RAIN              0
LT FREEZING RAIN          0     HAIL                       1
HEAVY SNOW                0     SNOW                       0
LIGHT SNOW                0     SLEET                      0
FOG                      12     FOG W/VIS <= 1/4 MILE      0
HAZE                      4

-  INDICATES NEGATIVE NUMBERS.
R  INDICATES RECORD WAS SET OR TIED.
MM INDICATES DATA IS MISSING.
T  INDICATES TRACE AMOUNT.

$$
