102
CXUS53 KMPX 010723
CLMMSP


CLIMATE REPORT
NATIONAL WEATHER SERVICE CHANHASSEN MN
123 AM CST TUE DEC 1 2015

...................................

...THE TWIN CITIES MN CLIMATE SUMMARY FOR THE MONTH OF NOVEMBER 2015...

CLIMATE NORMAL PERIOD 1981 TO 2010
CLIMATE RECORD PERIOD 1871 TO 2015

WEATHER         OBSERVED          NORMAL  DEPART  LAST YEAR`S
                 VALUE   DATE(S)  VALUE   FROM    VALUE  DATE(S)
                                          NORMAL
................................................................
TEMPERATURE (F)
RECORD
 HIGH              77   11/08/1999
 LOW              -25   11/29/1875
HIGHEST            71   11/03        55      16       56  11/02
LOWEST             14   11/28        15      -1       -4  11/27
AVG. MAXIMUM     49.0              41.2     7.8     32.4
AVG. MINIMUM     33.7              26.2     7.5     18.5
MEAN             41.3              33.7     7.6     25.4
DAYS MAX >= 90      0               0.0     0.0        0
DAYS MAX <= 32      4               6.3    -2.3       17
DAYS MIN <= 32     13              21.4    -8.4       24
DAYS MIN <= 0       0               0.5    -0.5        1

PRECIPITATION (INCHES)
RECORD
 MAXIMUM         5.29   1991
 MINIMUM         0.02   1939
TOTALS           4.52              1.77    2.75     0.87
DAILY AVG.       0.15              0.06    0.09     0.03
DAYS >= .01         8               8.7    -0.7       12
DAYS >= .10         7               4.2     2.8        3
DAYS >= .50         3               1.1     1.9        0
DAYS >= 1.00        2               0.3     1.7        0
GREATEST
 24 HR. TOTAL    2.10   11/11 TO 11/12

SNOWFALL (INCHES)
RECORDS
 TOTAL           46.9   5
                        0
TOTALS            5.1               9.3    -4.2      9.4
SINCE 7/1         5.1               9.9    -4.8      9.4
SNOWDEPTH AVG.      0                MM      MM        2
DAYS >= 1.0         2               2.7    -0.7        3
GREATEST
 SNOW DEPTH         3   11/30                          4  11/21
                                                          11/20
                                                          11/19
 24 HR TOTAL      3.8   MM

DEGREE_DAYS
HEATING TOTAL     703               939    -236     1179
 SINCE 7/1       1175              1619    -444     1793
COOLING TOTAL       0                 0       0        0
 SINCE 1/1        809               753      56      759
.................................................................

WIND (MPH)
AVERAGE WIND SPEED              10.2
HIGHEST WIND SPEED/DIRECTION    33/260    DATE  11/19
HIGHEST GUST SPEED/DIRECTION    48/300    DATE  11/19

SKY COVER
POSSIBLE SUNSHINE (PERCENT)   MM
AVERAGE SKY COVER           0.60
NUMBER OF DAYS FAIR            7
NUMBER OF DAYS PC             13
NUMBER OF DAYS CLOUDY         10

AVERAGE RH (PERCENT)     69

WEATHER CONDITIONS. NUMBER OF DAYS WITH
THUNDERSTORM              0     MIXED PRECIP               0
HEAVY RAIN                3     RAIN                       4
LIGHT RAIN                8     FREEZING RAIN              0
LT FREEZING RAIN          1     HAIL                       0
HEAVY SNOW                1     SNOW                       2
LIGHT SNOW                4     SLEET                      0
FOG                      14     FOG W/VIS <= 1/4 MILE      1
HAZE                      7

-  INDICATES NEGATIVE NUMBERS.
R  INDICATES RECORD WAS SET OR TIED.
MM INDICATES DATA IS MISSING.
T  INDICATES TRACE AMOUNT.

$$
