000
CXUS53 KMPX 010646
CLMMSP


CLIMATE REPORT
NATIONAL WEATHER SERVICE CHANHASSEN MN
1246 AM CST SAT MAR 1 2014

...................................

...THE TWIN CITIES MN CLIMATE SUMMARY FOR THE MONTH OF FEBRUARY 2014...

CLIMATE NORMAL PERIOD 1981 TO 2010
CLIMATE RECORD PERIOD 1871 TO 2014

WEATHER         OBSERVED          NORMAL  DEPART  LAST YEAR`S
                 VALUE   DATE(S)  VALUE   FROM    VALUE  DATE(S)
                                          NORMAL
................................................................
TEMPERATURE (F)
RECORD
 HIGH              64   02/26/1896
 LOW              -33   02/09/1899
                        02/09/1888
HIGHEST            44   02/18        41       3       39  02/13
LOWEST            -14   02/27        -8      -6      -13  02/01
AVG. MAXIMUM     17.5              28.9   -11.4     26.2
AVG. MINIMUM     -0.2              12.8   -13.0     11.8
MEAN              8.6              20.8   -12.2     19.0
DAYS MAX >= 90      0               0.0     0.0        0
DAYS MAX <= 32     25              15.5     9.5       19
DAYS MIN <= 32     28              26.5     1.5       28
DAYS MIN <= 0      17               5.6    11.4        4

PRECIPITATION (INCHES)
RECORD
 MAXIMUM         3.25   1922
 MINIMUM         0.03   1894
TOTALS           1.41              0.77    0.64     1.33
DAILY AVG.       0.05              0.03    0.02     0.05
DAYS >= .01         7               7.4    -0.4       11
DAYS >= .10         3               2.6     0.4        2
DAYS >= .50         1               0.2     0.8        1
DAYS >= 1.00        0               0.0     0.0        0
GREATEST
 24 HR. TOTAL    0.89   02/20 TO 02/21

SNOWFALL (INCHES)
RECORDS
 TOTAL           26.5   5
                        0
TOTALS           18.4               7.7    10.7     15.1
SINCE 7/1        58.1              41.7    16.4     35.5
SNOWDEPTH AVG.     16                 6      10        6
DAYS >= 1.0         4               3.0     1.0        6
GREATEST
 SNOW DEPTH        24   02/21                          9  02/23
 24 HR TOTAL      8.4   MM

DEGREE_DAYS
HEATING TOTAL    1568              1236     332     1280
 SINCE 7/1       6453              5790     663     5534
COOLING TOTAL       0                 0       0        0
 SINCE 1/1          0                 0       0        0
.................................................................

WIND (MPH)
AVERAGE WIND SPEED              9.3
HIGHEST WIND SPEED/DIRECTION    33/310    DATE  02/20
HIGHEST GUST SPEED/DIRECTION    43/300    DATE  02/26

SKY COVER
POSSIBLE SUNSHINE (PERCENT)   MM
AVERAGE SKY COVER           0.50
NUMBER OF DAYS FAIR           10
NUMBER OF DAYS PC             12
NUMBER OF DAYS CLOUDY          6

AVERAGE RH (PERCENT)     73

WEATHER CONDITIONS. NUMBER OF DAYS WITH
THUNDERSTORM              0     MIXED PRECIP               0
HEAVY RAIN                0     RAIN                       1
LIGHT RAIN                1     FREEZING RAIN              0
LT FREEZING RAIN          0     HAIL                       0
HEAVY SNOW                1     SNOW                       3
LIGHT SNOW               13     SLEET                      0
FOG                      14     FOG W/VIS <= 1/4 MILE      3
HAZE                     14

-  INDICATES NEGATIVE NUMBERS.
R  INDICATES RECORD WAS SET OR TIED.
MM INDICATES DATA IS MISSING.
T  INDICATES TRACE AMOUNT.

$$
