000
CXUS53 KMPX 011151
CLMMSP


CLIMATE REPORT
NATIONAL WEATHER SERVICE CHANHASSEN MN
550 AM CST SUN DEC 1 2013

...................................

...THE TWIN CITIES MN CLIMATE SUMMARY FOR THE MONTH OF NOVEMBER 2013...

CLIMATE NORMAL PERIOD 1981 TO 2010
CLIMATE RECORD PERIOD 1871 TO 2013

WEATHER         OBSERVED          NORMAL  DEPART  LAST YEAR`S
                 VALUE   DATE(S)  VALUE   FROM    VALUE  DATE(S)
                                          NORMAL
................................................................
TEMPERATURE (F)
RECORD
 HIGH              77   11/08/1999
 LOW              -25   11/29/1875
HIGHEST            56   11/15        55       1       69  11/10
LOWEST              7   11/23        15      -8       10  11/26
AVG. MAXIMUM     41.1              41.2    -0.1     45.6
AVG. MINIMUM     25.3              26.2    -0.9     28.6
MEAN             33.2              33.7    -0.5     37.1
DAYS MAX >= 90      0               0.0     0.0        0
DAYS MAX <= 32      6               6.3    -0.3        5
DAYS MIN <= 32     21              21.4    -0.4       18
DAYS MIN <= 0       0               0.5    -0.5        0

PRECIPITATION (INCHES)
RECORD
 MAXIMUM         5.29   1991
 MINIMUM         0.02   1939
TOTALS           0.52              1.77   -1.25     0.63
DAILY AVG.       0.02              0.06   -0.04     0.02
DAYS >= .01         5               8.7    -3.7        7
DAYS >= .10         3               4.2    -1.2        2
DAYS >= .50         0               1.1    -1.1        0
DAYS >= 1.00        0               0.3    -0.3        0
GREATEST
 24 HR. TOTAL    0.23   11/05 TO 11/06

SNOWFALL (INCHES)
RECORDS
 TOTAL           46.9   5
                        0
TOTALS            1.1               9.3    -8.2      0.8
SINCE 7/1         1.1               9.9    -8.8      0.8
SNOWDEPTH AVG.      0                MM      MM        0
DAYS >= 1.0         0               2.7    -2.7        0
GREATEST
 SNOW DEPTH         0   MM                             1  11/23
 24 HR TOTAL      0.7   MM

DEGREE_DAYS
HEATING TOTAL     948               939       9      828
 SINCE 7/1       1501              1619    -118     1488
COOLING TOTAL       0                 0       0        0
 SINCE 1/1        983               753     230     1131
.................................................................

WIND (MPH)
AVERAGE WIND SPEED              10.0
HIGHEST WIND SPEED/DIRECTION    30/280    DATE  11/18
HIGHEST GUST SPEED/DIRECTION    41/140    DATE  11/03

SKY COVER
POSSIBLE SUNSHINE (PERCENT)   MM
AVERAGE SKY COVER           0.60
NUMBER OF DAYS FAIR            6
NUMBER OF DAYS PC             15
NUMBER OF DAYS CLOUDY          9

AVERAGE RH (PERCENT)     68

WEATHER CONDITIONS. NUMBER OF DAYS WITH
THUNDERSTORM              0     MIXED PRECIP               0
HEAVY RAIN                1     RAIN                       1
LIGHT RAIN                6     FREEZING RAIN              0
LT FREEZING RAIN          1     HAIL                       0
HEAVY SNOW                0     SNOW                       0
LIGHT SNOW                5     SLEET                      0
FOG                      13     FOG W/VIS <= 1/4 MILE      0
HAZE                     12

-  INDICATES NEGATIVE NUMBERS.
R  INDICATES RECORD WAS SET OR TIED.
MM INDICATES DATA IS MISSING.
T  INDICATES TRACE AMOUNT.

$$
