000
CXUS53 KMPX 011419
CLMMSP


CLIMATE REPORT
NATIONAL WEATHER SERVICE CHANHASSEN MN
919 AM CDT THU OCT 1 2015

...................................

...THE TWIN CITIES MN CLIMATE SUMMARY FOR THE MONTH OF SEPTEMBER 2015...

CLIMATE NORMAL PERIOD 1981 TO 2010
CLIMATE RECORD PERIOD 1871 TO 2015

WEATHER         OBSERVED          NORMAL  DEPART  LAST YEAR`S
                 VALUE   DATE(S)  VALUE   FROM    VALUE  DATE(S)
                                          NORMAL
................................................................
TEMPERATURE (F)
RECORD
 HIGH             104   09/10/1931
 LOW               26   09/22/1974
                        09/28/1942
                        09/30/1939
HIGHEST            89   09/05        80       9       86  09/04
                        09/04
LOWEST             43   09/30        43       0       39  09/13
AVG. MAXIMUM     76.4              71.7     4.7     72.2
AVG. MINIMUM     59.3              52.4     6.9     53.2
MEAN             67.9              62.0     5.9     62.7
DAYS MAX >= 90      0               0.4    -0.4        0
DAYS MAX <= 32      0               0.0     0.0        0
DAYS MIN <= 32      0               0.2    -0.2        0
DAYS MIN <= 0       0               0.0     0.0        0

PRECIPITATION (INCHES)
RECORD
 MAXIMUM         7.77   1903
 MINIMUM         0.30   2012
TOTALS           4.65              3.08    1.57     0.92
DAILY AVG.       0.16              0.10    0.06     0.03
DAYS >= .01        13               9.8     3.2        8
DAYS >= .10         8               5.9     2.1        4
DAYS >= .50         2               2.1    -0.1        0
DAYS >= 1.00        1               0.8     0.2        0
GREATEST
 24 HR. TOTAL    2.38   09/16 TO 09/17

SNOWFALL (INCHES)
RECORDS
 TOTAL            1.7   5
                        0
TOTALS            0.0                 T     0.0      0.0
SINCE 7/1         0.0                 T     0.0      0.0
SNOWDEPTH AVG.      0                MM      MM        0
DAYS >= 1.0         0               0.0     0.0        0
GREATEST
 SNOW DEPTH         0   MM                             0  MM
 24 HR TOTAL      0.0   09/30 TO 09/30

DEGREE_DAYS
HEATING TOTAL      59               154     -95      124
 SINCE 7/1         74               173     -99      131
COOLING TOTAL     153                66      87       63
 SINCE 1/1        802               747      55      759
.................................................................

WIND (MPH)
AVERAGE WIND SPEED              8.5
HIGHEST WIND SPEED/DIRECTION    30/160    DATE  09/15
HIGHEST GUST SPEED/DIRECTION    38/160    DATE  09/15

SKY COVER
POSSIBLE SUNSHINE (PERCENT)   MM
AVERAGE SKY COVER           0.50
NUMBER OF DAYS FAIR           10
NUMBER OF DAYS PC             13
NUMBER OF DAYS CLOUDY          7

AVERAGE RH (PERCENT)     70

WEATHER CONDITIONS. NUMBER OF DAYS WITH
THUNDERSTORM              0     MIXED PRECIP               0
HEAVY RAIN                6     RAIN                       8
LIGHT RAIN               17     FREEZING RAIN              0
LT FREEZING RAIN          0     HAIL                       0
HEAVY SNOW                0     SNOW                       0
LIGHT SNOW                0     SLEET                      0
FOG                      16     FOG W/VIS <= 1/4 MILE      0
HAZE                     12

-  INDICATES NEGATIVE NUMBERS.
R  INDICATES RECORD WAS SET OR TIED.
MM INDICATES DATA IS MISSING.
T  INDICATES TRACE AMOUNT.

$$
