000
CXUS53 KMPX 021652
CLMMSP


CLIMATE REPORT
NATIONAL WEATHER SERVICE CHANHASSEN MN
1050 AM CST TUE DEC 2 2014

...................................

...THE TWIN CITIES MN CLIMATE SUMMARY FOR THE MONTH OF NOVEMBER 2014...

CLIMATE NORMAL PERIOD 1981 TO 2010
CLIMATE RECORD PERIOD 1871 TO 2014

WEATHER         OBSERVED          NORMAL  DEPART  LAST YEAR`S
                 VALUE   DATE(S)  VALUE   FROM    VALUE  DATE(S)
                                          NORMAL
................................................................
TEMPERATURE (F)
RECORD
 HIGH              77   11/08/1999
 LOW              -25   11/29/1875
HIGHEST            56   11/02        55       1       56  11/15
LOWEST             -4   11/27        15     -19        7  11/23
AVG. MAXIMUM     32.4              41.2    -8.8     41.1
AVG. MINIMUM     18.5              26.2    -7.7     25.3
MEAN             25.4              33.7    -8.3     33.2
DAYS MAX >= 90      0               0.0     0.0        0
DAYS MAX <= 32     17               6.3    10.7        6
DAYS MIN <= 32     24              21.4     2.6       21
DAYS MIN <= 0       1               0.5     0.5        0

PRECIPITATION (INCHES)
RECORD
 MAXIMUM         5.29   1991
 MINIMUM         0.02   1939
TOTALS           0.87              1.77   -0.90     0.52
DAILY AVG.       0.03              0.06   -0.03     0.02
DAYS >= .01        12               8.7     3.3        5
DAYS >= .10         3               4.2    -1.2        3
DAYS >= .50         0               1.1    -1.1        0
DAYS >= 1.00        0               0.3    -0.3        0
GREATEST
 24 HR. TOTAL    0.28   11/10 TO 11/10

SNOWFALL (INCHES)
RECORDS
 TOTAL           46.9   5
                        0
TOTALS            9.4               9.3     0.1      1.1
SINCE 7/1         9.4               9.9    -0.5      1.1
SNOWDEPTH AVG.      2                MM      MM        0
DAYS >= 1.0         3               2.7     0.3        0
GREATEST
 SNOW DEPTH         4   11/21                          0  MM
                        11/20
                        11/19
 24 HR TOTAL      2.6   MM

DEGREE_DAYS
HEATING TOTAL    1179               939     240      948
 SINCE 7/1       1793              1619     174     1501
COOLING TOTAL       0                 0       0        0
 SINCE 1/1        759               753       6      983
.................................................................

WIND (MPH)
AVERAGE WIND SPEED              10.9
HIGHEST WIND SPEED/DIRECTION    33/300    DATE  11/07
HIGHEST GUST SPEED/DIRECTION    42/310    DATE  11/08

SKY COVER
POSSIBLE SUNSHINE (PERCENT)   MM
AVERAGE SKY COVER           0.70
NUMBER OF DAYS FAIR            4
NUMBER OF DAYS PC             10
NUMBER OF DAYS CLOUDY         16

AVERAGE RH (PERCENT)     72

WEATHER CONDITIONS. NUMBER OF DAYS WITH
THUNDERSTORM              0     MIXED PRECIP               0
HEAVY RAIN                0     RAIN                       0
LIGHT RAIN                5     FREEZING RAIN              0
LT FREEZING RAIN          3     HAIL                       0
HEAVY SNOW                0     SNOW                       2
LIGHT SNOW               13     SLEET                      2
FOG                      17     FOG W/VIS <= 1/4 MILE      3
HAZE                     16

-  INDICATES NEGATIVE NUMBERS.
R  INDICATES RECORD WAS SET OR TIED.
MM INDICATES DATA IS MISSING.
T  INDICATES TRACE AMOUNT.

$$
