000
CXUS53 KMPX 010732
CLMMSP


CLIMATE REPORT
NATIONAL WEATHER SERVICE CHANHASSEN MN
130 AM CST SUN NOV 1 2015

...................................

...THE TWIN CITIES MN CLIMATE SUMMARY FOR THE MONTH OF OCTOBER 2015...

CLIMATE NORMAL PERIOD 1981 TO 2010
CLIMATE RECORD PERIOD 1871 TO 2015

WEATHER         OBSERVED          NORMAL  DEPART  LAST YEAR`S
                 VALUE   DATE(S)  VALUE   FROM    VALUE  DATE(S)
                                          NORMAL
................................................................
TEMPERATURE (F)
RECORD
 HIGH              90   10/03/1997
                        10/10/1928
 LOW               10   10/30/1925
HIGHEST            85   10/11        70      15       72  10/16
LOWEST             31   10/17        31       0       26  10/31
AVG. MAXIMUM     61.0              58.0     3.0     58.4
AVG. MINIMUM     43.1              39.7     3.4     40.0
MEAN             52.1              48.9     3.2     49.2
DAYS MAX >= 90      0               0.0     0.0        0
DAYS MAX <= 32      0               0.1    -0.1        0
DAYS MIN <= 32      1               6.2    -5.2        3
DAYS MIN <= 0       0               0.0     0.0        0

PRECIPITATION (INCHES)
RECORD
 MAXIMUM         6.42   1911
 MINIMUM         0.01   1952
TOTALS           2.61              2.43    0.18     1.75
DAILY AVG.       0.08              0.08    0.00     0.06
DAYS >= .01        10               9.2     0.8        6
DAYS >= .10         6               4.7     1.3        3
DAYS >= .50         1               1.4    -0.4        2
DAYS >= 1.00        0               0.4    -0.4        0
GREATEST
 24 HR. TOTAL    1.18   10/23 TO 10/24

SNOWFALL (INCHES)
RECORDS
 TOTAL            8.2
TOTALS              T               0.6    -0.6      0.0
SINCE 7/1           T               0.6    -0.6      0.0
SNOWDEPTH AVG.      0                MM      MM        0
DAYS >= 1.0         0               0.1    -0.1        0
GREATEST
 SNOW DEPTH         0   MM                             0  MM
 24 HR TOTAL        T   10/29 TO 10/29

DEGREE_DAYS
HEATING TOTAL     398               507    -109      483
 SINCE 7/1        472               680    -208      614
COOLING TOTAL       7                 6       1        0
 SINCE 1/1        809               753      56      759
.................................................................

WIND (MPH)
AVERAGE WIND SPEED              9.2
HIGHEST WIND SPEED/DIRECTION    35/270    DATE  10/12
HIGHEST GUST SPEED/DIRECTION    45/270    DATE  10/12

SKY COVER
POSSIBLE SUNSHINE (PERCENT)   MM
AVERAGE SKY COVER           0.50
NUMBER OF DAYS FAIR           11
NUMBER OF DAYS PC             10
NUMBER OF DAYS CLOUDY         10

AVERAGE RH (PERCENT)     66

WEATHER CONDITIONS. NUMBER OF DAYS WITH
THUNDERSTORM              0     MIXED PRECIP               0
HEAVY RAIN                3     RAIN                       5
LIGHT RAIN               11     FREEZING RAIN              0
LT FREEZING RAIN          0     HAIL                       0
HEAVY SNOW                0     SNOW                       1
LIGHT SNOW                2     SLEET                      0
FOG                      12     FOG W/VIS <= 1/4 MILE      0
HAZE                      6

-  INDICATES NEGATIVE NUMBERS.
R  INDICATES RECORD WAS SET OR TIED.
MM INDICATES DATA IS MISSING.
T  INDICATES TRACE AMOUNT.

$$
