000
CXUS53 KMPX 010752
CLMMSP


CLIMATE REPORT
NATIONAL WEATHER SERVICE CHANHASSEN MN
251 AM CDT THU JUN 1 2017

...................................

...THE TWIN CITIES MN CLIMATE SUMMARY FOR THE MONTH OF MAY 2017...

CLIMATE NORMAL PERIOD 1981 TO 2010
CLIMATE RECORD PERIOD 1871 TO 2017

WEATHER         OBSERVED          NORMAL  DEPART  LAST YEAR`S
                 VALUE   DATE(S)  VALUE   FROM    VALUE  DATE(S)
                                          NORMAL
................................................................
TEMPERATURE (F)
RECORD
 HIGH             106   05/31/1934
 LOW               18   05/03/1967
HIGHEST            84   05/16        81       3       92  05/06
                        05/14
LOWEST             35   05/01        38      -3       34  05/15
                                                          05/14
AVG. MAXIMUM     67.7              69.4    -1.7     71.2
AVG. MINIMUM     49.3              48.9     0.4     51.5
MEAN             58.5              59.1    -0.6     61.3
DAYS MAX >= 90      0               0.5    -0.5        1
DAYS MAX <= 32      0               0.0     0.0        0
DAYS MIN <= 32      0               0.3    -0.3        0
DAYS MIN <= 0       0               0.0     0.0        0

PRECIPITATION (INCHES)
RECORD
 MAXIMUM        10.33   1906
 MINIMUM         0.21   1934
TOTALS           4.80              3.36    1.44     2.42
DAILY AVG.       0.15              0.11    0.04     0.08
DAYS >= .01        14              11.5     2.5        9
DAYS >= .10         7               7.7    -0.7        8
DAYS >= .50         2               2.2    -0.2        1
DAYS >= 1.00        2               0.5     1.5        0
GREATEST
 24 HR. TOTAL    1.81   05/17 TO 05/17

SNOWFALL (INCHES)
RECORDS
 TOTAL            3.0   5
                        0
TOTALS              T                 T     0.0      0.0
SINCE 7/1        32.0              54.4   -22.4     36.7
SNOWDEPTH AVG.      0                MM      MM        0
DAYS >= 1.0         0               0.0     0.0        0
GREATEST
 SNOW DEPTH         0   MM                             0  MM
 24 HR TOTAL        T   05/01 TO 05/01

DEGREE_DAYS
HEATING TOTAL     214               218      -4      174
 SINCE 7/1       6298              7536   -1238     6276
COOLING TOTAL      21                37     -16       68
 SINCE 1/1         21                42     -21       76
.................................................................

WIND (MPH)
AVERAGE WIND SPEED              9.6
HIGHEST WIND SPEED/DIRECTION    31/300    DATE  05/28
HIGHEST GUST SPEED/DIRECTION    42/330    DATE  05/28

SKY COVER
POSSIBLE SUNSHINE (PERCENT)   MM
AVERAGE SKY COVER           0.60
NUMBER OF DAYS FAIR            7
NUMBER OF DAYS PC             13
NUMBER OF DAYS CLOUDY         11

AVERAGE RH (PERCENT)     59

WEATHER CONDITIONS. NUMBER OF DAYS WITH
THUNDERSTORM              0     MIXED PRECIP               0
HEAVY RAIN                3     RAIN                       6
LIGHT RAIN               15     FREEZING RAIN              0
LT FREEZING RAIN          0     HAIL                       0
HEAVY SNOW                0     SNOW                       1
LIGHT SNOW                1     SLEET                      0
FOG                       9     FOG W/VIS <= 1/4 MILE      0
HAZE                      2

-  INDICATES NEGATIVE NUMBERS.
R  INDICATES RECORD WAS SET OR TIED.
MM INDICATES DATA IS MISSING.
T  INDICATES TRACE AMOUNT.

$$
