000
CXUS53 KMPX 022344
CLMMSP
CLIMATE REPORT
NATIONAL WEATHER SERVICE TWIN CITIES/CHANHASSEN MN
644 PM CDT SAT SEP 02 2023
...................................
...THE TWIN CITIES MN CLIMATE SUMMARY FOR THE MONTH OF AUGUST 2023...
CLIMATE NORMAL PERIOD 1991 TO 2020
CLIMATE RECORD PERIOD 1871 TO 2023
WEATHER OBSERVED NORMAL DEPART LAST YEAR`S
VALUE DATE(S) VALUE FROM VALUE DATE(S)
NORMAL
................................................................
TEMPERATURE (F)
RECORD
HIGH 103 08/15/1936
LOW 39 08/19/1967
HIGHEST 98 08/22 89 9 95 08/02
08/23
LOWEST 55 08/15 55 0 56 08/08
AVG. MAXIMUM 84.0 80.7 3.3 81.5
AVG. MINIMUM 65.3 62.8 2.5 63.5
MEAN 74.7 71.8 2.9 72.5
DAYS MAX >= 90 7 2.4 4.6 3
DAYS MAX <= 32 0 0.0 0.0 0
DAYS MIN <= 32 0 0.0 0.0 0
DAYS MIN <= 0 0 0.0 0.0 0
PRECIPITATION (INCHES)
RECORD
MAXIMUM 9.32 2007
MINIMUM 0.20 1925
TOTALS 2.29 4.34 -2.05 4.27
DAILY AVG. 0.07 0.14 -0.07 0.14
DAYS >= .01 7 9.8 -2.8 9
DAYS >= .10 5 6.1 -1.1 9
DAYS >= .50 1 3.0 -2.0 4
DAYS >= 1.00 1 1.4 -0.4 0
GREATEST
24 HR. TOTAL 1.43 08/13 TO 08/14
SNOWFALL (INCHES)
RECORDS
TOTAL T 2013
TOTALS TR 0.0 0.0 0.0
SINCE 7/1 T 0.0 0.0 MM
SNOWDEPTH AVG. 0 0
DAYS >= 1.0 0 0.0 0.0 0
GREATEST
SNOW DEPTH 0 0 MM
24 HR TOTAL MM
DEGREE DAYS
HEATING TOTAL 0 10 -10 0
SINCE 7/1 0 9 -9 MM
COOLING TOTAL 311 220 91 239
SINCE 1/1 1034 738 296 MM
................................................................
WIND (MPH)
AVERAGE WIND SPEED 8.3
HIGHEST WIND SPEED/DIRECTION 31/020 DATE 08/03
HIGHEST GUST SPEED/DIRECTION 45/020 DATE 08/03
SKY COVER
POSSIBLE SUNSHINE (PERCENT) MM
AVERAGE SKY COVER 0.42
NUMBER OF DAYS FAIR 14
NUMBER OF DAYS PC 12
NUMBER OF DAYS CLOUDY 5
AVERAGE RH (PERCENT) 64
WEATHER CONDITIONS. NUMBER OF DAYS WITH
THUNDERSTORM 5 MIXED PRECIP 0
HEAVY RAIN 5 RAIN 5
LIGHT RAIN 8 FREEZING RAIN 0
LT FREEZING RAIN 0 HAIL 1
HEAVY SNOW 0 SNOW 0
LIGHT SNOW 0 SLEET 0
FOG 9 FOG W/VIS <= 1/4 MILE 0
HAZE 8
- INDICATES NEGATIVE NUMBERS.
R INDICATES RECORD WAS SET OR TIED.
MM INDICATES DATA IS MISSING.
T INDICATES TRACE AMOUNT.
$$