000
CXUS53 KMPX 021138
CLMMSP


CLIMATE REPORT
NATIONAL WEATHER SERVICE CHANHASSEN MN
635 AM CDT THU JUN 2 2016

...................................

...THE TWIN CITIES MN CLIMATE SUMMARY FOR THE MONTH OF MAY 2016...

CLIMATE NORMAL PERIOD 1981 TO 2010
CLIMATE RECORD PERIOD 1871 TO 2016

WEATHER         OBSERVED          NORMAL  DEPART  LAST YEAR`S
                 VALUE   DATE(S)  VALUE   FROM    VALUE  DATE(S)
                                          NORMAL
................................................................
TEMPERATURE (F)
RECORD
 HIGH             106   05/31/1934
 LOW               18   05/03/1967
HIGHEST            92   05/06        81      11       84  05/28
                                                          05/27
LOWEST             34   05/15        38      -4       37  05/19
                        05/14
AVG. MAXIMUM     71.2              69.4     1.8     68.5
AVG. MINIMUM     51.5              48.9     2.6     49.9
MEAN             61.3              59.1     2.2     59.2
DAYS MAX >= 90      1               0.5     0.5        0
DAYS MAX <= 32      0               0.0     0.0        0
DAYS MIN <= 32      0               0.3    -0.3        0
DAYS MIN <= 0       0               0.0     0.0        0

PRECIPITATION (INCHES)
RECORD
 MAXIMUM        10.33   1906
 MINIMUM         0.21   1934
TOTALS           2.42              3.36   -0.94     3.55
DAILY AVG.       0.08              0.11   -0.03     0.11
DAYS >= .01         9              11.5    -2.5       15
DAYS >= .10         8               7.7     0.3        7
DAYS >= .50         1               2.2    -1.2        4
DAYS >= 1.00        0               0.5    -0.5        0
GREATEST
 24 HR. TOTAL    0.92   05/09 TO 05/10

SNOWFALL (INCHES)
RECORDS
 TOTAL            3.0   5
                        0
TOTALS            0.0                 T     0.0      0.0
SINCE 7/1        36.7              54.4   -17.7     32.4
SNOWDEPTH AVG.      0                MM      MM        0
DAYS >= 1.0         0               0.0     0.0        0
GREATEST
 SNOW DEPTH         0   MM                             0  MM
 24 HR TOTAL      0.0   05/31 TO 05/31

DEGREE_DAYS
HEATING TOTAL     174               218     -44      199
 SINCE 7/1       6276              7536   -1260     7521
COOLING TOTAL      68                37      31       27
 SINCE 1/1         76                42      34       27
.................................................................

WIND (MPH)
AVERAGE WIND SPEED              8.8
HIGHEST WIND SPEED/DIRECTION    31/120    DATE  05/09
HIGHEST GUST SPEED/DIRECTION    38/310    DATE  05/13

SKY COVER
POSSIBLE SUNSHINE (PERCENT)   MM
AVERAGE SKY COVER           0.50
NUMBER OF DAYS FAIR            9
NUMBER OF DAYS PC             15
NUMBER OF DAYS CLOUDY          7

AVERAGE RH (PERCENT)     55

WEATHER CONDITIONS. NUMBER OF DAYS WITH
THUNDERSTORM              0     MIXED PRECIP               0
HEAVY RAIN                2     RAIN                       6
LIGHT RAIN               12     FREEZING RAIN              0
LT FREEZING RAIN          0     HAIL                       0
HEAVY SNOW                0     SNOW                       0
LIGHT SNOW                0     SLEET                      0
FOG                      12     FOG W/VIS <= 1/4 MILE      2
HAZE                      6

-  INDICATES NEGATIVE NUMBERS.
R  INDICATES RECORD WAS SET OR TIED.
MM INDICATES DATA IS MISSING.
T  INDICATES TRACE AMOUNT.

$$
