000
CXUS53 KMPX 010848
CLMMSP


CLIMATE REPORT
NATIONAL WEATHER SERVICE CHANHASSEN MN
346 AM CDT SAT NOV 1 2014

...................................

...THE TWIN CITIES MN CLIMATE SUMMARY FOR THE MONTH OF OCTOBER 2014...

CLIMATE NORMAL PERIOD 1981 TO 2010
CLIMATE RECORD PERIOD 1871 TO 2014

WEATHER         OBSERVED          NORMAL  DEPART  LAST YEAR`S
                 VALUE   DATE(S)  VALUE   FROM    VALUE  DATE(S)
                                          NORMAL
................................................................
TEMPERATURE (F)
RECORD
 HIGH              90   10/03/1997
                        10/10/1928
 LOW               10   10/30/1925
HIGHEST            72   10/16        70       2       78  10/10
LOWEST             26   10/31        31      -5       26  10/22
AVG. MAXIMUM     58.4              58.0     0.4     57.1
AVG. MINIMUM     40.0              39.7     0.3     41.2
MEAN             49.2              48.9     0.3     49.1
DAYS MAX >= 90      0               0.0     0.0        0
DAYS MAX <= 32      0               0.1    -0.1        0
DAYS MIN <= 32      3               6.2    -3.2        6
DAYS MIN <= 0       0               0.0     0.0        0

PRECIPITATION (INCHES)
RECORD
 MAXIMUM         6.42   1911
 MINIMUM         0.01   1952
TOTALS           1.75              2.43   -0.68     3.00
DAILY AVG.       0.06              0.08   -0.02     0.10
DAYS >= .01         6               9.2    -3.2       15
DAYS >= .10         3               4.7    -1.7        6
DAYS >= .50         2               1.4     0.6        3
DAYS >= 1.00        0               0.4    -0.4        0
GREATEST
 24 HR. TOTAL    0.78   10/02 TO 10/02

SNOWFALL (INCHES)
RECORDS
 TOTAL            8.2   5
                        0
TOTALS            0.0               0.6    -0.6        T
SINCE 7/1         0.0               0.6    -0.6        T
SNOWDEPTH AVG.      0                MM      MM        0
DAYS >= 1.0         0               0.1    -0.1        0
GREATEST
 SNOW DEPTH         0   MM                             0  MM
 24 HR TOTAL      0.0   10/31 TO 10/31

DEGREE_DAYS
HEATING TOTAL     483               507     -24      487
 SINCE 7/1        614               680     -66      553
COOLING TOTAL       0                 6      -6        2
 SINCE 1/1        759               753       6      983
.................................................................

WIND (MPH)
AVERAGE WIND SPEED              9.5
HIGHEST WIND SPEED/DIRECTION    30/350    DATE  10/30
HIGHEST GUST SPEED/DIRECTION    39/270    DATE  10/07

SKY COVER
POSSIBLE SUNSHINE (PERCENT)   MM
AVERAGE SKY COVER           0.50
NUMBER OF DAYS FAIR           12
NUMBER OF DAYS PC             10
NUMBER OF DAYS CLOUDY          9

AVERAGE RH (PERCENT)     65

WEATHER CONDITIONS. NUMBER OF DAYS WITH
THUNDERSTORM              0     MIXED PRECIP               0
HEAVY RAIN                2     RAIN                       3
LIGHT RAIN                7     FREEZING RAIN              0
LT FREEZING RAIN          0     HAIL                       0
HEAVY SNOW                0     SNOW                       0
LIGHT SNOW                0     SLEET                      0
FOG                      11     FOG W/VIS <= 1/4 MILE      2
HAZE                      3

-  INDICATES NEGATIVE NUMBERS.
R  INDICATES RECORD WAS SET OR TIED.
MM INDICATES DATA IS MISSING.
T  INDICATES TRACE AMOUNT.

$$
