000
CXUS53 KMPX 011327
CLMMSP


CLIMATE REPORT
NATIONAL WEATHER SERVICE CHANHASSEN MN
826 AM CDT MON JUL 1 2013

...................................

...THE TWIN CITIES MN CLIMATE SUMMARY FOR THE MONTH OF JUNE 2013...

CLIMATE NORMAL PERIOD 1981 TO 2010
CLIMATE RECORD PERIOD 1871 TO 2013

WEATHER         OBSERVED          NORMAL  DEPART  LAST YEAR`S
                 VALUE   DATE(S)  VALUE   FROM    VALUE  DATE(S)
                                          NORMAL
................................................................
TEMPERATURE (F)
RECORD
 HIGH             104   06/27/1934
 LOW               34   06/03/1945
HIGHEST            91   06/20        89       2       93  06/27
                                                          06/19
                                                          06/10
LOWEST             50   06/02        52      -2       46  06/01
AVG. MAXIMUM     77.1              78.8    -1.7     82.3
AVG. MINIMUM     60.7              58.8     1.9     62.3
MEAN             68.9              68.8     0.1     72.3
DAYS MAX >= 90      1               2.2    -1.2        8
DAYS MAX <= 32      0               0.0     0.0        0
DAYS MIN <= 32      0               0.0     0.0        0
DAYS MIN <= 0       0               0.0     0.0        0

PRECIPITATION (INCHES)
RECORD
 MAXIMUM         9.82   1990
 MINIMUM         0.22   1988
TOTALS           5.17              4.25    0.92     3.59
DAILY AVG.       0.17              0.14    0.03     0.12
DAYS >= .01        13              11.3     1.7        9
DAYS >= .10         7               7.4    -0.4        7
DAYS >= .50         4               3.0     1.0        3
DAYS >= 1.00        1               1.1    -0.1        1
GREATEST
 24 HR. TOTAL    2.51   06/21 TO 06/22

SNOWFALL (INCHES)
RECORDS
 TOTAL              T   2010
TOTALS            0.0               0.0     0.0      0.0
SINCE 7/1        67.7              54.4    13.3     22.3
SNOWDEPTH AVG.      0                MM      MM        0
DAYS >= 1.0         0               0.0     0.0        0
GREATEST
 SNOW DEPTH         0   MM                             0  MM
 24 HR TOTAL      0.0   06/30 TO 06/30

DEGREE_DAYS
HEATING TOTAL      42                44      -2       11
 SINCE 7/1       7708              7580     128     5852
COOLING TOTAL     164               158       6      236
 SINCE 1/1        217               200      17      332
.................................................................

WIND (MPH)
AVERAGE WIND SPEED              8.1
HIGHEST WIND SPEED/DIRECTION    45/320    DATE  06/21
HIGHEST GUST SPEED/DIRECTION    61/290    DATE  06/21

SKY COVER
POSSIBLE SUNSHINE (PERCENT)   MM
AVERAGE SKY COVER           0.70
NUMBER OF DAYS FAIR            3
NUMBER OF DAYS PC             16
NUMBER OF DAYS CLOUDY         11

AVERAGE RH (PERCENT)     69

WEATHER CONDITIONS. NUMBER OF DAYS WITH
THUNDERSTORM              0     MIXED PRECIP               0
HEAVY RAIN                3     RAIN                       7
LIGHT RAIN               17     FREEZING RAIN              0
LT FREEZING RAIN          0     HAIL                       1
HEAVY SNOW                0     SNOW                       0
LIGHT SNOW                0     SLEET                      0
FOG                      16     FOG W/VIS <= 1/4 MILE      1
HAZE                      6

-  INDICATES NEGATIVE NUMBERS.
R  INDICATES RECORD WAS SET OR TIED.
MM INDICATES DATA IS MISSING.
T  INDICATES TRACE AMOUNT.

$$
