000
CXUS53 KMPX 010824
CLMMSP


CLIMATE REPORT
NATIONAL WEATHER SERVICE CHANHASSEN MN
322 AM CDT MON AUG 1 2016

...................................

...THE TWIN CITIES MN CLIMATE SUMMARY FOR THE MONTH OF JULY 2016...

CLIMATE NORMAL PERIOD 1981 TO 2010
CLIMATE RECORD PERIOD 1871 TO 2016

WEATHER         OBSERVED          NORMAL  DEPART  LAST YEAR`S
                 VALUE   DATE(S)  VALUE   FROM    VALUE  DATE(S)
                                          NORMAL
................................................................
TEMPERATURE (F)
RECORD
 HIGH             108   07/14/1936
 LOW               43   07/04/1972
HIGHEST            97   07/22        93       4       90  07/17
LOWEST             52   07/01        56      -4       54  07/07
AVG. MAXIMUM     84.0              83.4     0.6     82.4
AVG. MINIMUM     66.4              64.1     2.3     64.3
MEAN             75.2              73.8     1.4     73.4
DAYS MAX >= 90      6               4.9     1.1        1
DAYS MAX <= 32      0               0.0     0.0        0
DAYS MIN <= 32      0               0.0     0.0        0
DAYS MIN <= 0       0               0.0     0.0        0

PRECIPITATION (INCHES)
RECORD
 MAXIMUM        17.90   1987
 MINIMUM         0.11   1936
TOTALS           5.09              4.04    1.05     7.32
DAILY AVG.       0.16              0.13    0.03     0.24
DAYS >= .01        12              10.2     1.8        9
DAYS >= .10         8               6.4     1.6        7
DAYS >= .50         2               2.4    -0.4        4
DAYS >= 1.00        2               0.9     1.1        3
GREATEST
 24 HR. TOTAL    2.17   07/23 TO 07/23

SNOWFALL (INCHES)
RECORDS
 TOTAL              T   2012
TOTALS            0.0               0.0     0.0      0.0
SINCE 7/1         0.0               0.0     0.0      0.0
SNOWDEPTH AVG.      0                MM      MM        0
DAYS >= 1.0         0               0.0     0.0        0
GREATEST
 SNOW DEPTH         0   MM                             0  MM
 24 HR TOTAL      0.0   07/31 TO 07/31

DEGREE_DAYS
HEATING TOTAL       1                 5      -4        2
 SINCE 7/1          1                 5      -4        2
COOLING TOTAL     324               276      48      267
 SINCE 1/1        603               476     127      450
.................................................................

WIND (MPH)
AVERAGE WIND SPEED              8.8
HIGHEST WIND SPEED/DIRECTION    39/050    DATE  07/05
HIGHEST GUST SPEED/DIRECTION    49/320    DATE  07/05

SKY COVER
POSSIBLE SUNSHINE (PERCENT)   MM
AVERAGE SKY COVER           0.50
NUMBER OF DAYS FAIR            9
NUMBER OF DAYS PC             16
NUMBER OF DAYS CLOUDY          6

AVERAGE RH (PERCENT)     65

WEATHER CONDITIONS. NUMBER OF DAYS WITH
THUNDERSTORM              0     MIXED PRECIP               0
HEAVY RAIN                5     RAIN                       6
LIGHT RAIN               16     FREEZING RAIN              0
LT FREEZING RAIN          0     HAIL                       0
HEAVY SNOW                0     SNOW                       0
LIGHT SNOW                0     SLEET                      0
FOG                      10     FOG W/VIS <= 1/4 MILE      0
HAZE                      6

-  INDICATES NEGATIVE NUMBERS.
R  INDICATES RECORD WAS SET OR TIED.
MM INDICATES DATA IS MISSING.
T  INDICATES TRACE AMOUNT.

$$
