000
CXUS53 KMPX 010731
CLMMSP


CLIMATE REPORT
NATIONAL WEATHER SERVICE CHANHASSEN MN
230 AM CDT MON JUN 1 2015

...................................

...THE TWIN CITIES MN CLIMATE SUMMARY FOR THE MONTH OF MAY 2015...

CLIMATE NORMAL PERIOD 1981 TO 2010
CLIMATE RECORD PERIOD 1871 TO 2015

WEATHER         OBSERVED          NORMAL  DEPART  LAST YEAR`S
                 VALUE   DATE(S)  VALUE   FROM    VALUE  DATE(S)
                                          NORMAL
................................................................
TEMPERATURE (F)
RECORD
 HIGH             106   05/31/1934
 LOW               18   05/03/1967
HIGHEST            84   05/28        81       3       87  05/30
                        05/27
LOWEST             37   05/19        38      -1       36  05/04
AVG. MAXIMUM     68.5              69.4    -0.9     67.8
AVG. MINIMUM     49.9              48.9     1.0     49.3
MEAN             59.2              59.1     0.1     58.6
DAYS MAX >= 90      0               0.5    -0.5        0
DAYS MAX <= 32      0               0.0     0.0        0
DAYS MIN <= 32      0               0.3    -0.3        0
DAYS MIN <= 0       0               0.0     0.0        0

PRECIPITATION (INCHES)
RECORD
 MAXIMUM        10.33   1906
 MINIMUM         0.21   1934
TOTALS           3.55              3.36    0.19     4.55
DAILY AVG.       0.11              0.11    0.00     0.15
DAYS >= .01        15              11.5     3.5       10
DAYS >= .10         7               7.7    -0.7        5
DAYS >= .50         4               2.2     1.8        4
DAYS >= 1.00        0               0.5    -0.5        1
GREATEST
 24 HR. TOTAL    0.76   05/10 TO 05/11

SNOWFALL (INCHES)
RECORDS
 TOTAL            3.0   5
                        0
TOTALS            0.0                 T     0.0      0.0
SINCE 7/1        32.4              54.4   -22.0     69.8
SNOWDEPTH AVG.      0                MM      MM        0
DAYS >= 1.0         0               0.0     0.0        0
GREATEST
 SNOW DEPTH         0   MM                             0  MM
 24 HR TOTAL      0.0   05/31 TO 05/31

DEGREE_DAYS
HEATING TOTAL     199               218     -19      244
 SINCE 7/1       7521              7536     -15     8576
COOLING TOTAL      27                37     -10       52
 SINCE 1/1         27                42     -15       52
.................................................................

WIND (MPH)
AVERAGE WIND SPEED              10.1
HIGHEST WIND SPEED/DIRECTION    38/220    DATE  05/17
HIGHEST GUST SPEED/DIRECTION    50/220    DATE  05/17

SKY COVER
POSSIBLE SUNSHINE (PERCENT)   MM
AVERAGE SKY COVER           0.70
NUMBER OF DAYS FAIR            5
NUMBER OF DAYS PC             13
NUMBER OF DAYS CLOUDY         13

AVERAGE RH (PERCENT)     65

WEATHER CONDITIONS. NUMBER OF DAYS WITH
THUNDERSTORM              0     MIXED PRECIP               0
HEAVY RAIN                1     RAIN                       7
LIGHT RAIN               16     FREEZING RAIN              0
LT FREEZING RAIN          0     HAIL                       0
HEAVY SNOW                0     SNOW                       0
LIGHT SNOW                0     SLEET                      0
FOG                      17     FOG W/VIS <= 1/4 MILE      0
HAZE                      8

-  INDICATES NEGATIVE NUMBERS.
R  INDICATES RECORD WAS SET OR TIED.
MM INDICATES DATA IS MISSING.
T  INDICATES TRACE AMOUNT.

$$
