000
CXUS53 KMPX 011251
CLMMSP


CLIMATE REPORT
NATIONAL WEATHER SERVICE CHANHASSEN MN
747 AM CDT TUE SEP 1 2015

...................................

...THE TWIN CITIES MN CLIMATE SUMMARY FOR THE MONTH OF AUGUST 2015...

CLIMATE NORMAL PERIOD 1981 TO 2010
CLIMATE RECORD PERIOD 1871 TO 2015

WEATHER         OBSERVED          NORMAL  DEPART  LAST YEAR`S
                 VALUE   DATE(S)  VALUE   FROM    VALUE  DATE(S)
                                          NORMAL
................................................................
TEMPERATURE (F)
RECORD
 HIGH             103   08/15/1936
 LOW               39   08/19/1967
HIGHEST            94   08/14        89       5       89  08/24
LOWEST             51   08/26        55      -4       56  08/26
AVG. MAXIMUM     79.3              80.5    -1.2     81.8
AVG. MINIMUM     62.2              61.8     0.4     64.8
MEAN             70.7              71.2    -0.5     73.3
DAYS MAX >= 90      2               2.6    -0.6        0
DAYS MAX <= 32      0               0.0     0.0        0
DAYS MIN <= 32      0               0.0     0.0        0
DAYS MIN <= 0       0               0.0     0.0        0

PRECIPITATION (INCHES)
RECORD
 MAXIMUM         9.32   2007
 MINIMUM         0.20   1925
TOTALS           2.99              4.30   -1.31     2.90
DAILY AVG.       0.10              0.14   -0.04     0.09
DAYS >= .01        10               9.7     0.3       12
DAYS >= .10         6               6.1    -0.1        7
DAYS >= .50         3               2.9     0.1        2
DAYS >= 1.00        0               1.3    -1.3        0
GREATEST
 24 HR. TOTAL    0.98   08/18 TO 08/19

SNOWFALL (INCHES)
RECORDS
 TOTAL              T   2013
TOTALS            0.0               0.0     0.0      0.0
SINCE 7/1         0.0               0.0     0.0      0.0
SNOWDEPTH AVG.      0                MM      MM        0
DAYS >= 1.0         0               0.0     0.0        0
GREATEST
 SNOW DEPTH         0   MM                             0  MM
 24 HR TOTAL      0.0   08/31 TO 08/31

DEGREE_DAYS
HEATING TOTAL      13                14      -1        0
 SINCE 7/1         15                19      -4        7
COOLING TOTAL     199               205      -6      265
 SINCE 1/1        649               681     -32      696
.................................................................

WIND (MPH)
AVERAGE WIND SPEED              9.1
HIGHEST WIND SPEED/DIRECTION    35/160    DATE  08/22
HIGHEST GUST SPEED/DIRECTION    47/160    DATE  08/22

SKY COVER
POSSIBLE SUNSHINE (PERCENT)   MM
AVERAGE SKY COVER           0.50
NUMBER OF DAYS FAIR           12
NUMBER OF DAYS PC              7
NUMBER OF DAYS CLOUDY         12

AVERAGE RH (PERCENT)     69

WEATHER CONDITIONS. NUMBER OF DAYS WITH
THUNDERSTORM              0     MIXED PRECIP               0
HEAVY RAIN                4     RAIN                       4
LIGHT RAIN                9     FREEZING RAIN              0
LT FREEZING RAIN          0     HAIL                       0
HEAVY SNOW                0     SNOW                       0
LIGHT SNOW                0     SLEET                      0
FOG                      11     FOG W/VIS <= 1/4 MILE      0
HAZE                      4

-  INDICATES NEGATIVE NUMBERS.
R  INDICATES RECORD WAS SET OR TIED.
MM INDICATES DATA IS MISSING.
T  INDICATES TRACE AMOUNT.

$$
