000
CXUS53 KMPX 010707
CLMMSP


CLIMATE REPORT
NATIONAL WEATHER SERVICE CHANHASSEN MN
202 AM CDT TUE JUL 1 2014

...................................

...THE TWIN CITIES MN CLIMATE SUMMARY FOR THE MONTH OF JUNE 2014...

CLIMATE NORMAL PERIOD 1981 TO 2010
CLIMATE RECORD PERIOD 1871 TO 2014

WEATHER         OBSERVED          NORMAL  DEPART  LAST YEAR`S
                 VALUE   DATE(S)  VALUE   FROM    VALUE  DATE(S)
                                          NORMAL
................................................................
TEMPERATURE (F)
RECORD
 HIGH             104   06/27/1934
 LOW               34   06/03/1945
HIGHEST            85   06/29        89      -4       91  06/20
                        06/21
                        06/20
LOWEST             49   06/08        52      -3       50  06/02
AVG. MAXIMUM     78.0              78.8    -0.8     77.1
AVG. MINIMUM     61.0              58.8     2.2     60.7
MEAN             69.5              68.8     0.7     68.9
DAYS MAX >= 90      0               2.2    -2.2        1
DAYS MAX <= 32      0               0.0     0.0        0
DAYS MIN <= 32      0               0.0     0.0        0
DAYS MIN <= 0       0               0.0     0.0        0

PRECIPITATION (INCHES)
RECORD
 MAXIMUM        11.67   1874
 MINIMUM         0.22   1988
TOTALS          11.36              4.25    7.11     5.17
DAILY AVG.       0.38              0.14    0.24     0.17
DAYS >= .01        14              11.3     2.7       13
DAYS >= .10         9               7.4     1.6        7
DAYS >= .50         7               3.0     4.0        4
DAYS >= 1.00        3               1.1     1.9        1
GREATEST
 24 HR. TOTAL    4.13   06/18 TO 06/19
                        06/19 TO 06/19
                        06/19 TO 06/20

SNOWFALL (INCHES)
RECORDS
 TOTAL              T   2010
TOTALS            0.0               0.0     0.0        T
SINCE 7/1        69.8              54.4    15.4     67.7
SNOWDEPTH AVG.      0                MM      MM        0
DAYS >= 1.0         0               0.0     0.0        0
GREATEST
 SNOW DEPTH         0   MM                             0  MM
 24 HR TOTAL      0.0   06/30 TO 06/30

DEGREE_DAYS
HEATING TOTAL      21                44     -23       42
 SINCE 7/1       8597              7580    1017     7708
COOLING TOTAL     162               158       4      164
 SINCE 1/1        214               200      14      217
.................................................................

WIND (MPH)
AVERAGE WIND SPEED              9.1
HIGHEST WIND SPEED/DIRECTION    55/160    DATE  06/14
HIGHEST GUST SPEED/DIRECTION    68/160    DATE  06/14

SKY COVER
POSSIBLE SUNSHINE (PERCENT)   MM
AVERAGE SKY COVER           0.60
NUMBER OF DAYS FAIR            4
NUMBER OF DAYS PC             16
NUMBER OF DAYS CLOUDY         10

AVERAGE RH (PERCENT)     70

WEATHER CONDITIONS. NUMBER OF DAYS WITH
THUNDERSTORM             10     MIXED PRECIP               0
HEAVY RAIN                6     RAIN                      12
LIGHT RAIN               18     FREEZING RAIN              0
LT FREEZING RAIN          0     HAIL                       0
HEAVY SNOW                0     SNOW                       0
LIGHT SNOW                0     SLEET                      0
FOG                      17     FOG W/VIS <= 1/4 MILE      2
HAZE                      6

-  INDICATES NEGATIVE NUMBERS.
R  INDICATES RECORD WAS SET OR TIED.
MM INDICATES DATA IS MISSING.
T  INDICATES TRACE AMOUNT.

$$
