000
CXUS53 KMPX 011005
CLMMSP


CLIMATE REPORT
NATIONAL WEATHER SERVICE CHANHASSEN MN
505 AM CDT SAT JUL 1 2017

...................................

...THE TWIN CITIES MN CLIMATE SUMMARY FOR THE MONTH OF JUNE 2017...

CLIMATE NORMAL PERIOD 1981 TO 2010
CLIMATE RECORD PERIOD 1871 TO 2017

WEATHER         OBSERVED          NORMAL  DEPART  LAST YEAR`S
                 VALUE   DATE(S)  VALUE   FROM    VALUE  DATE(S)
                                          NORMAL
................................................................
TEMPERATURE (F)
RECORD
 HIGH             104   06/27/1934
 LOW               34   06/03/1945
HIGHEST            96   06/10        89       7       96  06/25
LOWEST             49   06/01        52      -3       50  06/07
AVG. MAXIMUM     81.3              78.9     2.4     80.5
AVG. MINIMUM     61.4              58.8     2.6     62.1
MEAN             71.3              68.9     2.4     71.3
DAYS MAX >= 90      5               2.2     2.8        4
DAYS MAX <= 32      0               0.0     0.0        0
DAYS MIN <= 32      0               0.0     0.0        0
DAYS MIN <= 0       0               0.0     0.0        0

PRECIPITATION (INCHES)
RECORD
 MAXIMUM        11.36   2014
 MINIMUM         0.22   1988
TOTALS           4.23              4.25   -0.02     4.49
DAILY AVG.       0.14              0.14    0.00     0.15
DAYS >= .01        11              11.3    -0.3       11
DAYS >= .10         8               7.4     0.6        8
DAYS >= .50         2               3.0    -1.0        3
DAYS >= 1.00        1               1.1    -0.1        1
GREATEST
 24 HR. TOTAL    1.82   06/11 TO 06/11

SNOWFALL (INCHES)
RECORDS
 TOTAL              T   2010
TOTALS              TR              0.0     0.0      0.0
SINCE 7/1        32.0              54.4   -22.4     36.7
SNOWDEPTH AVG.      0                MM      MM        0
DAYS >= 1.0         0               0.0     0.0        0
GREATEST
 SNOW DEPTH         0   MM                             0  MM
 24 HR TOTAL        TR  06/11 TO 06/11

DEGREE_DAYS
HEATING TOTAL      12                44     -32        7
 SINCE 7/1       6310              7580   -1270     6283
COOLING TOTAL     210               158      52      203
 SINCE 1/1        231               200      31      279
.................................................................

WIND (MPH)
AVERAGE WIND SPEED              9.5
HIGHEST WIND SPEED/DIRECTION    55/300    DATE  06/11
HIGHEST GUST SPEED/DIRECTION    69/300    DATE  06/11

SKY COVER
POSSIBLE SUNSHINE (PERCENT)   MM
AVERAGE SKY COVER           0.50
NUMBER OF DAYS FAIR            7
NUMBER OF DAYS PC             19
NUMBER OF DAYS CLOUDY          4

AVERAGE RH (PERCENT)     56

WEATHER CONDITIONS. NUMBER OF DAYS WITH
THUNDERSTORM              0     MIXED PRECIP               0
HEAVY RAIN                2     RAIN                       7
LIGHT RAIN               12     FREEZING RAIN              0
LT FREEZING RAIN          0     HAIL                       1
HEAVY SNOW                0     SNOW                       0
LIGHT SNOW                0     SLEET                      0
FOG                       8     FOG W/VIS <= 1/4 MILE      0
HAZE                      4

-  INDICATES NEGATIVE NUMBERS.
R  INDICATES RECORD WAS SET OR TIED.
MM INDICATES DATA IS MISSING.
T  INDICATES TRACE AMOUNT.

$$
