000
CXUS53 KMPX 010710
CLMMSP


CLIMATE REPORT
NATIONAL WEATHER SERVICE CHANHASSEN MN
208 AM CDT FRI AUG 1 2014

...................................

...THE TWIN CITIES MN CLIMATE SUMMARY FOR THE MONTH OF JULY 2014...

CLIMATE NORMAL PERIOD 1981 TO 2010
CLIMATE RECORD PERIOD 1871 TO 2014

WEATHER         OBSERVED          NORMAL  DEPART  LAST YEAR`S
                 VALUE   DATE(S)  VALUE   FROM    VALUE  DATE(S)
                                          NORMAL
................................................................
TEMPERATURE (F)
RECORD
 HIGH             108   07/14/1936
 LOW               43   07/04/1972
HIGHEST            92   07/21        93      -1       94  07/18
                                                          07/17
LOWEST             54   07/15        56      -2       53  07/28
                        07/02                             07/27
AVG. MAXIMUM     80.6              83.4    -2.8     84.0
AVG. MINIMUM     62.5              64.1    -1.6     65.9
MEAN             71.5              73.8    -2.3     75.0
DAYS MAX >= 90      2               4.9    -2.9        7
DAYS MAX <= 32      0               0.0     0.0        0
DAYS MIN <= 32      0               0.0     0.0        0
DAYS MIN <= 0       0               0.0     0.0        0

PRECIPITATION (INCHES)
RECORD
 MAXIMUM        17.90   1987
 MINIMUM         0.11   1936
TOTALS           2.27              4.04   -1.77     3.51
DAILY AVG.       0.07              0.13   -0.06     0.11
DAYS >= .01         9              10.2    -1.2        7
DAYS >= .10         5               6.4    -1.4        3
DAYS >= .50         1               2.4    -1.4        1
DAYS >= 1.00        1               0.9     0.1        1
GREATEST
 24 HR. TOTAL    1.03   07/11 TO 07/11

SNOWFALL (INCHES)
RECORDS
 TOTAL              T   2012
TOTALS            0.0               0.0     0.0      0.0
SINCE 7/1         0.0               0.0     0.0      0.0
SNOWDEPTH AVG.      0                MM      MM        0
DAYS >= 1.0         0               0.0     0.0        0
GREATEST
 SNOW DEPTH         0   MM                             0  MM
 24 HR TOTAL      0.0   07/31 TO 07/31

DEGREE_DAYS
HEATING TOTAL       7                 5       2        8
 SINCE 7/1          7                 5       2        8
COOLING TOTAL     217               276     -59      322
 SINCE 1/1        431               476     -45      539
.................................................................

WIND (MPH)
AVERAGE WIND SPEED              9.1
HIGHEST WIND SPEED/DIRECTION    37/160    DATE  07/24
HIGHEST GUST SPEED/DIRECTION    47/160    DATE  07/24

SKY COVER
POSSIBLE SUNSHINE (PERCENT)   MM
AVERAGE SKY COVER           0.50
NUMBER OF DAYS FAIR            5
NUMBER OF DAYS PC             20
NUMBER OF DAYS CLOUDY          6

AVERAGE RH (PERCENT)     65

WEATHER CONDITIONS. NUMBER OF DAYS WITH
THUNDERSTORM              0     MIXED PRECIP               0
HEAVY RAIN                3     RAIN                       6
LIGHT RAIN                8     FREEZING RAIN              0
LT FREEZING RAIN          0     HAIL                       0
HEAVY SNOW                0     SNOW                       0
LIGHT SNOW                0     SLEET                      0
FOG                       9     FOG W/VIS <= 1/4 MILE      0
HAZE                      3

-  INDICATES NEGATIVE NUMBERS.
R  INDICATES RECORD WAS SET OR TIED.
MM INDICATES DATA IS MISSING.
T  INDICATES TRACE AMOUNT.

$$
