000
CXUS53 KMPX 010658
CLMMSP


CLIMATE REPORT
NATIONAL WEATHER SERVICE CHANHASSEN MN
1249 AM CST WED MAR 1 2017

...................................

...THE TWIN CITIES MN CLIMATE SUMMARY FOR THE MONTH OF FEBRUARY 2017...

CLIMATE NORMAL PERIOD 1981 TO 2010
CLIMATE RECORD PERIOD 1871 TO 2017

WEATHER         OBSERVED          NORMAL  DEPART  LAST YEAR`S
                 VALUE   DATE(S)  VALUE   FROM    VALUE  DATE(S)
                                          NORMAL
................................................................
TEMPERATURE (F)
RECORD
 HIGH              64   02/26/1896
 LOW              -33   02/09/1899
                        02/09/1888
HIGHEST            63   02/17        41      22       58  02/27
LOWEST              1   02/08        -8       9       -6  02/13
AVG. MAXIMUM     40.2              29.0    11.2     31.8
AVG. MINIMUM     22.2              12.9     9.3     18.1
MEAN             31.2              20.9    10.3     24.9
DAYS MAX >= 90      0               0.0     0.0        0
DAYS MAX <= 32      8              15.5    -7.5       13
DAYS MIN <= 32     24              26.5    -2.5       26
DAYS MIN <= 0       0               5.6    -5.6        2

PRECIPITATION (INCHES)
RECORD
 MAXIMUM         3.25   1922
 MINIMUM         0.03   1894
TOTALS           0.64              0.77   -0.13     1.09
DAILY AVG.       0.02              0.03   -0.01     0.04
DAYS >= .01         3               7.4    -4.4        9
DAYS >= .10         1               2.6    -1.6        2
DAYS >= .50         1               0.2     0.8        1
DAYS >= 1.00        0               0.0     0.0        0
GREATEST
 24 HR. TOTAL    0.61   02/20 TO 02/20
                        02/19 TO 02/20
                        02/20 TO 02/20

SNOWFALL (INCHES)
RECORDS
 TOTAL           26.5   5
TOTALS            0.3               7.7    -7.4     12.1
SINCE 7/1        26.8              41.7   -14.9     30.8
SNOWDEPTH AVG.      0                 6      -6        2
DAYS >= 1.0         0               3.0    -3.0        1
GREATEST
 SNOW DEPTH         0   MM                             8  02/03
 24 HR TOTAL      0.3   MM

DEGREE_DAYS
HEATING TOTAL     939              1236    -297     1156
 SINCE 7/1       4701              5790   -1089     4865
COOLING TOTAL       0                 0       0        0
 SINCE 1/1          0                 0       0        0
.................................................................

WIND (MPH)
AVERAGE WIND SPEED              10.4
HIGHEST WIND SPEED/DIRECTION    30/320    DATE  02/14
HIGHEST GUST SPEED/DIRECTION    41/320    DATE  02/14

SKY COVER
POSSIBLE SUNSHINE (PERCENT)   MM
AVERAGE SKY COVER           0.50
NUMBER OF DAYS FAIR           11
NUMBER OF DAYS PC              9
NUMBER OF DAYS CLOUDY          8

AVERAGE RH (PERCENT)     63

WEATHER CONDITIONS. NUMBER OF DAYS WITH
THUNDERSTORM              0     MIXED PRECIP               0
HEAVY RAIN                0     RAIN                       1
LIGHT RAIN                4     FREEZING RAIN              0
LT FREEZING RAIN          1     HAIL                       0
HEAVY SNOW                0     SNOW                       0
LIGHT SNOW                2     SLEET                      0
FOG                       7     FOG W/VIS <= 1/4 MILE      1
HAZE                      6

-  INDICATES NEGATIVE NUMBERS.
R  INDICATES RECORD WAS SET OR TIED.
MM INDICATES DATA IS MISSING.
T  INDICATES TRACE AMOUNT.

$$

7TH WARMEST FEB ON RECORD
