000
CXUS53 KMPX 011023
CLMMSP


CLIMATE REPORT
NATIONAL WEATHER SERVICE CHANHASSEN MN
523 AM CDT WED NOV 1 2017

...................................

...THE TWIN CITIES MN CLIMATE SUMMARY FOR THE MONTH OF OCTOBER 2017...

CLIMATE NORMAL PERIOD 1981 TO 2010
CLIMATE RECORD PERIOD 1871 TO 2017

WEATHER         OBSERVED          NORMAL  DEPART  LAST YEAR`S
                 VALUE   DATE(S)  VALUE   FROM    VALUE  DATE(S)
                                          NORMAL
................................................................
TEMPERATURE (F)
RECORD
 HIGH              90   10/03/1997
                        10/10/1928
 LOW               10   10/30/1925
HIGHEST            78   10/20        70       8       76  10/04
                                                          10/03
                                                          10/02
LOWEST             27   10/31        31      -4       36  10/24
                                                          10/09
                                                          10/08
AVG. MAXIMUM     59.5              58.0     1.5     61.2
AVG. MINIMUM     43.1              39.7     3.4     44.7
MEAN             51.3              48.9     2.4     52.9
DAYS MAX >= 90      0               0.0     0.0        0
DAYS MAX <= 32      0               0.1    -0.1        0
DAYS MIN <= 32      5               6.2    -1.2        0
DAYS MIN <= 0       0               0.0     0.0        0

PRECIPITATION (INCHES)
RECORD
 MAXIMUM         6.42   1911
 MINIMUM         0.01   1952
TOTALS           4.49              2.43    2.06     3.41
DAILY AVG.       0.14              0.08    0.06     0.11
DAYS >= .01        10               9.2     0.8       11
DAYS >= .10         8               4.7     3.3        6
DAYS >= .50         2               1.4     0.6        4
DAYS >= 1.00        1               0.4     0.6        1
GREATEST
 24 HR. TOTAL    2.18   10/02 TO 10/02

SNOWFALL (INCHES)
RECORDS
 TOTAL            8.2   5
                        0
TOTALS            0.1               0.6    -0.5      0.0
SINCE 7/1         0.1               0.6    -0.5        T
SNOWDEPTH AVG.      0                MM      MM        0
DAYS >= 1.0         0               0.1    -0.1        0
GREATEST
 SNOW DEPTH         0   MM                             0  MM
 24 HR TOTAL      0.1   10/27 TO 10/27

DEGREE_DAYS
HEATING TOTAL     417               507     -90      369
 SINCE 7/1        489               680    -191      422
COOLING TOTAL       1                 6      -5        2
 SINCE 1/1        830               753      77      964
.................................................................

WIND (MPH)
AVERAGE WIND SPEED              9.9
HIGHEST WIND SPEED/DIRECTION    30/330    DATE  10/24
HIGHEST GUST SPEED/DIRECTION    41/320    DATE  10/24

SKY COVER
POSSIBLE SUNSHINE (PERCENT)   MM
AVERAGE SKY COVER           0.60
NUMBER OF DAYS FAIR            6
NUMBER OF DAYS PC             14
NUMBER OF DAYS CLOUDY         11

AVERAGE RH (PERCENT)     69

WEATHER CONDITIONS. NUMBER OF DAYS WITH
THUNDERSTORM              0     MIXED PRECIP               0
HEAVY RAIN                3     RAIN                       5
LIGHT RAIN               12     FREEZING RAIN              0
LT FREEZING RAIN          0     HAIL                       0
HEAVY SNOW                0     SNOW                       1
LIGHT SNOW                2     SLEET                      0
FOG                      12     FOG W/VIS <= 1/4 MILE      0
HAZE                      2

-  INDICATES NEGATIVE NUMBERS.
R  INDICATES RECORD WAS SET OR TIED.
MM INDICATES DATA IS MISSING.
T  INDICATES TRACE AMOUNT.

$$
