000
CXUS53 KMPX 022314
CLMMSP


CLIMATE REPORT
NATIONAL WEATHER SERVICE CHANHASSEN MN
614 PM CDT MON JUN 2 2014

...................................

...THE TWIN CITIES MN CLIMATE SUMMARY FOR THE MONTH OF MAY 2014...

CLIMATE NORMAL PERIOD 1981 TO 2010
CLIMATE RECORD PERIOD 1871 TO 2014

WEATHER         OBSERVED          NORMAL  DEPART  LAST YEAR`S
                 VALUE   DATE(S)  VALUE   FROM    VALUE  DATE(S)
                                          NORMAL
................................................................
TEMPERATURE (F)
RECORD
 HIGH             106   05/31/1934
 LOW               18   05/03/1967
HIGHEST            87   05/30        81       6       98  05/14
LOWEST             36   05/04        38      -2       32  05/03
AVG. MAXIMUM     67.8              69.4    -1.6     67.6
AVG. MINIMUM     49.3              48.9     0.4     49.0
MEAN             58.6              59.1    -0.5     58.3
DAYS MAX >= 90      0               0.5    -0.5        1
DAYS MAX <= 32      0               0.0     0.0        0
DAYS MIN <= 32      0               0.3    -0.3        1
DAYS MIN <= 0       0               0.0     0.0        0

PRECIPITATION (INCHES)
RECORD
 MAXIMUM        10.33   1906
 MINIMUM         0.21   1934
TOTALS           4.55              3.36    1.19     6.24
DAILY AVG.       0.15              0.11    0.04     0.20
DAYS >= .01        10              11.5    -1.5       18
DAYS >= .10         5               7.7    -2.7       13
DAYS >= .50         4               2.2     1.8        4
DAYS >= 1.00        1               0.5     0.5        2
GREATEST
 24 HR. TOTAL    2.25   05/19 TO 05/19

SNOWFALL (INCHES)
RECORDS
 TOTAL            3.0   5
                        0
TOTALS            0.0                 T     0.0      0.5
SINCE 7/1        69.8              54.4    15.4     67.7
SNOWDEPTH AVG.      0                MM      MM        0
DAYS >= 1.0         0               0.0     0.0        0
GREATEST
 SNOW DEPTH         0   MM                             0  MM
 24 HR TOTAL      0.0   05/31 TO 05/31

DEGREE_DAYS
HEATING TOTAL     244               218      26      250
 SINCE 7/1       8576              7536    1040     7666
COOLING TOTAL      52                37      15       50
 SINCE 1/1         52                42      10       53
.................................................................

WIND (MPH)
AVERAGE WIND SPEED              9.2
HIGHEST WIND SPEED/DIRECTION    32/320    DATE  05/08
HIGHEST GUST SPEED/DIRECTION    38/290    DATE  05/08

SKY COVER
POSSIBLE SUNSHINE (PERCENT)   MM
AVERAGE SKY COVER           0.60
NUMBER OF DAYS FAIR            5
NUMBER OF DAYS PC             14
NUMBER OF DAYS CLOUDY         12

AVERAGE RH (PERCENT)     63

WEATHER CONDITIONS. NUMBER OF DAYS WITH
THUNDERSTORM              0     MIXED PRECIP               0
HEAVY RAIN                4     RAIN                       5
LIGHT RAIN               10     FREEZING RAIN              0
LT FREEZING RAIN          0     HAIL                       0
HEAVY SNOW                0     SNOW                       0
LIGHT SNOW                0     SLEET                      0
FOG                      12     FOG W/VIS <= 1/4 MILE      0
HAZE                      6

-  INDICATES NEGATIVE NUMBERS.
R  INDICATES RECORD WAS SET OR TIED.
MM INDICATES DATA IS MISSING.
T  INDICATES TRACE AMOUNT.

$$
