426
CXUS53 KMPX 011549
CLMMSP


CLIMATE REPORT
NATIONAL WEATHER SERVICE CHANHASSEN MN
949 AM CST THU DEC 1 2016

...................................

...THE TWIN CITIES MN CLIMATE SUMMARY FOR THE MONTH OF NOVEMBER 2016...

CLIMATE NORMAL PERIOD 1981 TO 2010
CLIMATE RECORD PERIOD 1871 TO 2016

WEATHER         OBSERVED          NORMAL  DEPART  LAST YEAR`S
                 VALUE   DATE(S)  VALUE   FROM    VALUE  DATE(S)
                                          NORMAL
................................................................
TEMPERATURE (F)
RECORD
 HIGH              77   11/08/1999
 LOW              -25   11/29/1875
HIGHEST            73   11/05        55      18       71  11/03
LOWEST             22   11/21        15       7       14  11/28
AVG. MAXIMUM     52.0              41.2    10.8     49.0
AVG. MINIMUM     36.2              26.2    10.0     33.7
MEAN             44.1              33.7    10.4     41.3
DAYS MAX >= 90      0               0.0     0.0        0
DAYS MAX <= 32      2               6.3    -4.3        4
DAYS MIN <= 32      8              21.4   -13.4       13
DAYS MIN <= 0       0               0.5    -0.5        0

PRECIPITATION (INCHES)
RECORD
 MAXIMUM         5.29   1991
 MINIMUM         0.02   1939
TOTALS           2.98              1.77    1.21     4.52
DAILY AVG.       0.10              0.06    0.04     0.15
DAYS >= .01         8               8.7    -0.7        8
DAYS >= .10         4               4.2    -0.2        7
DAYS >= .50         3               1.1     1.9        3
DAYS >= 1.00        0               0.3    -0.3        2
GREATEST
 24 HR. TOTAL    1.28   11/27 TO 11/28

SNOWFALL (INCHES)
RECORDS
 TOTAL           46.9   5
                        0
TOTALS            2.3               9.3    -7.0      5.1
SINCE 7/1         2.3               9.9    -7.6      5.1
SNOWDEPTH AVG.      0                MM      MM        0
DAYS >= 1.0         1               2.7    -1.7        2
GREATEST
 SNOW DEPTH         2   11/24                          3  11/30
                        11/23
 24 HR TOTAL      1.7   MM

DEGREE_DAYS
HEATING TOTAL     622               939    -317      703
 SINCE 7/1       1044              1619    -575     1175
COOLING TOTAL       0                 0       0        0
 SINCE 1/1        964               753     211      809
.................................................................

WIND (MPH)
AVERAGE WIND SPEED              8.3
HIGHEST WIND SPEED/DIRECTION    39/340    DATE  11/18
HIGHEST GUST SPEED/DIRECTION    59/320    DATE  11/18

SKY COVER
POSSIBLE SUNSHINE (PERCENT)   MM
AVERAGE SKY COVER           0.50
NUMBER OF DAYS FAIR           11
NUMBER OF DAYS PC              7
NUMBER OF DAYS CLOUDY         12

AVERAGE RH (PERCENT)     70

WEATHER CONDITIONS. NUMBER OF DAYS WITH
THUNDERSTORM              0     MIXED PRECIP               0
HEAVY RAIN                2     RAIN                       4
LIGHT RAIN                8     FREEZING RAIN              0
LT FREEZING RAIN          1     HAIL                       1
HEAVY SNOW                0     SNOW                       3
LIGHT SNOW                6     SLEET                      2
FOG                      13     FOG W/VIS <= 1/4 MILE      2
HAZE                      7

-  INDICATES NEGATIVE NUMBERS.
R  INDICATES RECORD WAS SET OR TIED.
MM INDICATES DATA IS MISSING.
T  INDICATES TRACE AMOUNT.

$$
