000
CXUS53 KMPX 011546
CLMMSP


CLIMATE REPORT
NATIONAL WEATHER SERVICE CHANHASSEN MN
1040 AM CDT FRI SEP 1 2017

...................................

...THE TWIN CITIES MN CLIMATE SUMMARY FOR THE MONTH OF AUGUST 2017...

CLIMATE NORMAL PERIOD 1981 TO 2010
CLIMATE RECORD PERIOD 1871 TO 2017

WEATHER         OBSERVED          NORMAL  DEPART  LAST YEAR`S
                 VALUE   DATE(S)  VALUE   FROM    VALUE  DATE(S)
                                          NORMAL
................................................................
TEMPERATURE (F)
RECORD
 HIGH             103   08/15/1936
 LOW               39   08/19/1967
HIGHEST            89   08/01        89       0       91  08/10
                                                          08/03
LOWEST             54   08/04        55      -1       56  08/21
                        08/03
AVG. MAXIMUM     77.0              80.5    -3.5     81.9
AVG. MINIMUM     60.4              61.8    -1.4     64.8
MEAN             68.7              71.2    -2.5     73.4
DAYS MAX >= 90      0               2.6    -2.6        2
DAYS MAX <= 32      0               0.0     0.0        0
DAYS MIN <= 32      0               0.0     0.0        0
DAYS MIN <= 0       0               0.0     0.0        0

PRECIPITATION (INCHES)
RECORD
 MAXIMUM         9.32   2007
 MINIMUM         0.20   1925
TOTALS           6.75              4.30    2.45     7.82
DAILY AVG.       0.22              0.14    0.08     0.25
DAYS >= .01        16               9.7     6.3       12
DAYS >= .10        11               6.1     4.9       10
DAYS >= .50         5               2.9     2.1        5
DAYS >= 1.00        3               1.3     1.7        5
GREATEST
 24 HR. TOTAL    1.94   08/16 TO 08/16

SNOWFALL (INCHES)
RECORDS
 TOTAL              T   2013
TOTALS            0.0               0.0     0.0      0.0
SINCE 7/1         0.0               0.0     0.0      0.0
SNOWDEPTH AVG.      0                MM      MM        0
DAYS >= 1.0         0               0.0     0.0        0
GREATEST
 SNOW DEPTH         0   MM                             0  MM
 24 HR TOTAL      0.0   08/31 TO 08/31

DEGREE_DAYS
HEATING TOTAL       7                14      -7        2
 SINCE 7/1          7                19     -12        3
COOLING TOTAL     129               205     -76      268
 SINCE 1/1        688               681       7      871
.................................................................

WIND (MPH)
AVERAGE WIND SPEED              7.8
HIGHEST WIND SPEED/DIRECTION    36/150    DATE  08/21
HIGHEST GUST SPEED/DIRECTION    42/150    DATE  08/21

SKY COVER
POSSIBLE SUNSHINE (PERCENT)   MM
AVERAGE SKY COVER           0.60
NUMBER OF DAYS FAIR            7
NUMBER OF DAYS PC             13
NUMBER OF DAYS CLOUDY         11

AVERAGE RH (PERCENT)     71

WEATHER CONDITIONS. NUMBER OF DAYS WITH
THUNDERSTORM              0     MIXED PRECIP               0
HEAVY RAIN                6     RAIN                      10
LIGHT RAIN               17     FREEZING RAIN              0
LT FREEZING RAIN          0     HAIL                       0
HEAVY SNOW                0     SNOW                       0
LIGHT SNOW                0     SLEET                      0
FOG                      15     FOG W/VIS <= 1/4 MILE      1
HAZE                      5

-  INDICATES NEGATIVE NUMBERS.
R  INDICATES RECORD WAS SET OR TIED.
MM INDICATES DATA IS MISSING.
T  INDICATES TRACE AMOUNT.

$$
