000
CXUS53 KMPX 010935
CLMMSP


CLIMATE REPORT
NATIONAL WEATHER SERVICE CHANHASSEN MN
335 AM CST TUE MAR 1 2016

...................................

...THE TWIN CITIES MN CLIMATE SUMMARY FOR THE MONTH OF FEBRUARY 2016...

CLIMATE NORMAL PERIOD 1981 TO 2010
CLIMATE RECORD PERIOD 1871 TO 2016

WEATHER         OBSERVED          NORMAL  DEPART  LAST YEAR`S
                 VALUE   DATE(S)  VALUE   FROM    VALUE  DATE(S)
                                          NORMAL
................................................................
TEMPERATURE (F)
RECORD
 HIGH              64   02/26/1896
 LOW              -33   02/09/1899
                        02/09/1888
HIGHEST            58   02/27        41      17       36  02/07
LOWEST             -6   02/13        -8       2      -11  02/23
                                                          02/19
AVG. MAXIMUM     31.8              29.0     2.8     19.5
AVG. MINIMUM     18.1              12.9     5.2      2.9
MEAN             24.9              20.9     4.0     11.2
DAYS MAX >= 90      0               0.0     0.0        0
DAYS MAX <= 32     13              15.5    -2.5       26
DAYS MIN <= 32     26              26.5    -0.5       28
DAYS MIN <= 0       2               5.6    -3.6       15

PRECIPITATION (INCHES)
RECORD
 MAXIMUM         3.25   1922
 MINIMUM         0.03   1894
TOTALS           1.09              0.77    0.32     0.35
DAILY AVG.       0.04                MM      MM     0.01
DAYS >= .01         9               7.4     1.6       10
DAYS >= .10         2               2.6    -0.6        1
DAYS >= .50         1               0.2     0.8        0
DAYS >= 1.00        0               0.0     0.0        0
GREATEST
 24 HR. TOTAL    0.51   02/02 TO 02/02

SNOWFALL (INCHES)
RECORDS
 TOTAL           26.5   5
                        0
TOTALS           12.1               7.7     4.4      4.9
SINCE 7/1        30.8              41.7   -10.9     25.3
SNOWDEPTH AVG.      2                MM      MM        1
DAYS >= 1.0         1               3.0    -2.0        1
GREATEST
 SNOW DEPTH         8   02/03                          2  02/05
                                                          02/04
 24 HR TOTAL      8.8   MM

DEGREE_DAYS
HEATING TOTAL    1156              1236     -80     1501
 SINCE 7/1       4865              5829    -964     5965
COOLING TOTAL       0                 0       0        0
 SINCE 1/1          0                 0       0        0
.................................................................

WIND (MPH)
AVERAGE WIND SPEED              10.0
HIGHEST WIND SPEED/DIRECTION    33/300    DATE  02/07
HIGHEST GUST SPEED/DIRECTION    43/300    DATE  02/07

SKY COVER
POSSIBLE SUNSHINE (PERCENT)   MM
AVERAGE SKY COVER           0.70
NUMBER OF DAYS FAIR            3
NUMBER OF DAYS PC             14
NUMBER OF DAYS CLOUDY         12

AVERAGE RH (PERCENT)     69

WEATHER CONDITIONS. NUMBER OF DAYS WITH
THUNDERSTORM              0     MIXED PRECIP               0
HEAVY RAIN                1     RAIN                       1
LIGHT RAIN                4     FREEZING RAIN              0
LT FREEZING RAIN          0     HAIL                       0
HEAVY SNOW                1     SNOW                       2
LIGHT SNOW               14     SLEET                      0
FOG                      14     FOG W/VIS <= 1/4 MILE      1
HAZE                     13

-  INDICATES NEGATIVE NUMBERS.
R  INDICATES RECORD WAS SET OR TIED.
MM INDICATES DATA IS MISSING.
T  INDICATES TRACE AMOUNT.

$$
