000
CXUS53 KMPX 021604
CLMMSP


CLIMATE REPORT
NATIONAL WEATHER SERVICE CHANHASSEN MN
1003 AM CST TUE FEB 2 2016

...................................

...THE TWIN CITIES MN CLIMATE SUMMARY FOR THE MONTH OF JANUARY 2016...

CLIMATE NORMAL PERIOD 1981 TO 2010
CLIMATE RECORD PERIOD 1871 TO 2016

WEATHER         OBSERVED          NORMAL  DEPART  LAST YEAR`S
                 VALUE   DATE(S)  VALUE   FROM    VALUE  DATE(S)
                                          NORMAL
................................................................
TEMPERATURE (F)
RECORD
 HIGH              58   01/25/1944
 LOW              -41   01/21/1888
HIGHEST            43   01/30        35       8       45  01/26
LOWEST            -14   01/17       -10      -4      -11  01/05
AVG. MAXIMUM     24.1              23.7     0.4     25.7
AVG. MINIMUM     11.0               7.5     3.5     12.3
MEAN             17.6              15.6     2.0     19.0
DAYS MAX >= 90      0               0.0     0.0        0
DAYS MAX <= 32     23              22.2     0.8       20
DAYS MIN <= 32     31              30.6     0.4       31
DAYS MIN <= 0       9               9.5    -0.5        9

PRECIPITATION (INCHES)
RECORD
 MAXIMUM         3.63   1967
 MINIMUM         0.05   1892
                        1898
TOTALS           0.31              0.90   -0.59     0.34
DAILY AVG.       0.01              0.03   -0.02     0.01
DAYS >= .01        11               8.9     2.1        8
DAYS >= .10         0               3.0    -3.0        1
DAYS >= .50         0               0.3    -0.3        0
DAYS >= 1.00        0               0.0     0.0        0
GREATEST
 24 HR. TOTAL    0.12   01/07 TO 01/08

SNOWFALL (INCHES)
RECORDS
 TOTAL           46.4   5
                        0
TOTALS            4.1              12.2    -8.1      5.4
SINCE 7/1        18.7              34.0   -15.3     20.4
SNOWDEPTH AVG.      4                 7      -3        2
DAYS >= 1.0         1               3.2    -2.2        1
GREATEST
 SNOW DEPTH         6   01/26                          5  01/09
 24 HR TOTAL      1.2   MM

DEGREE_DAYS
HEATING TOTAL    1463              1531     -68     1418
 SINCE 7/1       3709              4554    -845     4464
COOLING TOTAL       0                 0       0        0
 SINCE 1/1          0                 0       0        0
.................................................................

WIND (MPH)
AVERAGE WIND SPEED              8.9
HIGHEST WIND SPEED/DIRECTION    26/320    DATE  01/28
HIGHEST GUST SPEED/DIRECTION    33/320    DATE  01/28

SKY COVER
POSSIBLE SUNSHINE (PERCENT)   MM
AVERAGE SKY COVER           0.70
NUMBER OF DAYS FAIR            5
NUMBER OF DAYS PC             12
NUMBER OF DAYS CLOUDY         14

AVERAGE RH (PERCENT)     76

WEATHER CONDITIONS. NUMBER OF DAYS WITH
THUNDERSTORM              0     MIXED PRECIP               0
HEAVY RAIN                0     RAIN                       0
LIGHT RAIN                2     FREEZING RAIN              0
LT FREEZING RAIN          1     HAIL                       0
HEAVY SNOW                0     SNOW                       1
LIGHT SNOW               16     SLEET                      0
FOG                      15     FOG W/VIS <= 1/4 MILE      0
HAZE                     16

-  INDICATES NEGATIVE NUMBERS.
R  INDICATES RECORD WAS SET OR TIED.
MM INDICATES DATA IS MISSING.
T  INDICATES TRACE AMOUNT.

$$
