000
CXUS53 KMPX 011139
CLMMSP


CLIMATE REPORT
NATIONAL WEATHER SERVICE CHANHASSEN MN
639 AM CDT THU AUG 1 2013

...................................

...THE TWIN CITIES MN CLIMATE SUMMARY FOR THE MONTH OF JULY 2013...

CLIMATE NORMAL PERIOD 1981 TO 2010
CLIMATE RECORD PERIOD 1871 TO 2013

WEATHER         OBSERVED          NORMAL  DEPART  LAST YEAR`S
                 VALUE   DATE(S)  VALUE   FROM    VALUE  DATE(S)
                                          NORMAL
................................................................
TEMPERATURE (F)
RECORD
 HIGH             108   07/14/1936
 LOW               43   07/04/1972
HIGHEST            94   07/18        93       1      102  07/06
                        07/17
LOWEST             53   07/28        56      -3       64  07/27
                        07/27                             07/07
AVG. MAXIMUM     84.0              83.4     0.6     89.9
AVG. MINIMUM     65.9              64.1     1.8     70.4
MEAN             75.0              73.8     1.2     80.2
DAYS MAX >= 90      7               4.9     2.1       14
DAYS MAX <= 32      0               0.0     0.0        0
DAYS MIN <= 32      0               0.0     0.0        0
DAYS MIN <= 0       0               0.0     0.0        0

PRECIPITATION (INCHES)
RECORD
 MAXIMUM        17.90   1987
 MINIMUM         0.11   1936
TOTALS           3.51              4.04   -0.53     4.90
DAILY AVG.       0.11              0.13   -0.02     0.16
DAYS >= .01         7              10.2    -3.2        9
DAYS >= .10         3               6.4    -3.4        6
DAYS >= .50         1               2.4    -1.4        5
DAYS >= 1.00        1               0.9     0.1        2
GREATEST
 24 HR. TOTAL    2.79   07/13 TO 07/13

SNOWFALL (INCHES)
RECORDS
 TOTAL              T   2012
TOTALS            0.0               0.0     0.0        T
SINCE 7/1         0.0               0.0     0.0        T
SNOWDEPTH AVG.      0                MM      MM        0
DAYS >= 1.0         0               0.0     0.0        0
GREATEST
 SNOW DEPTH         0   MM                             0  MM
 24 HR TOTAL      0.0   07/31 TO 07/31

DEGREE_DAYS
HEATING TOTAL       8                 5       3        0
 SINCE 7/1          8                 5       3        0
COOLING TOTAL     322               276      46      475
 SINCE 1/1        539               476      63      807
.................................................................

WIND (MPH)
AVERAGE WIND SPEED              8.4
HIGHEST WIND SPEED/DIRECTION    28/340    DATE  07/27
HIGHEST GUST SPEED/DIRECTION    37/330    DATE  07/27

SKY COVER
POSSIBLE SUNSHINE (PERCENT)   MM
AVERAGE SKY COVER           0.50
NUMBER OF DAYS FAIR           12
NUMBER OF DAYS PC             15
NUMBER OF DAYS CLOUDY          4

AVERAGE RH (PERCENT)     61

WEATHER CONDITIONS. NUMBER OF DAYS WITH
THUNDERSTORM              0     MIXED PRECIP               0
HEAVY RAIN                2     RAIN                       2
LIGHT RAIN                9     FREEZING RAIN              0
LT FREEZING RAIN          0     HAIL                       0
HEAVY SNOW                0     SNOW                       0
LIGHT SNOW                0     SLEET                      0
FOG                       6     FOG W/VIS <= 1/4 MILE      1
HAZE                      4

-  INDICATES NEGATIVE NUMBERS.
R  INDICATES RECORD WAS SET OR TIED.
MM INDICATES DATA IS MISSING.
T  INDICATES TRACE AMOUNT.

$$
