000
CXUS53 KMPX 011040
CLMMSP


CLIMATE REPORT
NATIONAL WEATHER SERVICE CHANHASSEN MN
440 AM CST FRI DEC 1 2017

...................................

...THE TWIN CITIES MN CLIMATE SUMMARY FOR THE MONTH OF NOVEMBER 2017...

CLIMATE NORMAL PERIOD 1981 TO 2010
CLIMATE RECORD PERIOD 1871 TO 2017

WEATHER         OBSERVED          NORMAL  DEPART  LAST YEAR`S
                 VALUE   DATE(S)  VALUE   FROM    VALUE  DATE(S)
                                          NORMAL
................................................................
TEMPERATURE (F)
RECORD
 HIGH              77   11/08/1999
 LOW              -25   11/29/1875
HIGHEST            60   11/27        55       5       73  11/05
                        11/24
LOWEST             11   11/10        15      -4       22  11/21
AVG. MAXIMUM     42.1              41.2     0.9     52.0
AVG. MINIMUM     26.1              26.2    -0.1     36.2
MEAN             34.1              33.7     0.4     44.1
DAYS MAX >= 90      0               0.0     0.0        0
DAYS MAX <= 32      2               6.3    -4.3        2
DAYS MIN <= 32     24              21.4     2.6        8
DAYS MIN <= 0       0               0.5    -0.5        0

PRECIPITATION (INCHES)
RECORD
 MAXIMUM         5.29   1991
 MINIMUM         0.02   1939
TOTALS           0.39              1.77   -1.38     2.98
DAILY AVG.       0.01              0.06   -0.05     0.10
DAYS >= .01         7               8.7    -1.7        8
DAYS >= .10         0               4.2    -4.2        4
DAYS >= .50         0               1.1    -1.1        3
DAYS >= 1.00        0               0.3    -0.3        0
GREATEST
 24 HR. TOTAL    0.09   11/17 TO 11/17

SNOWFALL (INCHES)
RECORDS
 TOTAL           46.9   5
                        0
TOTALS            0.6               9.3    -8.7      2.3
SINCE 7/1         0.7               9.9    -9.2      2.3
SNOWDEPTH AVG.      0                MM      MM        0
DAYS >= 1.0         0               2.7    -2.7        1
GREATEST
 SNOW DEPTH         T   11/11                          2  11/24
                                                          11/23
 24 HR TOTAL      0.5   11/03 TO 11/03

DEGREE_DAYS
HEATING TOTAL     921               939     -18      622
 SINCE 7/1       1410              1619    -209     1044
COOLING TOTAL       0                 0       0        0
 SINCE 1/1        830               753      77      964
.................................................................

WIND (MPH)
AVERAGE WIND SPEED              9.7
HIGHEST WIND SPEED/DIRECTION    33/300    DATE  11/28
HIGHEST GUST SPEED/DIRECTION    46/310    DATE  11/28

SKY COVER
POSSIBLE SUNSHINE (PERCENT)   MM
AVERAGE SKY COVER           0.60
NUMBER OF DAYS FAIR            5
NUMBER OF DAYS PC             16
NUMBER OF DAYS CLOUDY          9

AVERAGE RH (PERCENT)     72

WEATHER CONDITIONS. NUMBER OF DAYS WITH
THUNDERSTORM              0     MIXED PRECIP               0
HEAVY RAIN                0     RAIN                       0
LIGHT RAIN                7     FREEZING RAIN              0
LT FREEZING RAIN          0     HAIL                       0
HEAVY SNOW                0     SNOW                       1
LIGHT SNOW                5     SLEET                      0
FOG                      12     FOG W/VIS <= 1/4 MILE      0
HAZE                      3

-  INDICATES NEGATIVE NUMBERS.
R  INDICATES RECORD WAS SET OR TIED.
MM INDICATES DATA IS MISSING.
T  INDICATES TRACE AMOUNT.

$$
