000
CXUS53 KMPX 010815
CLMMSP


CLIMATE REPORT
NATIONAL WEATHER SERVICE CHANHASSEN MN
313 AM CDT WED OCT 1 2014

...................................

...THE TWIN CITIES MN CLIMATE SUMMARY FOR THE MONTH OF SEPTEMBER 2014...

CLIMATE NORMAL PERIOD 1981 TO 2010
CLIMATE RECORD PERIOD 1871 TO 2014

WEATHER         OBSERVED          NORMAL  DEPART  LAST YEAR`S
                 VALUE   DATE(S)  VALUE   FROM    VALUE  DATE(S)
                                          NORMAL
................................................................
TEMPERATURE (F)
RECORD
 HIGH             104   09/10/1931
 LOW               26   09/22/1974
                        09/28/1942
                        09/30/1939
HIGHEST            86   09/04        80       6       94  09/09
                                                          09/07
LOWEST             39   09/13        43      -4       44  09/16
AVG. MAXIMUM     72.2              71.7     0.5     77.1
AVG. MINIMUM     53.2              52.4     0.8     57.2
MEAN             62.7              62.0     0.7     67.2
DAYS MAX >= 90      0               0.4    -0.4        3
DAYS MAX <= 32      0               0.0     0.0        0
DAYS MIN <= 32      0               0.2    -0.2        0
DAYS MIN <= 0       0               0.0     0.0        0

PRECIPITATION (INCHES)
RECORD
 MAXIMUM         7.77   1903
 MINIMUM         0.30   2012
TOTALS           0.92              3.08   -2.16     1.35
DAILY AVG.       0.03              0.10   -0.07     0.05
DAYS >= .01         8               9.8    -1.8        8
DAYS >= .10         4               5.9    -1.9        5
DAYS >= .50         0               2.1    -2.1        0
DAYS >= 1.00        0               0.8    -0.8        0
GREATEST
 24 HR. TOTAL    0.64   08/31 TO 09/01

SNOWFALL (INCHES)
RECORDS
 TOTAL            1.7   5
                        0
TOTALS            0.0                 T     0.0      0.0
SINCE 7/1         0.0                 T     0.0        T
SNOWDEPTH AVG.      0                MM      MM        0
DAYS >= 1.0         0               0.0     0.0        0
GREATEST
 SNOW DEPTH         0   MM                             0  MM
 24 HR TOTAL      0.0   MM

DEGREE_DAYS
HEATING TOTAL     124               154     -30       58
 SINCE 7/1        131               173     -42       66
COOLING TOTAL      63                66      -3      132
 SINCE 1/1        759               747      12      981
.................................................................

WIND (MPH)
AVERAGE WIND SPEED              8.7
HIGHEST WIND SPEED/DIRECTION    31/300    DATE  09/20
HIGHEST GUST SPEED/DIRECTION    40/300    DATE  09/20

SKY COVER
POSSIBLE SUNSHINE (PERCENT)   MM
AVERAGE SKY COVER           0.50
NUMBER OF DAYS FAIR            8
NUMBER OF DAYS PC             17
NUMBER OF DAYS CLOUDY          5

AVERAGE RH (PERCENT)     68

WEATHER CONDITIONS. NUMBER OF DAYS WITH
THUNDERSTORM              0     MIXED PRECIP               0
HEAVY RAIN                1     RAIN                       2
LIGHT RAIN               11     FREEZING RAIN              0
LT FREEZING RAIN          0     HAIL                       0
HEAVY SNOW                0     SNOW                       0
LIGHT SNOW                0     SLEET                      0
FOG                      12     FOG W/VIS <= 1/4 MILE      0
HAZE                      3

-  INDICATES NEGATIVE NUMBERS.
R  INDICATES RECORD WAS SET OR TIED.
MM INDICATES DATA IS MISSING.
T  INDICATES TRACE AMOUNT.

$$
