000
CXUS53 KMPX 011251
CLMMSP


CLIMATE REPORT
NATIONAL WEATHER SERVICE CHANHASSEN MN
746 AM CDT TUE NOV 1 2016

...................................

...THE TWIN CITIES MN CLIMATE SUMMARY FOR THE MONTH OF OCTOBER 2016...

CLIMATE NORMAL PERIOD 1981 TO 2010
CLIMATE RECORD PERIOD 1871 TO 2016

WEATHER         OBSERVED          NORMAL  DEPART  LAST YEAR`S
                 VALUE   DATE(S)  VALUE   FROM    VALUE  DATE(S)
                                          NORMAL
................................................................
TEMPERATURE (F)
RECORD
 HIGH              90   10/03/1997
                        10/10/1928
 LOW               10   10/30/1925
HIGHEST            76   10/04        70       6       85  10/11
                        10/03
                        10/02
LOWEST             36   10/24        31       5       31  10/17
                        10/09
                        10/08
AVG. MAXIMUM     61.2              58.0     3.2     61.0
AVG. MINIMUM     44.7              39.7     5.0     43.1
MEAN             52.9              48.9     4.0     52.1
DAYS MAX >= 90      0               0.0     0.0        0
DAYS MAX <= 32      0               0.1    -0.1        0
DAYS MIN <= 32      0               6.2    -6.2        1
DAYS MIN <= 0       0               0.0     0.0        0

PRECIPITATION (INCHES)
RECORD
 MAXIMUM         6.42   1911
 MINIMUM         0.01   1952
TOTALS           3.41              2.43    0.98     2.61
DAILY AVG.       0.11              0.08    0.03     0.08
DAYS >= .01        11               9.2     1.8       10
DAYS >= .10         6               4.7     1.3        6
DAYS >= .50         4               1.4     2.6        1
DAYS >= 1.00        1               0.4     0.6        0
GREATEST
 24 HR. TOTAL    1.05   10/06 TO 10/07

SNOWFALL (INCHES)
RECORDS
 TOTAL            8.2   5
                        0
TOTALS            0.0               0.6    -0.6        T
SINCE 7/1           T               0.6    -0.6        T
SNOWDEPTH AVG.      0                MM      MM        0
DAYS >= 1.0         0               0.1    -0.1        0
GREATEST
 SNOW DEPTH         0   MM                             0  MM
 24 HR TOTAL      0.0   10/31 TO 10/31

DEGREE_DAYS
HEATING TOTAL     369               507    -138      398
 SINCE 7/1        422               680    -258      472
COOLING TOTAL       2                 6      -4        7
 SINCE 1/1        964               753     211      809
.................................................................

WIND (MPH)
AVERAGE WIND SPEED              9.0
HIGHEST WIND SPEED/DIRECTION    29/310    DATE  10/23
HIGHEST GUST SPEED/DIRECTION    39/330    DATE  10/07

SKY COVER
POSSIBLE SUNSHINE (PERCENT)   MM
AVERAGE SKY COVER           0.60
NUMBER OF DAYS FAIR            7
NUMBER OF DAYS PC             14
NUMBER OF DAYS CLOUDY         10

AVERAGE RH (PERCENT)     69

WEATHER CONDITIONS. NUMBER OF DAYS WITH
THUNDERSTORM              0     MIXED PRECIP               0
HEAVY RAIN                3     RAIN                       6
LIGHT RAIN               14     FREEZING RAIN              0
LT FREEZING RAIN          0     HAIL                       0
HEAVY SNOW                0     SNOW                       0
LIGHT SNOW                0     SLEET                      0
FOG                      13     FOG W/VIS <= 1/4 MILE      1
HAZE                      3

-  INDICATES NEGATIVE NUMBERS.
R  INDICATES RECORD WAS SET OR TIED.
MM INDICATES DATA IS MISSING.
T  INDICATES TRACE AMOUNT.

$$
