000
CXUS52 KKEY 052000 CCA
CF6MTH
PRELIMINARY LOCAL CLIMATOLOGICAL DATA (WS FORM: F-6)...CORRECTED
STATION: MARATHON
MONTH: JUNE
YEAR: 2023
LATITUDE: 24 43 N
LONGITUDE: 81 5 W
TEMPERATURE IN F: :PCPN: SNOW: WIND :SUNSHINE: SKY :PK WND
================================================================================
1 2 3 4 5 6A 6B 7 8 9 10 11 12 13 14 15 16 17 18
12Z AVG MX 2MIN
DY MAX MIN AVG DEP HDD CDD WTR SNW DPTH SPD SPD DIR MIN PSBL S-S WX SPD DR
================================================================================
1 91 75 83 0 0 18 0.03 0.0 0 4.1 12 90 M M 3 13 17 190
2 90 77 84 0 0 19 0.13 0.0 0 3.6 14 300 M M 5 138 23 290
3 90 75 83 -1 0 18 0.81 0.0 0 5.5 14 70 M M 4 13 19 100
4 90 76 83 -1 0 18 0.03 0.0 0 8.2 17 280 M M 6 13 27 290
5 89 77 83 -1 0 18 0.00 0.0 0 5.6 15 30 M M 3 24 30
6 89 80 85 1 0 20 0.00 0.0 0 3.4 8 160 M M 2 3 14 130
7 92 82 87 3 0 22 0.00 0.0 0 6.0 12 230 M M 1 20 220
8 92 78 85 1 0 20 T 0.0 0 7.2 14 200 M M 3 3 24 210
9 93 74 84 0 0 19 0.37 0.0 0 6.6 18 290 M M 5 13 31 290
10 90 76 83 -1 0 18 0.00 0.0 0 4.0 8 170 M M 1 14 180
11 92 81 87 3 0 22 0.00 0.0 0 5.4 9 170 M M 1 16 160
12 91 78 85 1 0 20 0.39 0.0 0 6.7 14 170 M M 4 13 26 200
13 92 80 86 2 0 21 0.00 0.0 0 5.9 10 170 M M 1 18 160
14 93 83 88 3 0 23 0.00 0.0 0 6.0 10 170 M M 2 18 150
15 93 83 88 3 0 23 0.00 0.0 0 5.6 10 130 M M 2 17 140
16 95 83 89 4 0 24 0.00 0.0 0 5.3 10 280 M M 1 16 290
17 95 78 87 2 0 22 0.44 0.0 0 7.0 20 280 M M 3 138 28 210
18 92 77 85 0 0 20 0.12 0.0 0 7.1 20 210 M M 3 138 33 250
19 93 82 88 3 0 23 T 0.0 0 4.6 9 150 M M 3 15 190
20 93 82 88 3 0 23 0.00 0.0 0 4.5 10 170 M M 1 17 160
21 94 82 88 3 0 23 0.00 0.0 0 6.6 13 120 M M 1 38 20 120
22 93 83 88 3 0 23 0.00 0.0 0 5.8 20 30 M M 2 3 29 110
23 94 85 90 5 0 25 0.00 0.0 0 6.5 10 100 M M 1 17 110
24 95 76 86 1 0 21 0.47 0.0 0 5.8 16 80 M M 2 13 24 70
25 87 77 82 -3 0 17 0.62 0.0 0 M 7 150 M M M 123 13 160
26 88 80 84 -1 0 19 0.08 0.0 0 4.9 15 130 M M 1 13 25 120
27 92 79 86 1 0 21 T 0.0 0 1.7 8 110 M M 3 13 80
28 92 81 87 2 0 22 0.01 0.0 0 3.7 10 350 M M 1 13 15 320
29 93 79 86 1 0 21 0.12 0.0 0 3.2 14 350 M M 1 3 20 340
30 93 82 88 3 0 23 0.00 0.0 0 4.8 10 280 M M 1 3 16 180
================================================================================
SM 2756 2381 0 626 3.62 0.0 155.3 M 67
================================================================================
AV 91.9 79.4 5.4 FASTST M M 2 MAX(MPH)
MISC ----> # 20 280 33 250
================================================================================
NOTES:
# LAST OF SEVERAL OCCURRENCES
COLUMN 17 PEAK WIND IN M.P.H.
PRELIMINARY LOCAL CLIMATOLOGICAL DATA (WS FORM: F-6) , PAGE 2
STATION: MARATHON
MONTH: JUNE
YEAR: 2023
LATITUDE: 24 43 N
LONGITUDE: 81 5 W
[TEMPERATURE DATA] [PRECIPITATION DATA] SYMBOLS USED IN COLUMN 16
AVERAGE MONTHLY: 85.6 TOTAL FOR MONTH: 3.62 1 = FOG OR MIST
DPTR FM NORMAL: 1.2 DPTR FM NORMAL: -0.61 2 = FOG REDUCING VISIBILITY
HIGHEST: 95 ON 24,17 GRTST 24HR 1.09 ON 24-25 TO 1/4 MILE OR LESS
LOWEST: 74 ON 9 3 = THUNDER
SNOW, ICE PELLETS, HAIL 4 = ICE PELLETS
TOTAL MONTH: 0.0 INCH 5 = HAIL
GRTST 24HR 0.0 6 = FREEZING RAIN OR DRIZZLE
GRTST DEPTH: 0 7 = DUSTSTORM OR SANDSTORM:
VSBY 1/2 MILE OR LESS
8 = SMOKE OR HAZE
[NO. OF DAYS WITH] [WEATHER - DAYS WITH] 9 = BLOWING SNOW
X = TORNADO
MAX 32 OR BELOW: 0 0.01 INCH OR MORE: 13
MAX 90 OR ABOVE: 26 0.10 INCH OR MORE: 9
MIN 32 OR BELOW: 0 0.50 INCH OR MORE: 2
MIN 0 OR BELOW: 0 1.00 INCH OR MORE: 0
[HDD (BASE 65) ]
TOTAL THIS MO. 0 CLEAR (SCALE 0-3) 24
DPTR FM NORMAL 0 PTCLDY (SCALE 4-7) 5
TOTAL FM JUL 1 44 CLOUDY (SCALE 8-10) 0
DPTR FM NORMAL -27
[CDD (BASE 65) ]
TOTAL THIS MO. 626
DPTR FM NORMAL 44 [PRESSURE DATA]
TOTAL FM JAN 1 2819 HIGHEST SLP M ON M
DPTR FM NORMAL 614 LOWEST SLP 29.60 ON 4
[REMARKS]
CORRECTED ALIGNMENT OF SNOW, ICE PELLETS, HAIL TABLE
CORRECTED SKY COVER TABLE
#FINAL-06-23#
ROSS