000
CXUS52 KKEY 041244 CCA
CF6MTH
PRELIMINARY LOCAL CLIMATOLOGICAL DATA (WS FORM: F-6)...CORRECTED
STATION: MARATHON
MONTH: JULY
YEAR: 2022
LATITUDE: 24 43 N
LONGITUDE: 81 5 W
TEMPERATURE IN F: :PCPN: SNOW: WIND :SUNSHINE: SKY :PK WND
================================================================================
1 2 3 4 5 6A 6B 7 8 9 10 11 12 13 14 15 16 17 18
12Z AVG MX 2MIN
DY MAX MIN AVG DEP HDD CDD WTR SNW DPTH SPD SPD DIR MIN PSBL S-S WX SPD DR
================================================================================
1 93 82 88 3 0 23 0.01 0.0 0 9.4 15 90 M M 3 25 110
2 93 81 87 2 0 22 T 0.0 0 8.7 15 120 M M 2 25 130
3 93 78 86 1 0 21 0.13 0.0 0 8.8 16 120 M M 2 1 26 100
4 94 83 89 4 0 24 0.00 0.0 0 8.6 14 80 M M 2 21 110
5 93 82 88 3 0 23 0.07 0.0 0 5.0 13 140 M M 3 13 24 140
6 93 80 87 2 0 22 0.32 0.0 0 8.3 15 130 M M 3 18 26 120
7 93 83 88 3 0 23 0.00 0.0 0 8.0 13 120 M M 1 21 110
8 93 78 86 1 0 21 0.12 0.0 0 6.9 15 120 M M 2 18 24 130
9 93 82 88 3 0 23 0.00 0.0 0 5.6 10 170 M M 1 17 150
10 93 83 88 3 0 23 T 0.0 0 5.1 10 210 M M 1 19 200
11 94 82 88 3 0 23 0.00 0.0 0 4.4 8 290 M M 1 14 170
12 95 83 89 4 0 24 0.00 0.0 0 4.5 9 130 M M 1 17 160
13 95 83 89 4 0 24 0.00 0.0 0 4.4 10 130 M M 1 3 16 130
14 95 82 89 4 0 24 0.00 0.0 0 7.1 18 120 M M 0 32 130
15 88 74 81 -4 0 16 1.20 0.0 0 7.3 29 80 M M 2 1238 41 60
16 91 78 85 0 0 20 T 0.0 0 7.4 16 120 M M 3 8 29 110
17 92 83 88 3 0 23 0.00 0.0 0 6.6 12 130 M M 2 20 170
18 93 84 89 4 0 24 T 0.0 0 8.0 12 110 M M 3 8 20 160
19 93 83 88 3 0 23 0.00 0.0 0 M 14 110 M M M 22 120
20 93 83 88 3 0 23 T 0.0 0 8.5 13 130 M M 2 21 100
21 94 79 87 2 0 22 0.03 0.0 0 8.1 14 120 M M 1 24 130
22 93 82 88 3 0 23 0.01 0.0 0 8.1 14 130 M M 2 3 23 170
23 94 83 89 4 0 24 0.00 0.0 0 8.6 14 120 M M 1 24 130
24 92 83 88 3 0 23 0.00 0.0 0 M M M M M M M M
25 92 83 88 3 0 23 0.00 0.0 0 M M M M M M M M
26 90 72 81 -5 0 16 0.61 0.0 0 M M M M M 4 13 M M
27 92 80 86 0 0 21 0.00 0.0 0 8.0 14 120 M M 2 38 23 120
28 92 82 87 1 0 22 0.00 0.0 0 9.8 15 60 M M 1 23 90
29 92 82 87 1 0 22 0.02 0.0 0 9.2 16 90 M M 2 27 130
30 92 78 85 -1 0 20 0.01 0.0 0 9.7 20 130 M M 2 3 33 130
31 93 79 86 0 0 21 0.14 0.0 0 10.2 15 90 M M 3 1 28 110
================================================================================
SM 2876 2510 0 686 2.67 0.0 204.3 M 53
================================================================================
AV 92.8 81.0 7.6 FASTST M M 2 MAX(MPH)
MISC ----> 29 80 41 60
================================================================================
NOTES:
# LAST OF SEVERAL OCCURRENCES
COLUMN 17 PEAK WIND IN M.P.H.
PRELIMINARY LOCAL CLIMATOLOGICAL DATA (WS FORM: F-6) , PAGE 2
STATION: MARATHON
MONTH: JULY
YEAR: 2022
LATITUDE: 24 43 N
LONGITUDE: 81 5 W
[TEMPERATURE DATA] [PRECIPITATION DATA] SYMBOLS USED IN COLUMN 16
AVERAGE MONTHLY: 86.9 TOTAL FOR MONTH: 2.67 1 = FOG OR MIST
DPTR FM NORMAL: 1.7 DPTR FM NORMAL: -1.10 2 = FOG REDUCING VISIBILITY
HIGHEST: 95 ON 14,13 GRTST 24HR 1.20 ON 15-15 TO 1/4 MILE OR LESS
LOWEST: 72 ON 26 3 = THUNDER
SNOW, ICE PELLETS, HAIL 4 = ICE PELLETS
TOTAL MONTH: 0.0 INCH 5 = HAIL
GRTST 24HR 0.0 6 = FREEZING RAIN OR DRIZZLE
GRTST DEPTH: 0 7 = DUSTSTORM OR SANDSTORM:
VSBY 1/2 MILE OR LESS
8 = SMOKE OR HAZE
[NO. OF DAYS WITH] [WEATHER - DAYS WITH] 9 = BLOWING SNOW
X = TORNADO
MAX 32 OR BELOW: 0 0.01 INCH OR MORE: 12
MAX 90 OR ABOVE: 30 0.10 INCH OR MORE: 6
MIN 32 OR BELOW: 0 0.50 INCH OR MORE: 2
MIN 0 OR BELOW: 0 1.00 INCH OR MORE: 1
[HDD (BASE 65) ]
TOTAL THIS MO. 0 CLEAR (SCALE 0-3) 27
DPTR FM NORMAL 0 PTCLDY (SCALE 4-7) 1
TOTAL FM JUL 1 0 CLOUDY (SCALE 8-10) 0
DPTR FM NORMAL 0
[CDD (BASE 65) ]
TOTAL THIS MO. 686
DPTR FM NORMAL 61 [PRESSURE DATA]
TOTAL FM JAN 1 3176 HIGHEST SLP M ON M
DPTR FM NORMAL 346 LOWEST SLP 29.94 ON 11
[REMARKS]
#FINAL-07-22#
CORRECTED 12Z SNOW DEPTH ON 7/29 TO 0"
CORRECTED ALIGNMENT OF SNOW, ICE PELLETS, HAIL TABLE
CORRECTED SKY COVER TABLE
ROSS