000
CXUS52 KKEY 012145 CCA
CF6MTH
PRELIMINARY LOCAL CLIMATOLOGICAL DATA (WS FORM: F-6)...CORRECTED
STATION: MARATHON
MONTH: MARCH
YEAR: 2022
LATITUDE: 24 43 N
LONGITUDE: 81 5 W
TEMPERATURE IN F: :PCPN: SNOW: WIND :SUNSHINE: SKY :PK WND
================================================================================
1 2 3 4 5 6A 6B 7 8 9 10 11 12 13 14 15 16 17 18
12Z AVG MX 2MIN
DY MAX MIN AVG DEP HDD CDD WTR SNW DPTH SPD SPD DIR MIN PSBL S-S WX SPD DR
================================================================================
1 76 68 72 -1 0 7 0.00 0.0 0 9.0 15 330 M M 3 24 330
2 78 68 73 -1 0 8 0.00 0.0 0 10.3 17 30 M M 5 24 40
3 83 73 78 4 0 13 0.00 0.0 0 9.5 15 70 M M 3 21 80
4 82 73 78 4 0 13 0.00 0.0 0 13.5 26 60 M M 3 36 60
5 83 75 79 5 0 14 0.00 0.0 0 14.1 22 80 M M 3 33 100
6 83 75 79 5 0 14 0.01 0.0 0 12.5 18 90 M M 4 1 30 100
7 85 74 80 6 0 15 T 0.0 0 11.5 17 130 M M 3 1 29 100
8 86 76 81 7 0 16 T 0.0 0 10.8 16 120 M M 3 27 120
9 85 78 82 8 0 17 0.00 0.0 0 9.8 14 160 M M 2 23 150
10 88 77 83 9 0 18 0.00 0.0 0 6.5 12 140 M M 2 22 150
11 88 78 83 9 0 18 0.00 0.0 0 8.3 16 160 M M 3 28 150
12 88 65 77 3 0 12 0.03 0.0 0 14.5 29 330 M M 4 1 49 330
13 76 58 67 -7 0 2 0.00 0.0 0 17.0 24 60 M M 2 34 350
14 78 68 73 -1 0 8 T 0.0 0 15.6 23 50 M M 8 1 30 60
15 86 72 79 5 0 14 0.01 0.0 0 7.9 14 60 M M 5 20 100
16 86 76 81 6 0 16 0.00 0.0 0 6.2 12 160 M M 2 18 180
17 88 76 82 7 0 17 0.00 0.0 0 5.4 9 140 M M 1 14 120
18 87 77 82 7 0 17 0.00 0.0 0 7.4 12 120 M M 1 18 130
19 88 77 83 8 0 18 0.00 0.0 0 5.9 10 120 M M 1 17 150
20 86 73 80 5 0 15 T 0.0 0 4.5 21 50 M M 1 29 50
21 84 75 80 5 0 15 T 0.0 0 15.4 23 50 M M 6 32 60
22 86 76 81 6 0 16 0.01 0.0 0 12.9 17 130 M M 5 1 32 90
23 87 78 83 8 0 18 0.00 0.0 0 10.8 17 130 M M 1 27 140
24 89 78 84 9 0 19 0.00 0.0 0 7.7 13 160 M M 4 22 150
25 79 71 75 0 0 10 0.00 0.0 0 11.4 17 360 M M 7 27 360
26 77 70 74 -2 0 9 0.00 0.0 0 10.1 15 360 M M 1 24 360
27 79 68 74 -2 0 9 0.00 0.0 0 8.2 20 350 M M 0 33 360
28 81 66 74 -2 0 9 0.00 0.0 0 4.6 13 40 M M 0 17 30
29 85 67 76 0 0 11 0.00 0.0 0 8.4 15 80 M M 0 25 100
30 85 74 80 4 0 15 0.00 0.0 0 16.1 22 120 M M 2 39 110
31 86 77 82 6 0 17 0.00 0.0 0 12.8 22 130 M M 4 36 130
================================================================================
SM 2598 2257 0 420 0.06 0.0 318.6 M 89
================================================================================
AV 83.8 72.8 10.3 FASTST M M 3 MAX(MPH)
MISC ----> 29 330 49 330
================================================================================
NOTES:
# LAST OF SEVERAL OCCURRENCES
COLUMN 17 PEAK WIND IN M.P.H.
PRELIMINARY LOCAL CLIMATOLOGICAL DATA (WS FORM: F-6) , PAGE 2
STATION: MARATHON
MONTH: MARCH
YEAR: 2022
LATITUDE: 24 43 N
LONGITUDE: 81 5 W
[TEMPERATURE DATA] [PRECIPITATION DATA] SYMBOLS USED IN COLUMN 16
AVERAGE MONTHLY: 78.3 TOTAL FOR MONTH: 0.06 1 = FOG OR MIST
DPTR FM NORMAL: 3.7 DPTR FM NORMAL: -1.27 2 = FOG REDUCING VISIBILITY
HIGHEST: 89 ON 24 GRTST 24HR 0.03 ON 12-12 TO 1/4 MILE OR LESS
LOWEST: 58 ON 13 3 = THUNDER
SNOW, ICE PELLETS, HAIL 4 = ICE PELLETS
TOTAL MONTH: 0.0 INCH 5 = HAIL
GRTST 24HR 0.0 6 = FREEZING RAIN OR DRIZZLE
GRTST DEPTH: 0 7 = DUSTSTORM OR SANDSTORM:
VSBY 1/2 MILE OR LESS
8 = SMOKE OR HAZE
[NO. OF DAYS WITH] [WEATHER - DAYS WITH] 9 = BLOWING SNOW
X = TORNADO
MAX 32 OR BELOW: 0 0.01 INCH OR MORE: 4
MAX 90 OR ABOVE: 0 0.10 INCH OR MORE: 0
MIN 32 OR BELOW: 0 0.50 INCH OR MORE: 0
MIN 0 OR BELOW: 0 1.00 INCH OR MORE: 0
[HDD (BASE 65) ]
TOTAL THIS MO. 0 CLEAR (SCALE 0-3) 21
DPTR FM NORMAL -5 PTCLDY (SCALE 4-7) 9
TOTAL FM JUL 1 30 CLOUDY (SCALE 8-10) 1
DPTR FM NORMAL -41
[CDD (BASE 65) ]
TOTAL THIS MO. 420
DPTR FM NORMAL 118 [PRESSURE DATA]
TOTAL FM JAN 1 896 HIGHEST SLP M ON M
DPTR FM NORMAL 188 LOWEST SLP 29.87 ON 31
[REMARKS]
#FINAL-03-22#
CORRECTED ALIGNMENT OF SNOW, ICE PELLETS, HAIL TABLE.
CORRECTED SKY COVER TABLE.
CORRECTED HDD DEPARTURE FROM NORMAL SINCE JUL 1.
ROSS/NB