000
CXUS52 KKEY 011920 CCA
CF6MTH
PRELIMINARY LOCAL CLIMATOLOGICAL DATA (WS FORM: F-6)...CORRECTED
STATION: MARATHON
MONTH: JANUARY
YEAR: 2024
LATITUDE: 24 43 N
LONGITUDE: 81 5 W
TEMPERATURE IN F: :PCPN: SNOW: WIND :SUNSHINE: SKY :PK WND
================================================================================
1 2 3 4 5 6A 6B 7 8 9 10 11 12 13 14 15 16 17 18
12Z AVG MX 2MIN
DY MAX MIN AVG DEP HDD CDD WTR SNW DPTH SPD SPD DIR MIN PSBL S-S WX SPD DR
================================================================================
1 72 58 65 -6 0 0 0.00 0.0 0 6.9 12 330 M M 0 18 340
2 74 57 66 -4 0 1 0.00 0.0 0 5.4 10 40 M M 0 14 50
3 76 54 65 -5 0 0 0.00 0.0 0 7.2 13 170 M M 0 20 130
4 78 61 70 0 0 5 0.00 0.0 0 5.5 15 260 M M 5 24 260
5 80 64 72 2 0 7 T 0.0 0 10.1 15 130 M M 3 26 120
6 83 73 78 8 0 13 T 0.0 0 4.7 15 130 M M M 24 130
7 82 65 74 4 0 9 0.28 0.0 0 7.7 23 320 M M 5 8 36 340
8 78 65 72 2 0 7 0.02 0.0 0 11.2 18 110 M M 8 31 120
9 79 73 76 6 0 11 0.00 0.0 0 11.6 20 160 M M 2 36 160
10 77 62 70 0 0 5 0.30 0.0 0 6.4 16 320 M M 9 25 330
11 72 68 70 0 0 5 0.07 0.0 0 11.2 21 50 M M 10 18 26 50
12 84 72 78 8 0 13 0.15 0.0 0 5.5 13 170 M M 3 8 19 170
13 84 70 77 7 0 12 0.00 0.0 0 8.8 15 330 M M 2 8 22 220
14 81 69 75 5 0 10 0.00 0.0 0 11.9 21 60 M M 5 28 40
15 83 75 79 9 0 14 0.00 0.0 0 7.6 13 90 M M 2 21 90
16 83 73 78 8 0 13 0.16 0.0 0 6.6 17 280 M M 6 3 26 260
17 75 67 71 1 0 6 0.06 0.0 0 10.8 20 50 M M 10 38 28 330
18 85 73 79 9 0 14 T 0.0 0 6.1 15 70 M M 4 22 70
19 79 72 76 6 0 11 0.00 0.0 0 4.4 15 330 M M 6 18 23 340
20 76 63 70 0 0 5 0.00 0.0 0 12.5 18 20 M M 6 29 20
21 73 59 66 -4 0 1 0.00 0.0 0 17.4 23 60 M M 1 32 50
22 77 68 73 3 0 8 0.00 0.0 0 13.7 21 70 M M 9 31 100
23 77 71 74 4 0 9 T 0.0 0 11.4 20 90 M M 8 30 90
24 81 74 78 8 0 13 T 0.0 0 10.5 16 120 M M 8 31 140
25 82 75 79 9 0 14 0.01 0.0 0 9.2 17 120 M M 4 8 31 110
26 83 74 79 9 0 14 0.00 0.0 0 8.1 13 110 M M 2 22 110
27 85 74 80 10 0 15 T 0.0 0 5.5 14 130 M M 3 22 120
28 84 67 76 6 0 11 0.00 0.0 0 9.2 20 310 M M 3 33 310
29 69 61 65 -5 0 0 0.00 0.0 0 14.1 21 320 M M 3 32 320
30 68 56 62 -9 3 0 0.00 0.0 0 7.4 14 20 M M 0 22 40
31 71 61 66 -5 0 1 0.00 0.0 0 8.7 15 330 M M 2 24 320
================================================================================
SM 2431 2074 3 247 1.05 0.0 277.3 M 129
================================================================================
AV 78.4 66.9 8.9 FASTST M M 4 MAX(MPH)
MISC ----> # 23 320 # 36 340
================================================================================
NOTES:
# LAST OF SEVERAL OCCURRENCES
COLUMN 17 PEAK WIND IN M.P.H.
PRELIMINARY LOCAL CLIMATOLOGICAL DATA (WS FORM: F-6) , PAGE 2
STATION: MARATHON
MONTH: JANUARY
YEAR: 2024
LATITUDE: 24 43 N
LONGITUDE: 81 5 W
[TEMPERATURE DATA] [PRECIPITATION DATA] SYMBOLS USED IN COLUMN 16
AVERAGE MONTHLY: 72.7 TOTAL FOR MONTH: 1.05 1 = FOG OR MIST
DPTR FM NORMAL: 2.7 DPTR FM NORMAL: -0.59 2 = FOG REDUCING VISIBILITY
HIGHEST: 85 ON 27,18 GRTST 24HR 0.30 ON 10-10 TO 1/4 MILE OR LESS
LOWEST: 54 ON 3 3 = THUNDER
SNOW, ICE PELLETS, HAIL 4 = ICE PELLETS
TOTAL MONTH: 0.0 INCH 5 = HAIL
GRTST 24HR 0.0 6 = FREEZING RAIN OR DRIZZLE
GRTST DEPTH: 0 7 = DUSTSTORM OR SANDSTORM:
VSBY 1/2 MILE OR LESS
8 = SMOKE OR HAZE
[NO. OF DAYS WITH] [WEATHER - DAYS WITH] 9 = BLOWING SNOW
X = TORNADO
MAX 32 OR BELOW: 0 0.01 INCH OR MORE: 8
MAX 90 OR ABOVE: 0 0.10 INCH OR MORE: 4
MIN 32 OR BELOW: 0 0.50 INCH OR MORE: 0
MIN 0 OR BELOW: 0 1.00 INCH OR MORE: 0
[HDD (BASE 65) ]
TOTAL THIS MO. 3 CLEAR (SCALE 0-3) 15
DPTR FM NORMAL -30 PTCLDY (SCALE 4-7) 8
TOTAL FM JUL 1 6 CLOUDY (SCALE 8-10) 7
DPTR FM NORMAL -45
[CDD (BASE 65) ]
TOTAL THIS MO. 247
DPTR FM NORMAL 59 [PRESSURE DATA]
TOTAL FM JAN 1 247 HIGHEST SLP 30.34 ON 22
DPTR FM NORMAL 59 LOWEST SLP 29.81 ON 9
[REMARKS]
#FINAL-01-24#
SOME DATES THIS MONTH UTILIZED DATA FROM THE OFFICIAL BACKUP SITE
LOCATED AT CURRY HAMMOCK STATE PARK (SITE ID: MTEF1). THOSE DATES
ARE INDICATED BELOW, ALONG WITH THE OBSERVATION PARAMETER THAT WAS
BACKED UP (INDICATED BY AN X.)
TEMPERATURE :PCPN:
================================
1 2 3 4 5 6A 6B 7
DY MAX MIN AVG DEP HDD CDD WTR
================================
1 X X
2 X X
3 X X
4 X X
5 X X
6 X X
7 X X
8 X X
9 X X
10 X X
11 X X
12 X X
13 X X
14 X X
15 X X
16 X X
17 X X
18 X X
19 X X
20 X X
21 X X
22 X X
23 X X
24 X X
25 X X
26 X X
27 X X
28 X X
29 X X
30 X X
31 X X
CORRECTED GRTST 24HR PRECIPITATION
CORRECTED ALIGNMENT OF SNOW, ICE PELLETS, AND HAIL TABLE
CORRECTED CLOUD COVER DAYS TABLE
CORRECTED HDD DEPARTURE FROM JUL 1
ROSS