000
CXUS52 KKEY 011344 CCA
CF6MTH
PRELIMINARY LOCAL CLIMATOLOGICAL DATA (WS FORM: F-6)...CORRECTED
STATION: MARATHON
MONTH: JUNE
YEAR: 2020
LATITUDE: 24 43 N
LONGITUDE: 81 5 W
TEMPERATURE IN F: :PCPN: SNOW: WIND :SUNSHINE: SKY :PK WND
================================================================================
1 2 3 4 5 6A 6B 7 8 9 10 11 12 13 14 15 16 17 18
12Z AVG MX 2MIN
DY MAX MIN AVG DEP HDD CDD WTR SNW DPTH SPD SPD DIR MIN PSBL S-S WX SPD DR
================================================================================
1 89 81 85 1 0 20 0.00 0.0 0 7.0 12 90 M M 1 18 90
2 90 83 87 3 0 22 0.00 0.0 0 9.2 14 120 M M 2 21 130
3 86 76 81 -3 0 16 0.07 0.0 0 7.4 14 140 M M 2 1 21 220
4 83 76 80 -4 0 15 0.32 0.0 0 8.2 16 120 M M 3 1 22 130
5 89 82 86 2 0 21 0.00 0.0 0 9.6 14 120 M M 2 22 120
6 90 83 87 3 0 22 T 0.0 0 11.4 16 140 M M 2 24 140
7 90 83 87 2 0 22 0.00 0.0 0 9.5 14 130 M M 0 21 160
8 89 83 86 1 0 21 0.00 0.0 0 5.6 14 160 M M 0 19 150
9 91 82 87 2 0 22 0.00 0.0 0 6.7 9 90 M M 1 14 130
10 92 82 87 2 0 22 0.00 0.0 0 6.3 13 120 M M 1 17 110
11 89 79 84 -1 0 19 0.05 0.0 0 9.0 18 60 M M 2 3 21 60
12 90 79 85 0 0 20 0.05 0.0 0 8.1 15 30 M M 2 18 22 60
13 90 75 83 -2 0 18 0.04 0.0 0 6.7 25 10 M M 2 13 33 10
14 90 77 84 -1 0 19 T 0.0 0 4.1 12 310 M M 2 3 18 360
15 87 74 81 -4 0 16 0.40 0.0 0 2.4 26 30 M M 3 13 34 30
16 87 76 82 -3 0 17 0.04 0.0 0 8.3 20 40 M M 4 13 24 360
17 88 75 82 -3 0 17 0.36 0.0 0 7.5 17 80 M M 5 13 25 140
18 87 78 83 -2 0 18 0.09 0.0 M 7.5 17 130 M M 2 138 26 140
19 89 81 85 0 0 20 0.01 0.0 0 6.4 15 60 M M 2 19 100
20 91 82 87 2 0 22 0.00 0.0 0 5.7 12 160 M M 0 21 140
21 91 79 85 0 0 20 0.05 0.0 0 5.3 10 110 M M 2 13 18 120
22 92 82 87 2 0 22 0.00 0.0 0 5.8 10 120 M M 2 16 80
23 93 83 88 3 0 23 0.00 0.0 0 6.1 10 130 M M 2 17 190
24 94 84 89 4 0 24 0.00 0.0 0 6.2 10 90 M M 1 16 100
25 94 84 89 4 0 24 0.00 0.0 0 9.1 15 80 M M 2 21 80
26 93 84 89 4 0 24 0.00 0.0 0 11.1 16 70 M M 1 3 24 80
27 94 84 89 4 0 24 0.00 0.0 0 9.6 15 90 M M 1 21 80
28 93 84 89 4 0 24 0.00 0.0 0 8.0 12 120 M M 2 17 120
29 94 83 89 4 0 24 0.00 0.0 0 5.4 9 170 M M 1 17 150
30 94 83 89 4 0 24 0.00 0.0 0 4.4 10 170 M M 1 15 190
================================================================================
SM 2709 2417 0 622 1.48 0.0 217.6 M 53
================================================================================
AV 90.3 80.6 7.3 FASTST M M 2 MAX(MPH)
MISC ----> # 26 30 # 34 30
================================================================================
NOTES:
# LAST OF SEVERAL OCCURRENCES
COLUMN 17 PEAK WIND IN M.P.H.
PRELIMINARY LOCAL CLIMATOLOGICAL DATA (WS FORM: F-6) , PAGE 2
STATION: MARATHON
MONTH: JUNE
YEAR: 2020
LATITUDE: 24 43 N
LONGITUDE: 81 5 W
[TEMPERATURE DATA] [PRECIPITATION DATA] SYMBOLS USED IN COLUMN 16
AVERAGE MONTHLY: 85.4 TOTAL FOR MONTH: 1.48 1 = FOG OR MIST
DPTR FM NORMAL: 0.6 DPTR FM NORMAL: -4.13 2 = FOG REDUCING VISIBILITY
HIGHEST: 94 ON 30,29 GRTST 24HR 0.40 ON 15-15 TO 1/4 MILE OR LESS
LOWEST: 74 ON 15 3 = THUNDER
SNOW, ICE PELLETS, HAIL 4 = ICE PELLETS
TOTAL MONTH: 0.0 INCH 5 = HAIL
GRTST 24HR 0.0 6 = FREEZING RAIN OR DRIZZLE
GRTST DEPTH: 0 7 = DUSTSTORM OR SANDSTORM:
VSBY 1/2 MILE OR LESS
8 = SMOKE OR HAZE
[NO. OF DAYS WITH] [WEATHER - DAYS WITH] 9 = BLOWING SNOW
X = TORNADO
MAX 32 OR BELOW: 0 0.01 INCH OR MORE: 11
MAX 90 OR ABOVE: 19 0.10 INCH OR MORE: 3
MIN 32 OR BELOW: 0 0.50 INCH OR MORE: 0
MIN 0 OR BELOW: 0 1.00 INCH OR MORE: 0
[HDD (BASE 65) ]
TOTAL THIS MO. 0 CLEAR (SCALE 0-3) 28
DPTR FM NORMAL 0 PTCLDY (SCALE 4-7) 2
TOTAL FM JUL 1 20 CLOUDY (SCALE 8-10) 0
DPTR FM NORMAL -61
[CDD (BASE 65) ]
TOTAL THIS MO. 622
DPTR FM NORMAL 28 [PRESSURE DATA]
TOTAL FM JAN 1 2614 HIGHEST SLP M ON M
DPTR FM NORMAL 477 LOWEST SLP 29.88 ON 13
[REMARKS]
CORRECTED CLOUD COVER DAYS
#FINAL-06-20#