000
CXUS52 KKEY 011852 CCA
CF6MTH
PRELIMINARY LOCAL CLIMATOLOGICAL DATA (WS FORM: F-6)...CORRECTED
STATION: MARATHON
MONTH: NOVEMBER
YEAR: 2023
LATITUDE: 24 43 N
LONGITUDE: 81 5 W
TEMPERATURE IN F: :PCPN: SNOW: WIND :SUNSHINE: SKY :PK WND
================================================================================
1 2 3 4 5 6A 6B 7 8 9 10 11 12 13 14 15 16 17 18
12Z AVG MX 2MIN
DY MAX MIN AVG DEP HDD CDD WTR SNW DPTH SPD SPD DIR MIN PSBL S-S WX SPD DR
================================================================================
1 83 72 78 0 0 13 0.00 0.0 0 11.9 23 30 M M 2 35 20
2 82 72 77 -1 0 12 T 0.0 0 20.1 28 50 M M 6 1 41 40
3 83 74 79 1 0 14 0.00 0.0 0 17.4 24 40 M M 6 34 30
4 81 74 78 0 0 13 0.00 0.0 0 12.3 22 50 M M 6 30 40
5 78 72 75 -2 0 10 0.00 0.0 0 8.7 16 40 M M 5 23 30
6 80 70 75 -2 0 10 0.00 0.0 0 8.3 17 30 M M 0 25 30
7 83 72 78 1 0 13 0.00 0.0 0 9.2 14 60 M M 0 20 50
8 84 74 79 2 0 14 0.00 0.0 0 8.7 15 70 M M 1 22 70
9 87 77 82 5 0 17 T 0.0 0 7.7 14 90 M M 1 21 110
10 88 78 83 6 0 18 0.00 0.0 0 7.5 13 70 M M 3 21 80
11 88 78 83 7 0 18 0.00 0.0 0 8.7 13 80 M M 2 20 110
12 87 78 83 7 0 18 0.00 0.0 0 9.2 15 70 M M 2 21 100
13 85 76 81 5 0 16 0.00 0.0 0 10.4 15 70 M M 1 21 90
14 85 76 81 5 0 16 0.00 0.0 0 8.0 15 90 M M 1 25 90
15 80 72 76 0 0 11 6.68 0.0 0 13.4 28 20 M M 8 12 45 340
16 82 71 77 1 0 12 0.00 0.0 0 8.1 26 30 M M 3 18 39 40
17 83 71 77 1 0 12 T 0.0 0 2.9 12 280 M M 1 18 290
18 79 73 76 0 0 11 0.03 0.0 0 9.8 17 310 M M 2 1 29 320
19 79 72 76 1 0 11 0.00 0.0 0 8.9 15 350 M M 1 22 20
20 84 72 78 3 0 13 0.00 0.0 0 7.7 14 90 M M 2 22 100
21 84 77 81 6 0 16 0.00 0.0 0 9.6 15 90 M M 2 27 100
22 87 74 81 6 0 16 0.00 0.0 0 4.9 10 120 M M 2 18 130
23 80 73 77 2 0 12 0.63 0.0 0 4.6 14 40 M M 8 1 19 40
24 79 73 76 1 0 11 0.02 0.0 0 5.4 13 30 M M 8 1 18 30
25 82 74 78 3 0 13 0.00 0.0 0 7.8 14 50 M M 3 19 10
26 86 76 81 6 0 16 0.00 0.0 0 4.9 10 140 M M 1 19 140
27 81 73 77 2 0 12 0.00 0.0 0 6.6 14 340 M M 1 20 340
28 76 66 71 -4 0 6 0.00 0.0 0 10.0 16 20 M M 0 24 20
29 72 64 68 -7 0 3 0.00 0.0 0 12.2 17 30 M M 4 24 20
30 82 70 76 2 0 11 0.00 0.0 0 10.1 16 40 M M 3 25 40
================================================================================
SM 2470 2194 0 388 7.36 0.0 275.0 M 85
================================================================================
AV 82.3 73.1 9.2 FASTST M M 3 MAX(MPH)
MISC ----> # 28 50 45 340
================================================================================
NOTES:
# LAST OF SEVERAL OCCURRENCES
COLUMN 17 PEAK WIND IN M.P.H.
PRELIMINARY LOCAL CLIMATOLOGICAL DATA (WS FORM: F-6) , PAGE 2
STATION: MARATHON
MONTH: NOVEMBER
YEAR: 2023
LATITUDE: 24 43 N
LONGITUDE: 81 5 W
[TEMPERATURE DATA] [PRECIPITATION DATA] SYMBOLS USED IN COLUMN 16
AVERAGE MONTHLY: 77.7 TOTAL FOR MONTH: 7.36 1 = FOG OR MIST
DPTR FM NORMAL: 1.7 DPTR FM NORMAL: 5.57 2 = FOG REDUCING VISIBILITY
HIGHEST: 88 ON 11,10 GRTST 24HR 6.68 ON 15-15 TO 1/4 MILE OR LESS
LOWEST: 64 ON 29 3 = THUNDER
SNOW, ICE PELLETS, HAIL 4 = ICE PELLETS
TOTAL MONTH: 0.0 INCH 5 = HAIL
GRTST 24HR 0.0 6 = FREEZING RAIN OR DRIZZLE
GRTST DEPTH: 0 7 = DUSTSTORM OR SANDSTORM:
VSBY 1/2 MILE OR LESS
8 = SMOKE OR HAZE
[NO. OF DAYS WITH] [WEATHER - DAYS WITH] 9 = BLOWING SNOW
X = TORNADO
MAX 32 OR BELOW: 0 0.01 INCH OR MORE: 4
MAX 90 OR ABOVE: 0 0.10 INCH OR MORE: 2
MIN 32 OR BELOW: 0 0.50 INCH OR MORE: 2
MIN 0 OR BELOW: 0 1.00 INCH OR MORE: 1
[HDD (BASE 65) ]
TOTAL THIS MO. 0 CLEAR (SCALE 0-3) 22
DPTR FM NORMAL -1 PTCLDY (SCALE 4-7) 5
TOTAL FM JUL 1 0 CLOUDY (SCALE 8-10) 3
DPTR FM NORMAL -1
[CDD (BASE 65) ]
TOTAL THIS MO. 388
DPTR FM NORMAL 57 [PRESSURE DATA]
TOTAL FM JAN 1 5870 HIGHEST SLP M ON M
DPTR FM NORMAL 999 LOWEST SLP 29.73 ON 17
[REMARKS]
#FINAL-11-23#
CORRECTED MISSING SNOW DEPTH ON 22ND AND 25TH TO 0 INCHES
CORRECTED ALIGNMENT OF SNOW, ICE PELLETS, HAIL TABLE
CORRECTED CLOUD COVER DAYS TABLE
CORRECTED HDD DEPARTURE FROM JULY 1 NORMAL TOTAL TO -1
ROSS