000
CXUS53 KILX 250900
CF6MTO
PRELIMINARY LOCAL CLIMATOLOGICAL DATA (WS FORM: F-6)
STATION: MATTOON IL AIRPORT
MONTH: APRIL
YEAR: 2024
LATITUDE: 39 28 N
LONGITUDE: 88 17 W
TEMPERATURE IN F: :PCPN: SNOW: WIND :SUNSHINE: SKY :PK WND
================================================================================
1 2 3 4 5 6A 6B 7 8 9 10 11 12 13 14 15 16 17 18
12Z AVG MX 2MIN
DY MAX MIN AVG DEP HDD CDD WTR SNW DPTH SPD SPD DIR MIN PSBL S-S WX SPD DR
================================================================================
1 72 52 62 14 3 0 2.25 M M 7.6 30 320 M M 7 13 44 320
2 67 39 53 4 12 0 0.48 M M 17.3 37 270 M M 9 13 52 260
3 41 35 38 -11 27 0 0.08 M M 18.7 32 260 M M 10 1 49 270
4 40 36 38 -12 27 0 0.09 M M 14.7 22 300 M M 10 18 35 270
5 46 31 39 -11 26 0 0.00 M M 8.3 15 330 M M 8 23 290
6 55 28 42 -8 23 0 0.00 M M 5.9 14 130 M M 0 19 100
7 60 43 52 1 13 0 0.14 M M 13.6 28 120 M M 6 3 43 150
8 72 51 62 11 3 0 0.00 M M 8.7 14 210 M M 0 19 190
9 70 55 63 12 2 0 T M M 6.3 14 290 M M 4 21 290
10 59 50 55 3 10 0 1.14 M M 10.0 18 30 M M 9 1 33 30
11 62 48 55 3 10 0 0.28 M M 17.7 29 360 M M 9 1 42 10
12 63 45 54 2 11 0 0.23 M M 18.8 36 300 M M 5 1 51 300
13 70 44 57 4 8 0 0.00 M M 8.6 16 190 M M 0 24 170
14 79 60 70 17 0 5 0.00 M M 10.1 20 220 M M 0 35 240
15 84 58 71 18 0 6 0.00 M M 6.8 14 100 M M 0 22 100
16 81 62 72 18 0 7 0.15 M M 14.8 32 140 M M 4 3 47 190
17 71 54 63 9 2 0 0.00 M M 13.6 32 270 M M 3 49 260
18 76 47 62 8 3 0 0.95 M M 8.1 30 350 M M 4 13 38 260
19 58 45 52 -3 13 0 0.01 M M 13.8 30 350 M M 3 1 42 330
20 54 36 45 -10 20 0 0.00 M M 11.9 22 300 M M 1 32 300
21 56 34 45 -11 20 0 0.00 M M 8.5 22 340 M M 1 37 350
22 63 42 53 -3 12 0 0.00 M M 8.8 18 220 M M 0 32 240
23 62 49 56 0 9 0 0.29 M M 9.7 16 270 M M 4 1 29 230
24 52 36 44 -13 21 0 0.00 M M 10.7 17 20 M M 4 1 33 30
================================================================================
SM 1513 1080 275 18 6.09 M 273.0 M 101
================================================================================
AV 63.0 45.0 11.4 FASTST M M 4 MAX(MPH)
MISC ----> 37 270 52 260
================================================================================
NOTES:
# LAST OF SEVERAL OCCURRENCES
COLUMN 17 PEAK WIND IN M.P.H.
PRELIMINARY LOCAL CLIMATOLOGICAL DATA (WS FORM: F-6) , PAGE 2
STATION: MATTOON IL AIRPORT
MONTH: APRIL
YEAR: 2024
LATITUDE: 39 28 N
LONGITUDE: 88 17 W
[TEMPERATURE DATA] [PRECIPITATION DATA] SYMBOLS USED IN COLUMN 16
AVERAGE MONTHLY: 54.0 TOTAL FOR MONTH: 6.09 1 = FOG OR MIST
DPTR FM NORMAL: 1.5 DPTR FM NORMAL: 2.91 2 = FOG REDUCING VISIBILITY
HIGHEST: 84 ON 15 GRTST 24HR 2.73 ON 1- 2 TO 1/4 MILE OR LESS
LOWEST: 28 ON 6 3 = THUNDER
SNOW, ICE PELLETS, HAIL 4 = ICE PELLETS
TOTAL MONTH: M 5 = HAIL
GRTST 24HR M ON M 6 = FREEZING RAIN OR DRIZZLE
GRTST DEPTH: M ON M 7 = DUSTSTORM OR SANDSTORM:
VSBY 1/2 MILE OR LESS
8 = SMOKE OR HAZE
[NO. OF DAYS WITH] [WEATHER - DAYS WITH] 9 = BLOWING SNOW
X = TORNADO
MAX 32 OR BELOW: 0 0.01 INCH OR MORE: 12
MAX 90 OR ABOVE: 0 0.10 INCH OR MORE: 9
MIN 32 OR BELOW: 2 0.50 INCH OR MORE: 3
MIN 0 OR BELOW: 0 1.00 INCH OR MORE: 2
[HDD (BASE 65) ]
TOTAL THIS MO. 275 CLEAR (SCALE 0-3) 10
DPTR FM NORMAL -33 PTCLDY (SCALE 4-7) 8
TOTAL FM JUL 1 4093 CLOUDY (SCALE 8-10) 6
DPTR FM NORMAL -1022
[CDD (BASE 65) ]
TOTAL THIS MO. 18
DPTR FM NORMAL 18 [PRESSURE DATA]
TOTAL FM JAN 1 18 HIGHEST SLP M ON M
DPTR FM NORMAL 15 LOWEST SLP 29.34 ON 2
[REMARKS]