000
CXUS53 KILX 011000
CF6MTO
PRELIMINARY LOCAL CLIMATOLOGICAL DATA (WS FORM: F-6)
STATION: MATTOON IL AIRPORT
MONTH: FEBRUARY
YEAR: 2023
LATITUDE: 39 28 N
LONGITUDE: 88 17 W
TEMPERATURE IN F: :PCPN: SNOW: WIND :SUNSHINE: SKY :PK WND
================================================================================
1 2 3 4 5 6A 6B 7 8 9 10 11 12 13 14 15 16 17 18
12Z AVG MX 2MIN
DY MAX MIN AVG DEP HDD CDD WTR SNW DPTH SPD SPD DIR MIN PSBL S-S WX SPD DR
================================================================================
1 28 9 19 -9 46 0 0.00 M M 3.4 10 190 M M 0 15 180
2 43 20 32 4 33 0 0.00 M M 11.8 29 350 M M 0 40 330
3 21 9 15 -14 50 0 0.00 M M 9.7 29 350 M M 1 37 350
4 46 16 31 2 34 0 0.00 M M 15.1 21 180 M M 0 41 170
5 55 30 43 14 22 0 0.00 M M 11.0 21 280 M M 1 35 270
6 51 26 39 10 26 0 0.00 M M 11.4 21 150 M M 1 18 37 150
7 55 33 44 14 21 0 T M M 9.2 18 280 M M 3 30 270
8 47 27 37 7 28 0 0.30 M M 6.8 17 110 M M 5 18 23 110
9 58 37 48 18 17 0 0.44 M M 16.1 30 190 M M 10 18 57 200
10 43 25 34 4 31 0 0.00 M M 9.1 17 310 M M 5 18 23 300
11 47 22 35 4 30 0 0.00 M M 2.3 10 350 M M 0 15 360
12 53 22 38 7 27 0 0.00 M M 4.5 10 190 M M 0 17 190
13 58 M M M M M 0.00 M M M M M M M M M M
14 56 35 46 14 19 0 0.06 M M 14.4 25 150 M M 9 46 160
15 59 37 48 16 17 0 0.00 M M 11.2 20 180 M M 2 37 190
16 46 29 38 6 27 0 0.20 M M 14.4 30 350 M M 9 128 44 270
17 30 25 28 -5 37 0 T M M 12.8 30 350 M M 7 38 360
18 48 25 37 4 28 0 0.00 M M 12.9 18 190 M M 0 34 200
19 56 39 48 15 17 0 0.00 M M 11.8 18 190 M M 2 37 210
20 59 32 46 12 19 0 0.00 M M 6.3 22 270 M M 1 35 270
21 49 33 41 7 24 0 T M M 10.6 22 300 M M 4 32 350
22 69 47 58 24 7 0 0.48 M M 11.3 26 220 M M 8 13 49 200
23 57 25 41 6 24 0 0.00 M M 15.7 29 270 M M 2 41 270
24 39 20 30 -5 35 0 0.00 M M 10.2 24 110 M M 2 32 100
25 39 31 35 0 30 0 0.05 M M 5.5 14 320 M M 7 16 19 310
26 54 26 40 4 25 0 T M M 5.3 18 150 M M 3 1 28 170
27 66 45 56 20 9 0 0.31 M M 18.9 32 270 M M 10 13 56 240
28 52 41 47 11 18 0 0.00 M M 10.6 23 280 M M 5 31 270
================================================================================
SM 1384 766 701 0 1.84 M 282.3 M 97
================================================================================
AV 49.4 28.4 10.5 FASTST M M 4 MAX(MPH)
MISC ----> 32 270 57 200
================================================================================
NOTES:
# LAST OF SEVERAL OCCURRENCES
COLUMN 17 PEAK WIND IN M.P.H.
PRELIMINARY LOCAL CLIMATOLOGICAL DATA (WS FORM: F-6) , PAGE 2
STATION: MATTOON IL AIRPORT
MONTH: FEBRUARY
YEAR: 2023
LATITUDE: 39 28 N
LONGITUDE: 88 17 W
[TEMPERATURE DATA] [PRECIPITATION DATA] SYMBOLS USED IN COLUMN 16
AVERAGE MONTHLY: 38.9 TOTAL FOR MONTH: 1.84 1 = FOG OR MIST
DPTR FM NORMAL: 6.9 DPTR FM NORMAL: 0.03 2 = FOG REDUCING VISIBILITY
HIGHEST: 69 ON 22 GRTST 24HR 0.74 ON 8- 9 TO 1/4 MILE OR LESS
LOWEST: 9 ON 3, 1 3 = THUNDER
SNOW, ICE PELLETS, HAIL 4 = ICE PELLETS
TOTAL MONTH: M 5 = HAIL
GRTST 24HR M ON M 6 = FREEZING RAIN OR DRIZZLE
GRTST DEPTH: M ON M 7 = DUSTSTORM OR SANDSTORM:
VSBY 1/2 MILE OR LESS
8 = SMOKE OR HAZE
[NO. OF DAYS WITH] [WEATHER - DAYS WITH] 9 = BLOWING SNOW
X = TORNADO
MAX 32 OR BELOW: 3 0.01 INCH OR MORE: 7
MAX 90 OR ABOVE: 0 0.10 INCH OR MORE: 5
MIN 32 OR BELOW: 18 0.50 INCH OR MORE: 0
MIN 0 OR BELOW: 0 1.00 INCH OR MORE: 0
[HDD (BASE 65) ]
TOTAL THIS MO. 701 CLEAR (SCALE 0-3) 14
DPTR FM NORMAL -223 PTCLDY (SCALE 4-7) 9
TOTAL FM JUL 1 3608 CLOUDY (SCALE 8-10) 5
DPTR FM NORMAL -501
[CDD (BASE 65) ]
TOTAL THIS MO. 0
DPTR FM NORMAL 0 [PRESSURE DATA]
TOTAL FM JAN 1 0 HIGHEST SLP 30.66 ON 3
DPTR FM NORMAL 0 LOWEST SLP 29.14 ON 27
[REMARKS]
#FINAL-02-23#