000
CXUS53 KGRB 310716
CF6MTW
PRELIMINARY LOCAL CLIMATOLOGICAL DATA (WS FORM: F-6)
STATION: MANITOWOC AWOS
MONTH: MARCH
YEAR: 2023
LATITUDE: 44 7 N
LONGITUDE: 87 40 W
TEMPERATURE IN F: :PCPN: SNOW: WIND :SUNSHINE: SKY :PK WND
================================================================================
1 2 3 4 5 6A 6B 7 8 9 10 11 12 13 14 15 16 17 18
12Z AVG MX 2MIN
DY MAX MIN AVG DEP HDD CDD WTR SNW DPTH SPD SPD DIR MIN PSBL S-S WX SPD DR
================================================================================
1 40 32 36 M 29 0 0.14 M M 4.1 10 100 M M 9 1 M M
2 35 20 28 M 37 0 M M M 7.4 16 350 M M 8 1 22 350
3 37 19 28 M 37 0 M M M 6.2 13 110 M M 4 M M
4 41 26 34 M 31 0 M M M 6.9 10 190 M M 5 1 M M
5 42 28 35 M 30 0 M M M 6.3 13 120 M M 2 M M
6 38 32 35 M 30 0 M M M 11.2 27 120 M M 10 1 32 120
7 38 27 33 M 32 0 M M M 6.7 14 40 M M 2 21 40
8 39 21 30 M 35 0 M M M 4.1 8 100 M M 2 M M
9 37 31 34 M 31 0 0.05 M M 7.6 13 40 M M 9 1 20 50
10 35 26 31 M 34 0 0.15 M M 10.6 17 20 M M 10 1 24 10
11 32 25 29 M 36 0 0.01 M M 7.6 12 340 M M 10 1 20 60
12 34 29 32 M 33 0 0.27 M M 9.9 15 130 M M 10 1 M M
13 30 14 22 M 43 0 0.02 M M 11.2 21 350 M M 7 1 26 340
14 34 8 21 M 44 0 T M M 6.7 12 320 M M 0 M M
15 38 3 21 M 44 0 M M M 9.8 21 180 M M 2 M M
16 38 36 37 M 28 0 0.40 M M 7.1 13 170 M M 9 1 M M
17 37 18 28 M 37 0 0.09 M M 19.2 28 270 M M 9 1 39 300
18 25 10 18 M 47 0 T M M 16.0 24 310 M M 7 1 32 280
19 37 17 27 M 38 0 M M M 13.8 21 250 M M 0 30 260
20 42 32 37 M 28 0 M M M 9.6 17 220 M M 3 23 220
21 39 28 34 M 31 0 T M M 8.0 13 60 M M 6 1 20 60
22 43 30 37 M 28 0 0.02 M M 10.9 18 180 M M 8 1 23 180
23 41 25 33 M 32 0 M M M 6.5 12 310 M M 3 17 320
24 40 23 32 M 33 0 M M M 5.1 12 100 M M 0 1 M M
25 37 30 34 M 31 0 0.06 M M 12.7 23 340 M M 7 1 35 330
26 45 28 37 M 28 0 M M M 6.3 10 90 M M 2 M M
27 42 26 34 M 31 0 M M M 7.2 14 330 M M 0 17 340
28 42 26 34 M 31 0 M M M 7.4 14 260 M M 0 M M
29 38 17 28 M 37 0 0.01 M M 10.8 20 320 M M 2 1 31 270
30 37 14 26 M 39 0 0.15 M M 9.4 22 170 M M 4 31 170
================================================================================
SM 1133 701 1025 0 1.37 M 266.5 M 150
================================================================================
AV 37.8 23.4 8.9 FASTST M M 5 MAX(MPH)
MISC ----> 28 270 39 300
================================================================================
NOTES:
# LAST OF SEVERAL OCCURRENCES
COLUMN 17 PEAK WIND IN M.P.H.
PRELIMINARY LOCAL CLIMATOLOGICAL DATA (WS FORM: F-6) , PAGE 2
STATION: MANITOWOC AWOS
MONTH: MARCH
YEAR: 2023
LATITUDE: 44 7 N
LONGITUDE: 87 40 W
[TEMPERATURE DATA] [PRECIPITATION DATA] SYMBOLS USED IN COLUMN 16
AVERAGE MONTHLY: 30.6 TOTAL FOR MONTH: 1.37 1 = FOG OR MIST
DPTR FM NORMAL: 0.0 DPTR FM NORMAL: 1.37 2 = FOG REDUCING VISIBILITY
HIGHEST: 45 ON 26 GRTST 24HR 0.49 ON 16-17 TO 1/4 MILE OR LESS
LOWEST: 3 ON 15 3 = THUNDER
SNOW, ICE PELLETS, HAIL 4 = ICE PELLETS
TOTAL MONTH: M 5 = HAIL
GRTST 24HR M ON M 6 = FREEZING RAIN OR DRIZZLE
GRTST DEPTH: M ON M 7 = DUSTSTORM OR SANDSTORM:
VSBY 1/2 MILE OR LESS
8 = SMOKE OR HAZE
[NO. OF DAYS WITH] [WEATHER - DAYS WITH] 9 = BLOWING SNOW
X = TORNADO
MAX 32 OR BELOW: 3 0.01 INCH OR MORE: 12
MAX 90 OR ABOVE: 0 0.10 INCH OR MORE: 5
MIN 32 OR BELOW: 29 0.50 INCH OR MORE: 0
MIN 0 OR BELOW: 0 1.00 INCH OR MORE: 0
[HDD (BASE 65) ]
TOTAL THIS MO. 1025 CLEAR (SCALE 0-3) 11
DPTR FM NORMAL M PTCLDY (SCALE 4-7) 10
TOTAL FM JUL 1 6013 CLOUDY (SCALE 8-10) 9
DPTR FM NORMAL 4218
[CDD (BASE 65) ]
TOTAL THIS MO. 0
DPTR FM NORMAL M [PRESSURE DATA]
TOTAL FM JAN 1 0 HIGHEST SLP M ON M
DPTR FM NORMAL 0 LOWEST SLP M ON M
[REMARKS]