000
CXUS55 KBOI 011002
CF6MUO
PRELIMINARY LOCAL CLIMATOLOGICAL DATA (WS FORM: F-6)
STATION: MOUNTAIN HOME AFB
MONTH: SEPTEMBER
YEAR: 2023
LATITUDE: 43 2 N
LONGITUDE: 115 52 W
TEMPERATURE IN F: :PCPN: SNOW: WIND :SUNSHINE: SKY :PK WND
================================================================================
1 2 3 4 5 6A 6B 7 8 9 10 11 12 13 14 15 16 17 18
12Z AVG MX 2MIN
DY MAX MIN AVG DEP HDD CDD WTR SNW DPTH SPD SPD DIR MIN PSBL S-S WX SPD DR
================================================================================
1 86 59 73 4 0 8 T M M 9.7 21 100 M M 4 33 90
2 82 64 73 4 0 8 0.08 M M 7.5 16 120 M M 4 M M
3 70 60 65 -4 0 0 0.05 M M 5.8 12 220 M M 7 M M
4 75 52 64 -4 1 0 T M M 12.5 21 290 M M 3 31 280
5 82 47 65 -3 0 0 0.00 M M 7.6 14 100 M M 1 M M
6 86 53 70 3 0 5 T M M 12.2 21 100 M M 3 27 100
7 90 56 73 6 0 8 T M M 6.4 14 100 M M 2 M M
8 86 51 69 2 0 4 0.00 M M 4.9 13 340 M M 0 M M
9 89 48 69 3 0 4 0.00 M M 4.8 9 310 M M 0 M M
10 91 52 72 6 0 7 0.00 M M 7.1 18 90 M M 1 M M
11 91 51 71 6 0 6 0.00 M M 7.6 17 100 M M 1 8 M M
12 88 56 72 7 0 7 0.00 M M 5.0 10 310 M M 3 M M
13 82 56 69 4 0 4 0.00 M M 13.2 22 310 M M 1 30 300
14 82 49 66 2 0 1 0.00 M M 6.3 14 280 M M 0 M M
15 86 46 66 2 0 1 0.00 M M 5.5 15 90 M M 0 M M
16 90 48 69 6 0 4 0.00 M M 6.7 17 100 M M 0 M M
17 90 50 70 7 0 5 0.00 M M 6.9 13 110 M M 0 M M
18 86 49 68 5 0 3 T M M 4.7 12 310 M M 2 M M
19 78 49 64 2 1 0 0.00 M M 5.7 12 280 M M 0 M M
20 71 37 54 -8 11 0 T M M 10.2 25 310 M M 0 33 300
21 65 37 51 -10 14 0 0.00 M M 6.7 17 300 M M 2 27 290
22 68 45 57 -4 8 0 T M M 8.5 20 290 M M 3 23 280
23 75 41 58 -3 7 0 0.00 M M 11.2 21 100 M M 0 18 110
24 78 49 64 4 1 0 0.00 M M 11.5 22 100 M M 6 M M
25 87 55 71 11 0 6 0.00 M M 12.2 22 100 M M 3 8 29 100
26 81 45 63 4 2 0 0.00 M M 8.8 20 310 M M 1 25 290
27 73 40 57 -2 8 0 0.00 M M 8.8 17 320 M M 2 23 320
28 69 39 54 -5 11 0 0.00 M M 8.4 15 310 M M 1 18 290
29 76 37 57 -1 8 0 0.00 M M 8.0 14 110 M M 1 M M
30 58 46 52 -6 13 0 0.18 M M 11.4 20 310 M M 8 25 300
================================================================================
SM 2411 1467 85 81 0.31 M 245.7 M 59
================================================================================
AV 80.4 48.9 8.2 FASTST M M 2 MAX(MPH)
MISC ----> 25 310 33 90
================================================================================
NOTES:
# LAST OF SEVERAL OCCURRENCES
COLUMN 17 PEAK WIND IN M.P.H.
PRELIMINARY LOCAL CLIMATOLOGICAL DATA (WS FORM: F-6) , PAGE 2
STATION: MOUNTAIN HOME AFB
MONTH: SEPTEMBER
YEAR: 2023
LATITUDE: 43 2 N
LONGITUDE: 115 52 W
[TEMPERATURE DATA] [PRECIPITATION DATA] SYMBOLS USED IN COLUMN 16
AVERAGE MONTHLY: 64.6 TOTAL FOR MONTH: 0.31 1 = FOG OR MIST
DPTR FM NORMAL: 1.1 DPTR FM NORMAL: -0.19 2 = FOG REDUCING VISIBILITY
HIGHEST: 91 ON 11,10 GRTST 24HR 0.18 ON 30-30 TO 1/4 MILE OR LESS
LOWEST: 37 ON 29,21 3 = THUNDER
SNOW, ICE PELLETS, HAIL 4 = ICE PELLETS
TOTAL MONTH: M 5 = HAIL
GRTST 24HR M ON M 6 = FREEZING RAIN OR DRIZZLE
GRTST DEPTH: M ON M 7 = DUSTSTORM OR SANDSTORM:
VSBY 1/2 MILE OR LESS
8 = SMOKE OR HAZE
[NO. OF DAYS WITH] [WEATHER - DAYS WITH] 9 = BLOWING SNOW
X = TORNADO
MAX 32 OR BELOW: 0 0.01 INCH OR MORE: 3
MAX 90 OR ABOVE: 5 0.10 INCH OR MORE: 1
MIN 32 OR BELOW: 0 0.50 INCH OR MORE: 0
MIN 0 OR BELOW: 0 1.00 INCH OR MORE: 0
[HDD (BASE 65) ]
TOTAL THIS MO. 85 CLEAR (SCALE 0-3) 23
DPTR FM NORMAL -34 PTCLDY (SCALE 4-7) 6
TOTAL FM JUL 1 85 CLOUDY (SCALE 8-10) 1
DPTR FM NORMAL -48
[CDD (BASE 65) ]
TOTAL THIS MO. 81
DPTR FM NORMAL -9 [PRESSURE DATA]
TOTAL FM JAN 1 928 HIGHEST SLP M ON M
DPTR FM NORMAL 17 LOWEST SLP M ON M
[REMARKS]
#FINAL-09-23#