000
CXUS51 KBTV 010700
CF6MVL
PRELIMINARY LOCAL CLIMATOLOGICAL DATA (WS FORM: F-6)
STATION: MORRISVILLE VT
MONTH: SEPTEMBER
YEAR: 2021
LATITUDE: 44 31 N
LONGITUDE: 72 37 W
TEMPERATURE IN F: :PCPN: SNOW: WIND :SUNSHINE: SKY :PK WND
================================================================================
1 2 3 4 5 6A 6B 7 8 9 10 11 12 13 14 15 16 17 18
12Z AVG MX 2MIN
DY MAX MIN AVG DEP HDD CDD WTR SNW DPTH SPD SPD DIR MIN PSBL S-S WX SPD DR
================================================================================
1 70 50 60 -3 5 0 0.00 M M 1.4 8 30 M M 2 12 10 200
2 67 51 59 -3 6 0 0.02 M M 5.7 20 330 M M 7 12 28 330
3 70 56 63 1 2 0 0.03 M M 4.1 16 10 M M 8 1 21 10
4 73 48 61 -1 4 0 0.00 M M 4.8 14 10 M M 4 18 10
5 71 49 60 -2 5 0 0.00 M M 3.1 14 190 M M 6 18 220
6 73 53 63 2 2 0 0.39 M M 2.9 15 230 M M 7 1238 24 240
7 73 51 62 1 3 0 0.00 M M 1.9 13 310 M M 5 1 18 300
8 79 49 64 3 1 0 1.28 M M 4.3 17 170 M M 6 123 23 170
9 72 60 66 6 0 1 0.00 M M 0.6 6 160 M M 5 12 8 150
10 64 45 55 -5 10 0 0.05 M M 4.2 14 320 M M 7 1 20 310
11 72 44 58 -2 7 0 0.00 M M 3.2 16 190 M M 3 1 20 200
12 76 51 64 5 1 0 0.06 M M 4.7 16 200 M M 4 1 22 200
13 71 48 60 1 5 0 T M M 2.3 15 350 M M 6 1 22 310
14 73 46 60 2 5 0 0.00 M M 3.4 14 180 M M 7 12 21 170
15 80 56 68 10 0 3 0.42 M M 4.6 17 300 M M 7 13 27 290
16 74 50 62 4 3 0 0.00 M M 1.1 8 350 M M 2 128 11 330
17 72 51 62 5 3 0 0.00 M M 2.6 13 170 M M 9 17 170
18 77 46 62 5 3 0 0.01 M M 3.1 17 360 M M 6 12 22 360
19 68 43 56 -1 9 0 0.00 M M 2.9 12 340 M M 4 12 15 360
20 75 42 59 3 6 0 0.00 M M 2.6 12 160 M M 4 12 15 160
21 74 48 61 5 4 0 0.00 M M 4.0 17 180 M M 0 1 25 180
22 77 49 63 8 2 0 0.00 M M 7.7 21 180 M M 4 28 160
23 80 68 74 19 0 9 T M M 12.5 24 150 M M 6 32 150
24 73 47 60 6 5 0 0.58 M M 6.3 24 170 M M 6 1 32 160
25 72 46 59 5 6 0 0.00 M M 1.7 8 200 M M 4 12 10 210
26 67 50 59 5 6 0 0.04 M M 3.4 14 330 M M 8 12 21 320
27 60 46 53 0 12 0 0.24 M M 1.6 9 10 M M 8 1 11 10
28 61 38 50 -3 15 0 0.00 M M 5.3 17 360 M M 5 1 20 10
29 53 37 45 -7 20 0 T M M 1.2 8 350 M M 10 12 11 350
30 57 41 49 -3 16 0 0.04 M M 4.0 13 320 M M 10 12 18 10
================================================================================
SM 2124 1459 166 13 3.16 M 111.2 M 170
================================================================================
AV 70.8 48.6 3.7 FASTST M M 6 MAX(MPH)
MISC ----> # 24 150 # 32 150
================================================================================
NOTES:
# LAST OF SEVERAL OCCURRENCES
COLUMN 17 PEAK WIND IN M.P.H.
PRELIMINARY LOCAL CLIMATOLOGICAL DATA (WS FORM: F-6) , PAGE 2
STATION: MORRISVILLE VT
MONTH: SEPTEMBER
YEAR: 2021
LATITUDE: 44 31 N
LONGITUDE: 72 37 W
[TEMPERATURE DATA] [PRECIPITATION DATA] SYMBOLS USED IN COLUMN 16
AVERAGE MONTHLY: 59.7 TOTAL FOR MONTH: 3.16 1 = FOG OR MIST
DPTR FM NORMAL: 2.0 DPTR FM NORMAL: 0.01 2 = FOG REDUCING VISIBILITY
HIGHEST: 80 ON 23,15 GRTST 24HR 1.28 ON 8- 8 TO 1/4 MILE OR LESS
LOWEST: 37 ON 29 3 = THUNDER
SNOW, ICE PELLETS, HAIL 4 = ICE PELLETS
TOTAL MONTH: M 5 = HAIL
GRTST 24HR M ON M 6 = FREEZING RAIN OR DRIZZLE
GRTST DEPTH: M ON M 7 = DUSTSTORM OR SANDSTORM:
VSBY 1/2 MILE OR LESS
8 = SMOKE OR HAZE
[NO. OF DAYS WITH] [WEATHER - DAYS WITH] 9 = BLOWING SNOW
X = TORNADO
MAX 32 OR BELOW: 0 0.01 INCH OR MORE: 12
MAX 90 OR ABOVE: 0 0.10 INCH OR MORE: 5
MIN 32 OR BELOW: 0 0.50 INCH OR MORE: 2
MIN 0 OR BELOW: 0 1.00 INCH OR MORE: 1
[HDD (BASE 65) ]
TOTAL THIS MO. 166 CLEAR (SCALE 0-3) 3
DPTR FM NORMAL -75 PTCLDY (SCALE 4-7) 24
TOTAL FM JUL 1 235 CLOUDY (SCALE 8-10) 3
DPTR FM NORMAL -112
[CDD (BASE 65) ]
TOTAL THIS MO. 13
DPTR FM NORMAL -9 [PRESSURE DATA]
TOTAL FM JAN 1 425 HIGHEST SLP M ON M
DPTR FM NORMAL 180 LOWEST SLP 29.67 ON 6
[REMARKS]
#FINAL-09-21#