000
CXUS56 KOTX 010910
CF6MWH
PRELIMINARY LOCAL CLIMATOLOGICAL DATA (WS FORM: F-6)
STATION: MOSES LAKE WA AIRPORT
MONTH: SEPTEMBER
YEAR: 2022
LATITUDE: 47 12 N
LONGITUDE: 119 19 W
TEMPERATURE IN F: :PCPN: SNOW: WIND :SUNSHINE: SKY :PK WND
================================================================================
1 2 3 4 5 6A 6B 7 8 9 10 11 12 13 14 15 16 17 18
12Z AVG MX 2MIN
DY MAX MIN AVG DEP HDD CDD WTR SNW DPTH SPD SPD DIR MIN PSBL S-S WX SPD DR
================================================================================
1 96 62 79 11 0 14 0.00 M M 5.4 13 200 M M 0 8 16 200
2 98 54 76 8 0 11 0.00 M M 6.3 14 10 M M 0 15 10
3 83 61 72 5 0 7 0.10 M M 5.2 24 140 M M 1 3 28 140
4 88 54 71 4 0 6 0.00 M M 6.5 16 170 M M 0 19 160
5 83 55 69 2 0 4 0.00 M M 5.8 13 200 M M 0 18 220
6 89 46 68 2 0 3 0.00 M M 5.6 10 250 M M 0 13 40
7 92 50 71 5 0 6 0.00 M M 7.8 20 310 M M 0 24 310
8 82 58 70 4 0 5 0.00 M M 11.9 29 360 M M 1 8 34 360
9 83 53 68 3 0 3 0.00 M M 10.1 21 20 M M 0 8 26 40
10 86 50 68 3 0 3 0.00 M M 7.1 15 60 M M 0 19 70
11 82 49 66 1 0 1 0.00 M M 4.6 12 40 M M 2 8 15 30
12 78 56 67 3 0 2 0.00 M M 6.1 15 250 M M 0 8 17 240
13 81 51 66 2 0 1 0.00 M M 4.0 10 180 M M 1 18 14 230
14 76 53 65 1 0 0 0.00 M M 3.2 9 360 M M 2 8 12 180
15 77 50 64 1 1 0 0.00 M M 3.7 10 200 M M 0 8 15 140
16 76 48 62 -1 3 0 0.00 M M 7.3 18 270 M M 0 23 280
17 73 41 57 -5 8 0 T M M 6.7 13 340 M M 0 8 16 20
18 80 53 67 5 0 2 0.01 M M 8.3 17 10 M M 4 8 22 10
19 77 44 61 -1 4 0 0.00 M M 5.3 17 360 M M 0 22 360
20 80 48 64 3 1 0 0.00 M M 12.2 23 30 M M 0 29 360
21 78 46 62 1 3 0 0.00 M M 8.5 17 360 M M 0 21 20
22 80 50 65 5 0 0 0.00 M M 9.1 21 260 M M 0 26 250
23 76 45 61 1 4 0 0.00 M M 4.6 13 180 M M 0 15 180
24 79 43 61 1 4 0 0.00 M M 3.6 9 10 M M 0 8 12 360
25 84 48 66 7 0 1 0.00 M M 5.8 10 280 M M 0 8 18 340
26 88 48 68 9 0 3 0.00 M M 6.3 12 30 M M 0 17 50
27 84 50 67 9 0 2 0.00 M M 5.7 12 10 M M 0 13 190
28 76 50 63 5 2 0 T M M 5.0 14 180 M M 2 16 180
29 69 53 61 3 4 0 T M M 5.2 13 150 M M 6 18 220
30 74 51 63 6 2 0 0.00 M M 5.8 12 90 M M 4 128 15 150
================================================================================
SM 2448 1520 36 74 0.11 M 192.7 M 23
================================================================================
AV 81.6 50.7 6.4 FASTST M M 1 MAX(MPH)
MISC ----> 29 360 34 360
================================================================================
NOTES:
# LAST OF SEVERAL OCCURRENCES
COLUMN 17 PEAK WIND IN M.P.H.
PRELIMINARY LOCAL CLIMATOLOGICAL DATA (WS FORM: F-6) , PAGE 2
STATION: MOSES LAKE WA AIRPORT
MONTH: SEPTEMBER
YEAR: 2022
LATITUDE: 47 12 N
LONGITUDE: 119 19 W
[TEMPERATURE DATA] [PRECIPITATION DATA] SYMBOLS USED IN COLUMN 16
AVERAGE MONTHLY: 66.1 TOTAL FOR MONTH: 0.11 1 = FOG OR MIST
DPTR FM NORMAL: 3.3 DPTR FM NORMAL: -0.15 2 = FOG REDUCING VISIBILITY
HIGHEST: 98 ON 2 GRTST 24HR 0.10 ON 3- 3 TO 1/4 MILE OR LESS
LOWEST: 41 ON 17 3 = THUNDER
SNOW, ICE PELLETS, HAIL 4 = ICE PELLETS
TOTAL MONTH: M 5 = HAIL
GRTST 24HR M ON M 6 = FREEZING RAIN OR DRIZZLE
GRTST DEPTH: M ON M 7 = DUSTSTORM OR SANDSTORM:
VSBY 1/2 MILE OR LESS
8 = SMOKE OR HAZE
[NO. OF DAYS WITH] [WEATHER - DAYS WITH] 9 = BLOWING SNOW
X = TORNADO
MAX 32 OR BELOW: 0 0.01 INCH OR MORE: 2
MAX 90 OR ABOVE: 3 0.10 INCH OR MORE: 1
MIN 32 OR BELOW: 0 0.50 INCH OR MORE: 0
MIN 0 OR BELOW: 0 1.00 INCH OR MORE: 0
[HDD (BASE 65) ]
TOTAL THIS MO. 36 CLEAR (SCALE 0-3) 27
DPTR FM NORMAL -81 PTCLDY (SCALE 4-7) 3
TOTAL FM JUL 1 36 CLOUDY (SCALE 8-10) 0
DPTR FM NORMAL -97
[CDD (BASE 65) ]
TOTAL THIS MO. 74
DPTR FM NORMAL 21 [PRESSURE DATA]
TOTAL FM JAN 1 916 HIGHEST SLP M ON M
DPTR FM NORMAL 240 LOWEST SLP 29.71 ON 13
[REMARKS]
#FINAL-09-22#