000
CXUS56 KOTX 011010
CF6MWH
PRELIMINARY LOCAL CLIMATOLOGICAL DATA (WS FORM: F-6)
STATION: MOSES LAKE WA AIRPORT
MONTH: DECEMBER
YEAR: 2021
LATITUDE: 47 12 N
LONGITUDE: 119 19 W
TEMPERATURE IN F: :PCPN: SNOW: WIND :SUNSHINE: SKY :PK WND
================================================================================
1 2 3 4 5 6A 6B 7 8 9 10 11 12 13 14 15 16 17 18
12Z AVG MX 2MIN
DY MAX MIN AVG DEP HDD CDD WTR SNW DPTH SPD SPD DIR MIN PSBL S-S WX SPD DR
================================================================================
1 68 50 59 27 6 0 0.00 M M 12.7 25 250 M M 0 33 250
2 60 35 48 16 17 0 0.00 M M 10.3 26 260 M M 0 31 250
3 44 27 36 4 29 0 0.00 M M 6.5 13 360 M M 2 15 10
4 46 30 38 6 27 0 0.00 M M 4.7 13 130 M M 7 14 180
5 40 23 32 1 33 0 0.00 M M 4.2 13 330 M M 1 15 330
6 36 29 33 2 32 0 T M M 5.6 13 50 M M 10 15 50
7 35 31 33 2 32 0 0.00 M M 1.6 7 130 M M 10 1 8 10
8 48 27 38 7 27 0 0.00 M M 8.8 22 290 M M 3 12 27 280
9 39 27 33 2 32 0 0.00 M M 7.6 17 250 M M 1 21 250
10 44 19 32 2 33 0 0.00 M M 7.6 24 180 M M 3 32 190
11 52 37 45 15 20 0 0.00 M M 17.4 29 200 M M 3 39 210
12 45 26 36 6 29 0 0.00 M M 7.9 17 190 M M 2 23 200
13 45 29 37 7 28 0 0.04 M M 7.1 20 280 M M 8 25 270
14 40 25 33 3 32 0 0.00 M M 4.4 12 230 M M 4 12 14 230
15 38 20 29 -1 36 0 0.00 M M 5.4 10 60 M M 3 13 90
16 40 26 33 4 32 0 0.00 M M 4.9 14 10 M M 9 17 180
17 33 26 30 1 35 0 0.00 M M 5.5 10 70 M M 8 12 80
18 29 22 26 -3 39 0 0.09 M M 4.6 12 200 M M 9 16 13 350
19 30 16 23 -6 42 0 0.00 M M 8.4 16 340 M M 4 20 350
20 28 17 23 -6 42 0 0.01 M M 6.9 12 360 M M 9 1 14 360
21 27 13 20 -9 45 0 0.03 M M 4.1 12 10 M M 9 1 13 10
22 31 25 28 -1 37 0 0.04 M M 2.5 9 150 M M 10 12 10 150
23 42 26 34 5 31 0 0.00 M M 8.1 25 250 M M 5 12 33 240
24 40 27 34 5 31 0 0.03 M M 8.0 16 170 M M 4 20 190
25 39 24 32 3 33 0 0.00 M M 9.4 16 190 M M 4 22 190
26 25 11 18 -11 47 0 T M M 12.8 23 360 M M 7 27 360
27 14 5 10 -19 55 0 T M M 12.0 21 350 M M 6 24 340
28 17 6 12 -17 53 0 T M M 8.2 15 340 M M 7 17 340
29 19 11 15 -14 50 0 T M M 10.8 22 350 M M 6 8 25 360
30 18 7 13 -16 52 0 0.09 M M 9.0 21 360 M M 8 12 25 10
31 19 -12 4 -25 61 0 0.00 M M 7.5 20 10 M M 5 24 20
================================================================================
SM 1131 685 1098 0 0.33 M 234.5 M 167
================================================================================
AV 36.5 22.1 7.6 FASTST M M 5 MAX(MPH)
MISC ----> 29 200 39 210
================================================================================
NOTES:
# LAST OF SEVERAL OCCURRENCES
COLUMN 17 PEAK WIND IN M.P.H.
PRELIMINARY LOCAL CLIMATOLOGICAL DATA (WS FORM: F-6) , PAGE 2
STATION: MOSES LAKE WA AIRPORT
MONTH: DECEMBER
YEAR: 2021
LATITUDE: 47 12 N
LONGITUDE: 119 19 W
[TEMPERATURE DATA] [PRECIPITATION DATA] SYMBOLS USED IN COLUMN 16
AVERAGE MONTHLY: 29.3 TOTAL FOR MONTH: 0.33 1 = FOG OR MIST
DPTR FM NORMAL: -0.6 DPTR FM NORMAL: -0.78 2 = FOG REDUCING VISIBILITY
HIGHEST: 68 ON 1 GRTST 24HR 0.09 ON 18-18 TO 1/4 MILE OR LESS
LOWEST: -12 ON 31 3 = THUNDER
SNOW, ICE PELLETS, HAIL 4 = ICE PELLETS
TOTAL MONTH: M 5 = HAIL
GRTST 24HR M ON M 6 = FREEZING RAIN OR DRIZZLE
GRTST DEPTH: M ON M 7 = DUSTSTORM OR SANDSTORM:
VSBY 1/2 MILE OR LESS
8 = SMOKE OR HAZE
[NO. OF DAYS WITH] [WEATHER - DAYS WITH] 9 = BLOWING SNOW
X = TORNADO
MAX 32 OR BELOW: 11 0.01 INCH OR MORE: 7
MAX 90 OR ABOVE: 0 0.10 INCH OR MORE: 0
MIN 32 OR BELOW: 28 0.50 INCH OR MORE: 0
MIN 0 OR BELOW: 1 1.00 INCH OR MORE: 0
[HDD (BASE 65) ]
TOTAL THIS MO. 1098 CLEAR (SCALE 0-3) 8
DPTR FM NORMAL 8 PTCLDY (SCALE 4-7) 14
TOTAL FM JUL 1 2353 CLOUDY (SCALE 8-10) 9
DPTR FM NORMAL -160
[CDD (BASE 65) ]
TOTAL THIS MO. 0
DPTR FM NORMAL 0 [PRESSURE DATA]
TOTAL FM JAN 1 1050 HIGHEST SLP M ON M
DPTR FM NORMAL 373 LOWEST SLP 29.27 ON 24
[REMARKS]
#FINAL-12-21#