000
CXUS54 KFWD 010731
CF6MWL
PRELIMINARY LOCAL CLIMATOLOGICAL DATA (WS FORM: F-6)
STATION: MINERAL WELLS
MONTH: JULY
YEAR: 2023
LATITUDE: 32 46 N
LONGITUDE: 98 4 W
TEMPERATURE IN F: :PCPN: SNOW: WIND :SUNSHINE: SKY :PK WND
================================================================================
1 2 3 4 5 6A 6B 7 8 9 10 11 12 13 14 15 16 17 18
12Z AVG MX 2MIN
DY MAX MIN AVG DEP HDD CDD WTR SNW DPTH SPD SPD DIR MIN PSBL S-S WX SPD DR
================================================================================
1 85 70 78 -4 0 13 0.20 M M 6.3 25 280 M M 4 1 39 280
2 97 68 83 1 0 18 0.06 M M 4.3 15 210 M M 1 13 19 210
3 99 72 86 4 0 21 0.00 M M 8.2 21 70 M M 1 3 27 70
4 101 73 87 5 0 22 T M M 9.0 18 160 M M 1 3 28 150
5 101 73 87 4 0 22 0.00 M M 8.3 15 150 M M 0 21 110
6 96 70 83 0 0 18 0.16 M M 6.3 22 360 M M 2 13 31 10
7 97 74 86 3 0 21 0.00 M M 10.6 21 170 M M 1 30 190
8 98 76 87 4 0 22 T M M 6.8 13 200 M M 1 19 200
9 99 75 87 4 0 22 0.03 M M 8.6 22 330 M M 2 3 33 320
10 103 75 89 6 0 24 0.00 M M 6.6 23 130 M M 2 3 28 120
11 101 77 89 6 0 24 T M M 9.6 28 40 M M 0 38 40
12 109 77 93 10 0 28 0.00 M M 11.3 20 210 M M 0 29 200
13 109 83 96 12 0 31 0.00 M M 11.3 18 180 M M 0 31 220
14 108 84 96 12 0 31 0.00 M M 9.1 16 160 M M 0 25 170
15 97 80 89 5 0 24 0.08 M M 7.8 16 10 M M 1 3 22 360
16 97 77 87 3 0 22 T M M 8.0 24 310 M M 1 3 32 310
17 109 73 91 7 0 26 0.00 M M 8.4 17 220 M M 0 24 220
18 111 75 93 9 0 28 0.00 M M 10.8 21 170 M M 0 30 220
19 109 79 94 10 0 29 0.00 M M 10.2 21 210 M M 0 28 230
20 106 78 92 8 0 27 0.00 M M 7.7 15 200 M M 0 20 210
21 106 75 91 7 0 26 0.00 M M 8.7 21 30 M M 1 29 30
22 98 76 87 3 0 22 0.00 M M 7.7 15 10 M M 1 8 22 10
23 103 65 84 0 0 19 0.00 M M 4.6 16 110 M M 0 19 110
24 106 68 87 2 0 22 0.00 M M 6.7 16 130 M M 0 22 140
25 107 73 90 5 0 25 0.00 M M 8.7 21 160 M M 0 29 160
26 104 74 89 4 0 24 0.00 M M 9.6 20 140 M M 0 29 150
27 104 76 90 5 0 25 0.00 M M 8.8 20 140 M M 0 28 130
28 103 74 89 4 0 24 0.00 M M 9.0 20 130 M M 0 26 120
29 105 72 89 4 0 24 0.00 M M 7.6 15 120 M M 1 22 120
30 106 72 89 4 0 24 0.00 M M 6.0 15 110 M M 0 24 120
31 107 74 91 6 0 26 T M M 7.4 20 160 M M 0 27 150
================================================================================
SM 3181 2308 0 734 0.53 M 254.0 M 20
================================================================================
AV102.6 74.5 8.2 FASTST M M 1 MAX(MPH)
MISC ----> 28 40 39 280
================================================================================
NOTES:
# LAST OF SEVERAL OCCURRENCES
COLUMN 17 PEAK WIND IN M.P.H.
PRELIMINARY LOCAL CLIMATOLOGICAL DATA (WS FORM: F-6) , PAGE 2
STATION: MINERAL WELLS
MONTH: JULY
YEAR: 2023
LATITUDE: 32 46 N
LONGITUDE: 98 4 W
[TEMPERATURE DATA] [PRECIPITATION DATA] SYMBOLS USED IN COLUMN 16
AVERAGE MONTHLY: 88.5 TOTAL FOR MONTH: 0.53 1 = FOG OR MIST
DPTR FM NORMAL: 4.7 DPTR FM NORMAL: -1.60 2 = FOG REDUCING VISIBILITY
HIGHEST: 111 ON 18 GRTST 24HR 0.20 ON 1- 1 TO 1/4 MILE OR LESS
LOWEST: 65 ON 23 3 = THUNDER
SNOW, ICE PELLETS, HAIL 4 = ICE PELLETS
TOTAL MONTH: M 5 = HAIL
GRTST 24HR M ON M 6 = FREEZING RAIN OR DRIZZLE
GRTST DEPTH: M ON M 7 = DUSTSTORM OR SANDSTORM:
VSBY 1/2 MILE OR LESS
8 = SMOKE OR HAZE
[NO. OF DAYS WITH] [WEATHER - DAYS WITH] 9 = BLOWING SNOW
X = TORNADO
MAX 32 OR BELOW: 0 0.01 INCH OR MORE: 5
MAX 90 OR ABOVE: 30 0.10 INCH OR MORE: 2
MIN 32 OR BELOW: 0 0.50 INCH OR MORE: 0
MIN 0 OR BELOW: 0 1.00 INCH OR MORE: 0
[HDD (BASE 65) ]
TOTAL THIS MO. 0 CLEAR (SCALE 0-3) 30
DPTR FM NORMAL 0 PTCLDY (SCALE 4-7) 1
TOTAL FM JUL 1 0 CLOUDY (SCALE 8-10) 0
DPTR FM NORMAL 0
[CDD (BASE 65) ]
TOTAL THIS MO. 734
DPTR FM NORMAL 153 [PRESSURE DATA]
TOTAL FM JAN 1 1713 HIGHEST SLP M ON M
DPTR FM NORMAL 289 LOWEST SLP 29.66 ON 13
[REMARKS]
#FINAL-07-23#