000
CXUS54 KLZK 011230
CF6MWT
PRELIMINARY LOCAL CLIMATOLOGICAL DATA (WS FORM: F-6)
STATION: MOUNT IDA
MONTH: APRIL
YEAR: 2023
LATITUDE: 34 32 N
LONGITUDE: 93 35 W
TEMPERATURE IN F: :PCPN: SNOW: WIND :SUNSHINE: SKY :PK WND
================================================================================
1 2 3 4 5 6A 6B 7 8 9 10 11 12 13 14 15 16 17 18
12Z AVG MX 2MIN
DY MAX MIN AVG DEP HDD CDD WTR SNW DPTH SPD SPD DIR MIN PSBL S-S WX SPD DR
================================================================================
1 70 44 57 -1 8 0 0.00 0.0 0 4.6 16 310 M M 0 26 290
2 79 38 59 1 6 0 0.24 0.0 0 4.0 13 150 M M 3 1 21 140
3 83 59 71 13 0 6 0.00 0.0 M 4.1 12 170 M M 7 1 20 180
4 84 71 78 19 0 13 0.04 0.0 0 6.9 17 160 M M 6 35 130
5 76 49 63 4 2 0 0.70 0.0 0 4.8 16 180 M M 5 1 30 150
6 58 50 54 -5 11 0 0.00 0.0 0 2.0 9 80 M M 5 15 30
7 65 48 57 -2 8 0 0.00 0.0 0 3.7 10 100 M M 3 16 70
8 73 42 58 -2 7 0 0.00 0.0 M 0.9 9 110 M M 0 13 110
9 69 43 56 -4 9 0 0.00 0.0 M 1.0 7 40 M M 4 10 10
10 74 48 61 1 4 0 0.00 0.0 M 1.7 9 120 M M 4 13 180
11 76 46 61 1 4 0 0.00 0.0 M 1.5 9 110 M M 1 18 14 120
12 78 43 61 0 4 0 0.00 0.0 M 1.2 10 120 M M 0 15 110
13 78 52 65 4 0 0 0.00 0.0 M 0.4 8 140 M M 1 18 12 130
14 81 49 65 4 0 0 0.00 0.0 M 2.8 10 130 M M 0 18 18 110
15 85 53 69 8 0 4 0.01 0.0 M 6.2 20 300 M M 7 31 280
16 68 41 55 -7 10 0 0.00 0.0 M 5.0 16 290 M M 1 29 300
17 78 36 57 -5 8 0 0.00 0.0 0 0.8 6 300 M M 0 M M
18 78 53 66 4 0 1 M 0.0 M 1.9 8 180 M M 0 M M
19 82 62 72 10 0 7 0.00 0.0 0 6.0 15 140 M M 5 25 160
20 75 62 69 7 0 4 0.73 0.0 0 4.2 12 110 M M 8 1 20 170
21 72 47 60 -3 5 0 0.12 0.0 0 1.3 6 99 M M 5 1 M M
22 71 40 56 -7 9 0 0.02 0.0 0 2.7 10 280 M M 3 16 290
23 65 41 53 -10 12 0 0.13 0.0 0 1.6 7 110 M M 9 M M
24 69 37 53 -11 12 0 0.01 0.0 0 2.0 12 110 M M 4 12 16 120
25 53 48 51 -13 14 0 1.30 0.0 0 1.2 8 110 M M 10 1 11 120
26 57 50 54 -10 11 0 0.76 0.0 0 1.8 10 100 M M 10 1 17 100
27 69 53 61 -3 4 0 0.11 0.0 0 1.4 8 300 M M 8 1 12 310
28 70 49 60 -4 5 0 0.47 0.0 0 1.4 9 100 M M 6 1 15 80
29 67 48 58 -7 7 0 0.91 0.0 0 3.1 13 290 M M 7 1 19 300
30 73 45 59 -6 6 0 0.00 0.0 0 3.8 15 290 M M 0 27 280
================================================================================
SM 2176 1447 166 35 5.55 0.0 84.0 M 122
================================================================================
AV 72.5 48.2 2.8 FASTST M M 4 MAX(MPH)
MISC ----> 20 300 35 130
================================================================================
NOTES:
# LAST OF SEVERAL OCCURRENCES
COLUMN 17 PEAK WIND IN M.P.H.
PRELIMINARY LOCAL CLIMATOLOGICAL DATA (WS FORM: F-6) , PAGE 2
STATION: MOUNT IDA
MONTH: APRIL
YEAR: 2023
LATITUDE: 34 32 N
LONGITUDE: 93 35 W
[TEMPERATURE DATA] [PRECIPITATION DATA] SYMBOLS USED IN COLUMN 16
AVERAGE MONTHLY: 60.4 TOTAL FOR MONTH: 5.55 1 = FOG OR MIST
DPTR FM NORMAL: -1.1 DPTR FM NORMAL: -0.62 2 = FOG REDUCING VISIBILITY
HIGHEST: 85 ON 15 GRTST 24HR 1.73 ON 25-26 TO 1/4 MILE OR LESS
LOWEST: 36 ON 17 3 = THUNDER
SNOW, ICE PELLETS, HAIL 4 = ICE PELLETS
TOTAL MONTH: 0.0 INCH 5 = HAIL
GRTST 24HR 0.0 6 = FREEZING RAIN OR DRIZZLE
GRTST DEPTH: 0 7 = DUSTSTORM OR SANDSTORM:
VSBY 1/2 MILE OR LESS
8 = SMOKE OR HAZE
[NO. OF DAYS WITH] [WEATHER - DAYS WITH] 9 = BLOWING SNOW
X = TORNADO
MAX 32 OR BELOW: 0 0.01 INCH OR MORE: 14
MAX 90 OR ABOVE: 0 0.10 INCH OR MORE: 10
MIN 32 OR BELOW: 0 0.50 INCH OR MORE: 5
MIN 0 OR BELOW: 0 1.00 INCH OR MORE: 1
[HDD (BASE 65) ]
TOTAL THIS MO. 166 CLEAR (SCALE 0-3) 12
DPTR FM NORMAL 9 PTCLDY (SCALE 4-7) 14
TOTAL FM JUL 1 2684 CLOUDY (SCALE 8-10) 4
DPTR FM NORMAL -367
[CDD (BASE 65) ]
TOTAL THIS MO. 35
DPTR FM NORMAL -15 [PRESSURE DATA]
TOTAL FM JAN 1 61 HIGHEST SLP 30.34 ON 7
DPTR FM NORMAL -8 LOWEST SLP 29.54 ON 4
[REMARKS]
#FINAL-04-23#