000
CXUS55 KBOI 011002
CF6MYL
PRELIMINARY LOCAL CLIMATOLOGICAL DATA (WS FORM: F-6)
STATION: MCCALL ID
MONTH: FEBRUARY
YEAR: 2022
LATITUDE: 44 52 N
LONGITUDE: 116 6 W
TEMPERATURE IN F: :PCPN: SNOW: WIND :SUNSHINE: SKY :PK WND
================================================================================
1 2 3 4 5 6A 6B 7 8 9 10 11 12 13 14 15 16 17 18
12Z AVG MX 2MIN
DY MAX MIN AVG DEP HDD CDD WTR SNW DPTH SPD SPD DIR MIN PSBL S-S WX SPD DR
================================================================================
1 M M M M M M 0.00 M M M M M M M M M M
2 18 -1 9 -14 56 0 0.01 M M 2.5 8 190 M M 7 18 9 330
3 27 11 19 -4 46 0 0.02 M M 1.3 7 210 M M 9 18 9 210
4 30 2 16 -7 49 0 0.00 M M 1.2 7 340 M M 5 18 8 340
5 36 10 23 0 42 0 0.00 M M 3.0 10 290 M M 3 1 13 280
6 37 3 20 -3 45 0 0.00 M M 1.8 7 50 M M 0 18 7 180
7 36 3 20 -4 45 0 0.00 M M 2.0 9 310 M M 0 18 12 310
8 34 3 19 -5 46 0 0.00 M M 1.6 7 190 M M 2 8 340
9 43 20 32 8 33 0 0.00 M M 2.2 7 50 M M 7 1 8 190
10 43 18 31 7 34 0 0.00 M M 1.2 7 350 M M 4 128 10 350
11 43 14 29 5 36 0 0.00 M M 2.8 14 30 M M 0 128 18 30
12 40 6 23 -1 42 0 0.00 M M 1.5 7 190 M M 0 9 190
13 42 3 23 -1 42 0 0.00 M M 1.9 7 270 M M 0 8 270
14 44 18 31 6 34 0 0.21 M M 3.1 15 170 M M 7 12 20 160
15 36 15 26 1 39 0 0.00 M M 5.8 15 10 M M 6 22 10
16 34 15 25 0 40 0 0.14 M M 4.3 18 10 M M 9 1 26 10
17 34 1 18 -7 47 0 0.00 M M 1.6 7 340 M M 2 9 20
18 40 7 24 -1 41 0 0.00 M M 0.5 6 60 M M 1 18 7 340
19 45 8 27 1 38 0 0.00 M M 2.3 17 180 M M 1 18 21 190
20 34 20 27 1 38 0 0.05 M M 4.5 15 250 M M 9 18 21 240
21 28 6 17 -9 48 0 0.04 M M 2.2 10 340 M M 8 18 13 290
22 21 -3 9 -17 56 0 0.04 M M 4.4 13 270 M M 3 1 17 280
23 20 -8 6 -20 59 0 0.00 M M 6.0 16 360 M M 0 24 360
24 19 -3 8 -19 57 0 0.09 M M 3.1 13 280 M M 8 18 18 290
25 22 -9 7 -20 58 0 0.00 M M 2.3 8 300 M M 0 10 310
26 28 -11 9 -18 56 0 0.00 M M 1.9 7 340 M M 0 8 280
27 31 -1 15 -13 50 0 0.19 M M 0.6 8 340 M M 8 18 11 340
28 39 27 33 5 32 0 0.40 M M 4.3 17 180 M M 10 1 24 180
================================================================================
SM 904 174 1209 0 1.19 M 69.9 M 109
================================================================================
AV 33.5 6.4 2.6 FASTST M M 4 MAX(MPH)
MISC ----> 18 10 26 10
================================================================================
NOTES:
# LAST OF SEVERAL OCCURRENCES
COLUMN 17 PEAK WIND IN M.P.H.
PRELIMINARY LOCAL CLIMATOLOGICAL DATA (WS FORM: F-6) , PAGE 2
STATION: MCCALL ID
MONTH: FEBRUARY
YEAR: 2022
LATITUDE: 44 52 N
LONGITUDE: 116 6 W
[TEMPERATURE DATA] [PRECIPITATION DATA] SYMBOLS USED IN COLUMN 16
AVERAGE MONTHLY: 20.0 TOTAL FOR MONTH: 1.19 1 = FOG OR MIST
DPTR FM NORMAL: -4.9 DPTR FM NORMAL: -1.13 2 = FOG REDUCING VISIBILITY
HIGHEST: 45 ON 19 GRTST 24HR 0.40 ON 28-28 TO 1/4 MILE OR LESS
LOWEST: -11 ON 26 3 = THUNDER
SNOW, ICE PELLETS, HAIL 4 = ICE PELLETS
TOTAL MONTH: M 5 = HAIL
GRTST 24HR M ON M 6 = FREEZING RAIN OR DRIZZLE
GRTST DEPTH: M ON M 7 = DUSTSTORM OR SANDSTORM:
VSBY 1/2 MILE OR LESS
8 = SMOKE OR HAZE
[NO. OF DAYS WITH] [WEATHER - DAYS WITH] 9 = BLOWING SNOW
X = TORNADO
MAX 32 OR BELOW: 10 0.01 INCH OR MORE: 10
MAX 90 OR ABOVE: 0 0.10 INCH OR MORE: 4
MIN 32 OR BELOW: 27 0.50 INCH OR MORE: 0
MIN 0 OR BELOW: 7 1.00 INCH OR MORE: 0
[HDD (BASE 65) ]
TOTAL THIS MO. 1209 CLEAR (SCALE 0-3) 12
DPTR FM NORMAL 86 PTCLDY (SCALE 4-7) 11
TOTAL FM JUL 1 5899 CLOUDY (SCALE 8-10) 5
DPTR FM NORMAL -131
[CDD (BASE 65) ]
TOTAL THIS MO. 0
DPTR FM NORMAL 0 [PRESSURE DATA]
TOTAL FM JAN 1 0 HIGHEST SLP 30.72 ON 6
DPTR FM NORMAL 0 LOWEST SLP 29.73 ON 21
[REMARKS]
#FINAL-02-22#