000
CXUS56 KSTO 080003
CF6MYV
PRELIMINARY LOCAL CLIMATOLOGICAL DATA (WS FORM: F-6)
STATION: MARYSVILLE
MONTH: JUNE
YEAR: 2021
LATITUDE: 39 6 N
LONGITUDE: 121-34 E
TEMPERATURE IN F: :PCPN: SNOW: WIND :SUNSHINE: SKY :PK WND
================================================================================
1 2 3 4 5 6A 6B 7 8 9 10 11 12 13 14 15 16 17 18
12Z AVG MX 2MIN
DY MAX MIN AVG DEP HDD CDD WTR SNW DPTH SPD SPD DIR MIN PSBL S-S WX SPD DR
================================================================================
1 103 66 85 14 0 20 0.00 0.0 M 7.9 15 160 M M 0 20 160
2 97 64 81 10 0 16 0.00 0.0 M 8.6 14 140 M M 0 18 160
3 100 60 80 9 0 15 0.00 0.0 M 5.8 13 190 M M 0 16 140
4 98 61 80 9 0 15 0.00 M M 7.7 17 180 M M 0 21 180
5 93 58 76 4 0 11 0.00 M M 6.4 13 140 M M 0 17 170
6 94 60 77 5 0 12 0.00 0.0 M 8.5 18 160 M M 0 24 150
7 86 57 72 0 0 7 0.00 0.0 M 13.3 26 160 M M 0 33 150
8 78 53 66 -6 0 1 0.00 0.0 M 14.3 22 150 M M 0 31 150
9 77 53 65 -7 0 0 T M M 11.1 23 190 M M 1 3 30 190
10 77 50 64 -9 1 0 0.00 M M 5.7 14 140 M M 0 19 140
11 84 54 69 -4 0 4 0.00 0.0 M 9.3 14 160 M M 0 19 190
12 93 61 77 4 0 12 0.00 0.0 M 6.0 14 150 M M 0 16 150
13 94 62 78 5 0 13 0.00 0.0 M 11.3 17 200 M M 0 22 230
14 89 61 75 1 0 10 0.00 0.0 M 10.5 17 180 M M 1 21 190
15 92 57 75 1 0 10 0.00 0.0 M 6.4 14 330 M M 0 17 150
16 100 54 77 3 0 12 0.00 M M 3.2 9 300 M M 0 13 230
17 109 58 84 10 0 19 0.00 M M 3.8 12 340 M M 0 15 320
18 110 66 88 13 0 23 0.00 0.0 M 5.1 13 150 M M 0 17 150
19 105 67 86 11 0 21 0.00 0.0 M 5.3 12 150 M M 0 M M
20 104 67 86 11 0 21 0.00 0.0 M 9.0 13 150 M M 0 M M
21 96 64 80 5 0 15 0.00 0.0 M 10.4 16 160 M M 0 20 160
22 90 60 75 -1 0 10 0.00 M M 10.8 17 150 M M 0 22 150
23 91 62 77 1 0 12 0.00 M M 9.8 13 140 M M 0 M M
24 89 57 73 -3 0 8 0.00 M M 7.4 9 170 M M 0 M M
25 95 60 78 2 0 13 0.00 0.0 M 8.1 14 170 M M 0 3 18 170
26 101 61 81 5 0 16 0.00 0.0 M 5.8 12 170 M M 0 15 160
27 99 65 82 5 0 17 0.00 0.0 M 8.2 14 160 M M 0 19 220
28 100 63 82 5 0 17 0.00 0.0 M 9.1 16 160 M M 0 20 160
29 100 63 82 5 0 17 0.00 M M 6.4 14 190 M M 0 17 190
30 96 63 80 3 0 15 0.00 M M 8.8 20 170 M M 0 26 170
================================================================================
SM 2840 1807 1 382 T 0.0 244.0 M 2
================================================================================
AV 94.7 60.2 8.1 FASTST M M 0 MAX(MPH)
MISC ----> 26 160 33 150
================================================================================
NOTES:
# LAST OF SEVERAL OCCURRENCES
COLUMN 17 PEAK WIND IN M.P.H.
PRELIMINARY LOCAL CLIMATOLOGICAL DATA (WS FORM: F-6) , PAGE 2
STATION: MARYSVILLE
MONTH: JUNE
YEAR: 2021
LATITUDE: 39 6 N
LONGITUDE: 121-34 E
[TEMPERATURE DATA] [PRECIPITATION DATA] SYMBOLS USED IN COLUMN 16
AVERAGE MONTHLY: 77.5 TOTAL FOR MONTH: T 1 = FOG OR MIST
DPTR FM NORMAL: 3.4 DPTR FM NORMAL: -0.28 2 = FOG REDUCING VISIBILITY
HIGHEST: 110 ON 18 GRTST 24HR T ON 7- 7 TO 1/4 MILE OR LESS
LOWEST: 50 ON 10 3 = THUNDER
SNOW, ICE PELLETS, HAIL 4 = ICE PELLETS
TOTAL MONTH: 0.0 INCH 5 = HAIL
GRTST 24HR 0.0 6 = FREEZING RAIN OR DRIZZLE
GRTST DEPTH: M ON M 7 = DUSTSTORM OR SANDSTORM:
VSBY 1/2 MILE OR LESS
8 = SMOKE OR HAZE
[NO. OF DAYS WITH] [WEATHER - DAYS WITH] 9 = BLOWING SNOW
X = TORNADO
MAX 32 OR BELOW: 0 0.01 INCH OR MORE: 0
MAX 90 OR ABOVE: 23 0.10 INCH OR MORE: 0
MIN 32 OR BELOW: 0 0.50 INCH OR MORE: 0
MIN 0 OR BELOW: 0 1.00 INCH OR MORE: 0
[HDD (BASE 65) ]
TOTAL THIS MO. 1 CLEAR (SCALE 0-3) 30
DPTR FM NORMAL -5 PTCLDY (SCALE 4-7) 0
TOTAL FM JUL 1 2295 CLOUDY (SCALE 8-10) 0
DPTR FM NORMAL -252
[CDD (BASE 65) ]
TOTAL THIS MO. 382
DPTR FM NORMAL 106 [PRESSURE DATA]
TOTAL FM JAN 1 594 HIGHEST SLP 30.26 ON 10
DPTR FM NORMAL 182 LOWEST SLP 29.58 ON 18
[REMARKS]
#FINAL-06-21#