000
CXUS53 KBIS 010830
CF6N60
PRELIMINARY LOCAL CLIMATOLOGICAL DATA (WS FORM: F-6)
STATION: GARRISON (AMOS) ND
MONTH: MARCH
YEAR: 2023
LATITUDE: 47 39 N
LONGITUDE: 101 23 W
TEMPERATURE IN F: :PCPN: SNOW: WIND :SUNSHINE: SKY :PK WND
================================================================================
1 2 3 4 5 6A 6B 7 8 9 10 11 12 13 14 15 16 17 18
12Z AVG MX 2MIN
DY MAX MIN AVG DEP HDD CDD WTR SNW DPTH SPD SPD DIR MIN PSBL S-S WX SPD DR
================================================================================
1 15 -3 6 -14 59 0 0.12 M M 9.2 17 60 M M 0 30 40
2 30 2 16 -4 49 0 0.01 M M 11.4 21 200 M M 0 24 190
3 36 19 28 7 37 0 0.00 M M 12.9 21 300 M M 0 28 270
4 32 8 20 -1 45 0 0.00 M M 5.1 16 300 M M 0 22 290
5 26 6 16 -6 49 0 0.18 M M 8.6 16 40 M M 0 28 60
6 17 1 9 -13 56 0 0.00 M M 7.6 15 60 M M 0 24 50
7 9 1 5 -18 60 0 0.12 M M 14.2 22 80 M M 0 27 80
8 16 6 11 -12 54 0 M M M 7.0 12 70 M M 0 16 70
9 20 11 16 -8 49 0 0.09 M M 9.8 16 60 M M 0 28 40
10 26 12 19 -5 46 0 0.04 M M 17.9 37 110 M M 0 46 110
11 27 13 20 -5 45 0 0.18 M M 20.8 35 110 M M 0 44 110
12 17 -7 5 -20 60 0 M M M 13.2 23 340 M M 0 29 340
13 19 -14 3 -23 62 0 0.00 M M 7.2 22 160 M M 0 27 160
14 40 8 24 -2 41 0 0.00 M M 9.3 21 170 M M 0 24 170
15 27 19 23 -4 42 0 0.06 M M 11.1 23 340 M M 0 37 40
16 26 11 19 -8 46 0 0.00 M M 17.5 23 340 M M 0 30 340
17 14 -3 6 -22 59 0 M M M 21.3 31 330 M M 0 38 320
18 17 -9 4 -24 61 0 0.00 M M 8.5 13 250 M M 0 15 250
19 27 1 14 -15 51 0 0.00 M M 7.9 18 310 M M 0 22 350
20 17 0 9 -20 56 0 0.00 M M 8.5 15 90 M M 0 19 90
21 22 6 14 -16 51 0 0.04 M M 7.8 13 40 M M 0 21 70
22 24 -2 11 -19 54 0 0.01 M M 3.6 12 300 M M 0 15 300
23 26 -7 10 -20 55 0 0.00 M M 4.1 13 200 M M 0 14 200
24 34 8 21 -10 44 0 0.00 M M 4.8 12 340 M M 0 15 340
25 26 3 15 -16 50 0 0.00 M M 7.0 13 350 M M 0 16 340
26 25 -3 11 -21 54 0 0.00 M M 4.9 13 300 M M 0 17 300
27 21 10 16 -16 49 0 0.03 M M 7.1 15 340 M M 0 18 340
28 18 -9 5 -28 60 0 0.16 M M 10.3 22 340 M M 0 28 350
29 20 -17 2 -31 63 0 0.00 M M 3.7 15 200 M M 0 18 200
30 28 -1 14 -20 51 0 0.01 M M 6.5 15 80 M M 0 20 70
31 30 4 17 -17 48 0 0.01 M M 9.3 16 20 M M 0 25 20
================================================================================
SM 732 74 1606 0 1.06 M 298.1 M 0
================================================================================
AV 23.6 2.4 9.6 FASTST M M 0 MAX(MPH)
MISC ----> 37 110 46 110
================================================================================
NOTES:
# LAST OF SEVERAL OCCURRENCES
COLUMN 17 PEAK WIND IN M.P.H.
PRELIMINARY LOCAL CLIMATOLOGICAL DATA (WS FORM: F-6) , PAGE 2
STATION: GARRISON (AMOS) ND
MONTH: MARCH
YEAR: 2023
LATITUDE: 47 39 N
LONGITUDE: 101 23 W
[TEMPERATURE DATA] [PRECIPITATION DATA] SYMBOLS USED IN COLUMN 16
AVERAGE MONTHLY: 13.0 TOTAL FOR MONTH: 1.06 1 = FOG OR MIST
DPTR FM NORMAL: -14.1 DPTR FM NORMAL: 0.37 2 = FOG REDUCING VISIBILITY
HIGHEST: 40 ON 14 GRTST 24HR 0.28 ON 28- 1 TO 1/4 MILE OR LESS
LOWEST: -17 ON 29 3 = THUNDER
SNOW, ICE PELLETS, HAIL 4 = ICE PELLETS
TOTAL MONTH: M 5 = HAIL
GRTST 24HR M ON M 6 = FREEZING RAIN OR DRIZZLE
GRTST DEPTH: M ON M 7 = DUSTSTORM OR SANDSTORM:
VSBY 1/2 MILE OR LESS
8 = SMOKE OR HAZE
[NO. OF DAYS WITH] [WEATHER - DAYS WITH] 9 = BLOWING SNOW
X = TORNADO
MAX 32 OR BELOW: 28 0.01 INCH OR MORE: 14
MAX 90 OR ABOVE: 0 0.10 INCH OR MORE: 5
MIN 32 OR BELOW: 31 0.50 INCH OR MORE: 0
MIN 0 OR BELOW: 12 1.00 INCH OR MORE: 0
[HDD (BASE 65) ]
TOTAL THIS MO. 1606 CLEAR (SCALE 0-3) 31
DPTR FM NORMAL 430 PTCLDY (SCALE 4-7) 0
TOTAL FM JUL 1 8397 CLOUDY (SCALE 8-10) 0
DPTR FM NORMAL 535
[CDD (BASE 65) ]
TOTAL THIS MO. 0
DPTR FM NORMAL 0 [PRESSURE DATA]
TOTAL FM JAN 1 0 HIGHEST SLP 30.69 ON 6
DPTR FM NORMAL 0 LOWEST SLP 29.56 ON 3
[REMARKS]
#FINAL-03-23#